{"version":"1.0","provider_name":"Le Blog GERESO","provider_url":"https:\/\/www.gereso.com\/actualites","author_name":"\u00c9quipe GERESO","author_url":"https:\/\/www.gereso.com\/actualites\/author\/gereso\/","title":"Peut-on pr\u00e9venir le cancer par l&#039;alimentation&nbsp;? - Le Blog GERESO","type":"rich","width":600,"height":338,"html":"<blockquote class=\"wp-embedded-content\" data-secret=\"dEgzmTG4T5\"><a href=\"https:\/\/www.gereso.com\/actualites\/2009\/03\/17\/peut-on-prevenir-le-cancer-par-lalimentation\/\">Peut-on pr\u00e9venir le cancer par l&#039;alimentation&nbsp;?<\/a><\/blockquote><iframe sandbox=\"allow-scripts\" security=\"restricted\" src=\"https:\/\/www.gereso.com\/actualites\/2009\/03\/17\/peut-on-prevenir-le-cancer-par-lalimentation\/embed\/#?secret=dEgzmTG4T5\" width=\"600\" height=\"338\" title=\"\u00ab\u00a0Peut-on pr\u00e9venir le cancer par l&#039;alimentation&nbsp;?\u00a0\u00bb &#8212; Le Blog GERESO\" data-secret=\"dEgzmTG4T5\" frameborder=\"0\" marginwidth=\"0\" marginheight=\"0\" scrolling=\"no\" class=\"wp-embedded-content\"><\/iframe><script type=\"text\/javascript\">\n\/* <![CDATA[ *\/\n\/*! This file is auto-generated *\/\n!function(d,l){\"use strict\";l.querySelector&&d.addEventListener&&\"undefined\"!=typeof URL&&(d.wp=d.wp||{},d.wp.receiveEmbedMessage||(d.wp.receiveEmbedMessage=function(e){var t=e.data;if((t||t.secret||t.message||t.value)&&!\/[^a-zA-Z0-9]\/.test(t.secret)){for(var s,r,n,a=l.querySelectorAll('iframe[data-secret=\"'+t.secret+'\"]'),o=l.querySelectorAll('blockquote[data-secret=\"'+t.secret+'\"]'),c=new RegExp(\"^https?:$\",\"i\"),i=0;i<o.length;i++)o[i].style.display=\"none\";for(i=0;i<a.length;i++)s=a[i],e.source===s.contentWindow&&(s.removeAttribute(\"style\"),\"height\"===t.message?(1e3<(r=parseInt(t.value,10))?r=1e3:~~r<200&&(r=200),s.height=r):\"link\"===t.message&&(r=new URL(s.getAttribute(\"src\")),n=new URL(t.value),c.test(n.protocol))&&n.host===r.host&&l.activeElement===s&&(d.top.location.href=t.value))}},d.addEventListener(\"message\",d.wp.receiveEmbedMessage,!1),l.addEventListener(\"DOMContentLoaded\",function(){for(var e,t,s=l.querySelectorAll(\"iframe.wp-embedded-content\"),r=0;r<s.length;r++)(t=(e=s[r]).getAttribute(\"data-secret\"))||(t=Math.random().toString(36).substring(2,12),e.src+=\"#?secret=\"+t,e.setAttribute(\"data-secret\",t)),e.contentWindow.postMessage({message:\"ready\",secret:t},\"*\")},!1)))}(window,document);\n\/\/# sourceURL=https:\/\/www.gereso.com\/actualites\/wp-includes\/js\/wp-embed.min.js\n\/* ]]> *\/\n<\/script>\n","description":"Fabienne Souvre, di\u00e9t\u00e9ticienne et formatrice pour C3S, nous fait partager les avanc\u00e9es les plus r\u00e9centes en mati\u00e8re de recherche sur les liens entre nutrition et cancer. Les fruits et l\u00e9gumes prot\u00e8gent-ils contre les cancers&nbsp;? Oui. Des \u00e9tudes suffisamment convaincantes justifient les recommandations nutritionnelles dans les cas des cancers des voies a\u00e9ro-digestives sup\u00e9rieures (larynx,&nbsp;?sophage), de l&rsquo;estomac, [&hellip;]"}

Équipe GERESO

Peut-on prévenir le cancer par l&#039;alimentation&nbsp;? - Le Blog GERESO

<blockquote class="wp-embedded-content" data-secret="dEgzmTG4T5"><a href="https://www.gereso.com/actualites/2009/03/17/peut-on-prevenir-le-cancer-par-lalimentation/">Peut-on prévenir le cancer par l&#039;alimentation&nbsp;?</a></blockquote><iframe sandbox="allow-scripts" security="restricted" src="https://www.gereso.com/actualites/2009/03/17/peut-on-prevenir-le-cancer-par-lalimentation/embed/#?secret=dEgzmTG4T5" width="600" height="338" title="« Peut-on prévenir le cancer par l&#039;alimentation&nbsp;? » &#8212; Le Blog GERESO" data-secret="dEgzmTG4T5" frameborder="0" marginwidth="0" marginheight="0" scrolling="no" class="wp-embedded-content"></iframe><script type="text/javascript">
/* <![CDATA[ */
/*! This file is auto-generated */
!function(d,l){"use strict";l.querySelector&&d.addEventListener&&"undefined"!=typeof URL&&(d.wp=d.wp||{},d.wp.receiveEmbedMessage||(d.wp.receiveEmbedMessage=function(e){var t=e.data;if((t||t.secret||t.message||t.value)&&!/[^a-zA-Z0-9]/.test(t.secret)){for(var s,r,n,a=l.querySelectorAll('iframe[data-secret="'+t.secret+'"]'),o=l.querySelectorAll('blockquote[data-secret="'+t.secret+'"]'),c=new RegExp("^https?:$","i"),i=0;i<o.length;i++)o[i].style.display="none";for(i=0;i<a.length;i++)s=a[i],e.source===s.contentWindow&&(s.removeAttribute("style"),"height"===t.message?(1e3<(r=parseInt(t.value,10))?r=1e3:~~r<200&&(r=200),s.height=r):"link"===t.message&&(r=new URL(s.getAttribute("src")),n=new URL(t.value),c.test(n.protocol))&&n.host===r.host&&l.activeElement===s&&(d.top.location.href=t.value))}},d.addEventListener("message",d.wp.receiveEmbedMessage,!1),l.addEventListener("DOMContentLoaded",function(){for(var e,t,s=l.querySelectorAll("iframe.wp-embedded-content"),r=0;r<s.length;r++)(t=(e=s[r]).getAttribute("data-secret"))||(t=Math.random().toString(36).substring(2,12),e.src+="#?secret="+t,e.setAttribute("data-secret",t)),e.contentWindow.postMessage({message:"ready",secret:t},"*")},!1)))}(window,document);
//# sourceURL=https://www.gereso.com/actualites/wp-includes/js/wp-embed.min.js
/* ]]> */
</script>

Fabienne Souvre, diététicienne et formatrice pour C3S, nous fait partager les avancées les plus récentes en matière de recherche sur les liens entre nutrition et cancer. Les fruits et légumes protègent-ils contre les cancers&nbsp;? Oui. Des études suffisamment convaincantes justifient les recommandations nutritionnelles dans les cas des cancers des voies aéro-digestives supérieures (larynx,&nbsp;?sophage), de l&rsquo;estomac, [&hellip;]
