{"version":"1.0","provider_name":"Le Blog GERESO","provider_url":"https:\/\/www.gereso.com\/actualites","author_name":"\u00c9quipe GERESO","author_url":"https:\/\/www.gereso.com\/actualites\/author\/gereso\/","title":"Taxe professionnelle : d\u00e9claration avant le 5 mai - Le Blog GERESO","type":"rich","width":600,"height":338,"html":"<blockquote class=\"wp-embedded-content\" data-secret=\"0cuCUZJsuA\"><a href=\"https:\/\/www.gereso.com\/actualites\/2009\/04\/27\/taxe-professionnelle-declaration-avant-le-5-mai\/\">Taxe professionnelle : d\u00e9claration avant le 5 mai<\/a><\/blockquote><iframe sandbox=\"allow-scripts\" security=\"restricted\" src=\"https:\/\/www.gereso.com\/actualites\/2009\/04\/27\/taxe-professionnelle-declaration-avant-le-5-mai\/embed\/#?secret=0cuCUZJsuA\" width=\"600\" height=\"338\" title=\"\u00ab\u00a0Taxe professionnelle : d\u00e9claration avant le 5 mai\u00a0\u00bb &#8212; Le Blog GERESO\" data-secret=\"0cuCUZJsuA\" frameborder=\"0\" marginwidth=\"0\" marginheight=\"0\" scrolling=\"no\" class=\"wp-embedded-content\"><\/iframe><script type=\"text\/javascript\">\n\/* <![CDATA[ *\/\n\/*! This file is auto-generated *\/\n!function(d,l){\"use strict\";l.querySelector&&d.addEventListener&&\"undefined\"!=typeof URL&&(d.wp=d.wp||{},d.wp.receiveEmbedMessage||(d.wp.receiveEmbedMessage=function(e){var t=e.data;if((t||t.secret||t.message||t.value)&&!\/[^a-zA-Z0-9]\/.test(t.secret)){for(var s,r,n,a=l.querySelectorAll('iframe[data-secret=\"'+t.secret+'\"]'),o=l.querySelectorAll('blockquote[data-secret=\"'+t.secret+'\"]'),c=new RegExp(\"^https?:$\",\"i\"),i=0;i<o.length;i++)o[i].style.display=\"none\";for(i=0;i<a.length;i++)s=a[i],e.source===s.contentWindow&&(s.removeAttribute(\"style\"),\"height\"===t.message?(1e3<(r=parseInt(t.value,10))?r=1e3:~~r<200&&(r=200),s.height=r):\"link\"===t.message&&(r=new URL(s.getAttribute(\"src\")),n=new URL(t.value),c.test(n.protocol))&&n.host===r.host&&l.activeElement===s&&(d.top.location.href=t.value))}},d.addEventListener(\"message\",d.wp.receiveEmbedMessage,!1),l.addEventListener(\"DOMContentLoaded\",function(){for(var e,t,s=l.querySelectorAll(\"iframe.wp-embedded-content\"),r=0;r<s.length;r++)(t=(e=s[r]).getAttribute(\"data-secret\"))||(t=Math.random().toString(36).substring(2,12),e.src+=\"#?secret=\"+t,e.setAttribute(\"data-secret\",t)),e.contentWindow.postMessage({message:\"ready\",secret:t},\"*\")},!1)))}(window,document);\n\/\/# sourceURL=https:\/\/www.gereso.com\/actualites\/wp-includes\/js\/wp-embed.min.js\n\/* ]]> *\/\n<\/script>\n","description":"La taxe professionnelle, contribuant au financement des charges des collectivit\u00e9s locales, est due chaque ann\u00e9e par les entreprises et les personnes physiques qui exercent une activit\u00e9 professionnelle non salari\u00e9e. Elle est \u00e9tablie dans chaque commune o\u00f9 le redevable dispose de locaux ou de terrains.La d\u00e9claration qui sert \u00e0 d\u00e9terminer la base d&rsquo;imposition, sur laquelle seront [&hellip;]"}

Équipe GERESO

Taxe professionnelle : déclaration avant le 5 mai - Le Blog GERESO

<blockquote class="wp-embedded-content" data-secret="0cuCUZJsuA"><a href="https://www.gereso.com/actualites/2009/04/27/taxe-professionnelle-declaration-avant-le-5-mai/">Taxe professionnelle : déclaration avant le 5 mai</a></blockquote><iframe sandbox="allow-scripts" security="restricted" src="https://www.gereso.com/actualites/2009/04/27/taxe-professionnelle-declaration-avant-le-5-mai/embed/#?secret=0cuCUZJsuA" width="600" height="338" title="« Taxe professionnelle : déclaration avant le 5 mai » &#8212; Le Blog GERESO" data-secret="0cuCUZJsuA" frameborder="0" marginwidth="0" marginheight="0" scrolling="no" class="wp-embedded-content"></iframe><script type="text/javascript">
/* <![CDATA[ */
/*! This file is auto-generated */
!function(d,l){"use strict";l.querySelector&&d.addEventListener&&"undefined"!=typeof URL&&(d.wp=d.wp||{},d.wp.receiveEmbedMessage||(d.wp.receiveEmbedMessage=function(e){var t=e.data;if((t||t.secret||t.message||t.value)&&!/[^a-zA-Z0-9]/.test(t.secret)){for(var s,r,n,a=l.querySelectorAll('iframe[data-secret="'+t.secret+'"]'),o=l.querySelectorAll('blockquote[data-secret="'+t.secret+'"]'),c=new RegExp("^https?:$","i"),i=0;i<o.length;i++)o[i].style.display="none";for(i=0;i<a.length;i++)s=a[i],e.source===s.contentWindow&&(s.removeAttribute("style"),"height"===t.message?(1e3<(r=parseInt(t.value,10))?r=1e3:~~r<200&&(r=200),s.height=r):"link"===t.message&&(r=new URL(s.getAttribute("src")),n=new URL(t.value),c.test(n.protocol))&&n.host===r.host&&l.activeElement===s&&(d.top.location.href=t.value))}},d.addEventListener("message",d.wp.receiveEmbedMessage,!1),l.addEventListener("DOMContentLoaded",function(){for(var e,t,s=l.querySelectorAll("iframe.wp-embedded-content"),r=0;r<s.length;r++)(t=(e=s[r]).getAttribute("data-secret"))||(t=Math.random().toString(36).substring(2,12),e.src+="#?secret="+t,e.setAttribute("data-secret",t)),e.contentWindow.postMessage({message:"ready",secret:t},"*")},!1)))}(window,document);
//# sourceURL=https://www.gereso.com/actualites/wp-includes/js/wp-embed.min.js
/* ]]> */
</script>

La taxe professionnelle, contribuant au financement des charges des collectivités locales, est due chaque année par les entreprises et les personnes physiques qui exercent une activité professionnelle non salariée. Elle est établie dans chaque commune où le redevable dispose de locaux ou de terrains.La déclaration qui sert à déterminer la base d&rsquo;imposition, sur laquelle seront [&hellip;]
