{"version":"1.0","provider_name":"Le Blog GERESO","provider_url":"https:\/\/www.gereso.com\/actualites","author_name":"Jean-David Darsa","author_url":"https:\/\/www.gereso.com\/actualites\/author\/jd-darsa\/","title":"Ressources Humaines\u00a0: les principaux risques \u00e0 ma\u00eetriser - Le Blog GERESO","type":"rich","width":600,"height":338,"html":"<blockquote class=\"wp-embedded-content\" data-secret=\"hr5tn5MWEl\"><a href=\"https:\/\/www.gereso.com\/actualites\/2012\/02\/29\/rh-principaux-risques-a-maitriser\/\">Ressources Humaines\u00a0: les principaux risques \u00e0 ma\u00eetriser<\/a><\/blockquote><iframe sandbox=\"allow-scripts\" security=\"restricted\" src=\"https:\/\/www.gereso.com\/actualites\/2012\/02\/29\/rh-principaux-risques-a-maitriser\/embed\/#?secret=hr5tn5MWEl\" width=\"600\" height=\"338\" title=\"\u00ab\u00a0Ressources Humaines\u00a0: les principaux risques \u00e0 ma\u00eetriser\u00a0\u00bb &#8212; Le Blog GERESO\" data-secret=\"hr5tn5MWEl\" frameborder=\"0\" marginwidth=\"0\" marginheight=\"0\" scrolling=\"no\" class=\"wp-embedded-content\"><\/iframe><script type=\"text\/javascript\">\n\/* <![CDATA[ *\/\n\/*! This file is auto-generated *\/\n!function(d,l){\"use strict\";l.querySelector&&d.addEventListener&&\"undefined\"!=typeof URL&&(d.wp=d.wp||{},d.wp.receiveEmbedMessage||(d.wp.receiveEmbedMessage=function(e){var t=e.data;if((t||t.secret||t.message||t.value)&&!\/[^a-zA-Z0-9]\/.test(t.secret)){for(var s,r,n,a=l.querySelectorAll('iframe[data-secret=\"'+t.secret+'\"]'),o=l.querySelectorAll('blockquote[data-secret=\"'+t.secret+'\"]'),c=new RegExp(\"^https?:$\",\"i\"),i=0;i<o.length;i++)o[i].style.display=\"none\";for(i=0;i<a.length;i++)s=a[i],e.source===s.contentWindow&&(s.removeAttribute(\"style\"),\"height\"===t.message?(1e3<(r=parseInt(t.value,10))?r=1e3:~~r<200&&(r=200),s.height=r):\"link\"===t.message&&(r=new URL(s.getAttribute(\"src\")),n=new URL(t.value),c.test(n.protocol))&&n.host===r.host&&l.activeElement===s&&(d.top.location.href=t.value))}},d.addEventListener(\"message\",d.wp.receiveEmbedMessage,!1),l.addEventListener(\"DOMContentLoaded\",function(){for(var e,t,s=l.querySelectorAll(\"iframe.wp-embedded-content\"),r=0;r<s.length;r++)(t=(e=s[r]).getAttribute(\"data-secret\"))||(t=Math.random().toString(36).substring(2,12),e.src+=\"#?secret=\"+t,e.setAttribute(\"data-secret\",t)),e.contentWindow.postMessage({message:\"ready\",secret:t},\"*\")},!1)))}(window,document);\n\/\/# sourceURL=https:\/\/www.gereso.com\/actualites\/wp-includes\/js\/wp-embed.min.js\n\/* ]]> *\/\n<\/script>\n","thumbnail_url":"https:\/\/www.gereso.com\/actualites\/wp-content\/uploads\/2012\/02\/risques-1.jpg","thumbnail_width":284,"thumbnail_height":423,"description":"Positionn\u00e9s au c\u0153ur de l&rsquo;organisation, garants de la qualit\u00e9 du climat social, de l&rsquo;ad\u00e9quation des comp\u00e9tences aux besoins, du respect des obligations r\u00e9glementaires, de la ma\u00eetrise des savoirs et de la gestion pr\u00e9ventive des risques psychosociaux, les RH constituent un vecteur contributif essentiel \u00e0 la p\u00e9rennit\u00e9 de l&rsquo;entreprise. Pourtant, les risques RH \u00e0 consid\u00e9rer sont [&hellip;]"}

Ressources Humaines : les principaux risques à maîtriser - Le Blog GERESO

<blockquote class="wp-embedded-content" data-secret="hr5tn5MWEl"><a href="https://www.gereso.com/actualites/2012/02/29/rh-principaux-risques-a-maitriser/">Ressources Humaines : les principaux risques à maîtriser</a></blockquote><iframe sandbox="allow-scripts" security="restricted" src="https://www.gereso.com/actualites/2012/02/29/rh-principaux-risques-a-maitriser/embed/#?secret=hr5tn5MWEl" width="600" height="338" title="« Ressources Humaines : les principaux risques à maîtriser » &#8212; Le Blog GERESO" data-secret="hr5tn5MWEl" frameborder="0" marginwidth="0" marginheight="0" scrolling="no" class="wp-embedded-content"></iframe><script type="text/javascript">
/* <![CDATA[ */
/*! This file is auto-generated */
!function(d,l){"use strict";l.querySelector&&d.addEventListener&&"undefined"!=typeof URL&&(d.wp=d.wp||{},d.wp.receiveEmbedMessage||(d.wp.receiveEmbedMessage=function(e){var t=e.data;if((t||t.secret||t.message||t.value)&&!/[^a-zA-Z0-9]/.test(t.secret)){for(var s,r,n,a=l.querySelectorAll('iframe[data-secret="'+t.secret+'"]'),o=l.querySelectorAll('blockquote[data-secret="'+t.secret+'"]'),c=new RegExp("^https?:$","i"),i=0;i<o.length;i++)o[i].style.display="none";for(i=0;i<a.length;i++)s=a[i],e.source===s.contentWindow&&(s.removeAttribute("style"),"height"===t.message?(1e3<(r=parseInt(t.value,10))?r=1e3:~~r<200&&(r=200),s.height=r):"link"===t.message&&(r=new URL(s.getAttribute("src")),n=new URL(t.value),c.test(n.protocol))&&n.host===r.host&&l.activeElement===s&&(d.top.location.href=t.value))}},d.addEventListener("message",d.wp.receiveEmbedMessage,!1),l.addEventListener("DOMContentLoaded",function(){for(var e,t,s=l.querySelectorAll("iframe.wp-embedded-content"),r=0;r<s.length;r++)(t=(e=s[r]).getAttribute("data-secret"))||(t=Math.random().toString(36).substring(2,12),e.src+="#?secret="+t,e.setAttribute("data-secret",t)),e.contentWindow.postMessage({message:"ready",secret:t},"*")},!1)))}(window,document);
//# sourceURL=https://www.gereso.com/actualites/wp-includes/js/wp-embed.min.js
/* ]]> */
</script>

Positionnés au cœur de l&rsquo;organisation, garants de la qualité du climat social, de l&rsquo;adéquation des compétences aux besoins, du respect des obligations réglementaires, de la maîtrise des savoirs et de la gestion préventive des risques psychosociaux, les RH constituent un vecteur contributif essentiel à la pérennité de l&rsquo;entreprise. Pourtant, les risques RH à considérer sont [&hellip;]
