{"version":"1.0","provider_name":"Le Blog GERESO","provider_url":"https:\/\/www.gereso.com\/actualites","author_name":"Florent Sarrazin","author_url":"https:\/\/www.gereso.com\/actualites\/author\/f-sarrazin\/","title":"Actualit\u00e9 sociale 2014 : services RH, anticipez ! - Le Blog GERESO","type":"rich","width":600,"height":338,"html":"<blockquote class=\"wp-embedded-content\" data-secret=\"o2vfPexkAH\"><a href=\"https:\/\/www.gereso.com\/actualites\/2014\/01\/29\/actualite-sociale-2014-services-rh-anticipez\/\">Actualit\u00e9 sociale 2014 : services RH, anticipez !<\/a><\/blockquote><iframe sandbox=\"allow-scripts\" security=\"restricted\" src=\"https:\/\/www.gereso.com\/actualites\/2014\/01\/29\/actualite-sociale-2014-services-rh-anticipez\/embed\/#?secret=o2vfPexkAH\" width=\"600\" height=\"338\" title=\"\u00ab\u00a0Actualit\u00e9 sociale 2014 : services RH, anticipez !\u00a0\u00bb &#8212; Le Blog GERESO\" data-secret=\"o2vfPexkAH\" frameborder=\"0\" marginwidth=\"0\" marginheight=\"0\" scrolling=\"no\" class=\"wp-embedded-content\"><\/iframe><script type=\"text\/javascript\">\n\/* <![CDATA[ *\/\n\/*! This file is auto-generated *\/\n!function(d,l){\"use strict\";l.querySelector&&d.addEventListener&&\"undefined\"!=typeof URL&&(d.wp=d.wp||{},d.wp.receiveEmbedMessage||(d.wp.receiveEmbedMessage=function(e){var t=e.data;if((t||t.secret||t.message||t.value)&&!\/[^a-zA-Z0-9]\/.test(t.secret)){for(var s,r,n,a=l.querySelectorAll('iframe[data-secret=\"'+t.secret+'\"]'),o=l.querySelectorAll('blockquote[data-secret=\"'+t.secret+'\"]'),c=new RegExp(\"^https?:$\",\"i\"),i=0;i<o.length;i++)o[i].style.display=\"none\";for(i=0;i<a.length;i++)s=a[i],e.source===s.contentWindow&&(s.removeAttribute(\"style\"),\"height\"===t.message?(1e3<(r=parseInt(t.value,10))?r=1e3:~~r<200&&(r=200),s.height=r):\"link\"===t.message&&(r=new URL(s.getAttribute(\"src\")),n=new URL(t.value),c.test(n.protocol))&&n.host===r.host&&l.activeElement===s&&(d.top.location.href=t.value))}},d.addEventListener(\"message\",d.wp.receiveEmbedMessage,!1),l.addEventListener(\"DOMContentLoaded\",function(){for(var e,t,s=l.querySelectorAll(\"iframe.wp-embedded-content\"),r=0;r<s.length;r++)(t=(e=s[r]).getAttribute(\"data-secret\"))||(t=Math.random().toString(36).substring(2,12),e.src+=\"#?secret=\"+t,e.setAttribute(\"data-secret\",t)),e.contentWindow.postMessage({message:\"ready\",secret:t},\"*\")},!1)))}(window,document);\n\/\/# sourceURL=https:\/\/www.gereso.com\/actualites\/wp-includes\/js\/wp-embed.min.js\n\/* ]]> *\/\n<\/script>\n","thumbnail_url":"https:\/\/www.gereso.com\/actualites\/wp-content\/uploads\/2014\/01\/actualite-sociale-2014-1.jpg","thumbnail_width":534,"thumbnail_height":151,"description":"Cette ann\u00e9e 2014 promet une fois encore d&rsquo;\u00eatre tr\u00e8s intense en mati\u00e8re d&rsquo;actualit\u00e9 sociale. Le Gouvernement a en effet engag\u00e9 une s\u00e9rie de chantiers (droit du travail, r\u00e9forme de la formation professionnelle, protection sociale) qui doivent \u00eatre mis en place \u00e0 plus ou moins longue \u00e9ch\u00e9ance. \u00a0Pour les entreprises, et particuli\u00e8rement les services RH, qui [&hellip;]"}

Actualité sociale 2014 : services RH, anticipez ! - Le Blog GERESO

<blockquote class="wp-embedded-content" data-secret="o2vfPexkAH"><a href="https://www.gereso.com/actualites/2014/01/29/actualite-sociale-2014-services-rh-anticipez/">Actualité sociale 2014 : services RH, anticipez !</a></blockquote><iframe sandbox="allow-scripts" security="restricted" src="https://www.gereso.com/actualites/2014/01/29/actualite-sociale-2014-services-rh-anticipez/embed/#?secret=o2vfPexkAH" width="600" height="338" title="« Actualité sociale 2014 : services RH, anticipez ! » &#8212; Le Blog GERESO" data-secret="o2vfPexkAH" frameborder="0" marginwidth="0" marginheight="0" scrolling="no" class="wp-embedded-content"></iframe><script type="text/javascript">
/* <![CDATA[ */
/*! This file is auto-generated */
!function(d,l){"use strict";l.querySelector&&d.addEventListener&&"undefined"!=typeof URL&&(d.wp=d.wp||{},d.wp.receiveEmbedMessage||(d.wp.receiveEmbedMessage=function(e){var t=e.data;if((t||t.secret||t.message||t.value)&&!/[^a-zA-Z0-9]/.test(t.secret)){for(var s,r,n,a=l.querySelectorAll('iframe[data-secret="'+t.secret+'"]'),o=l.querySelectorAll('blockquote[data-secret="'+t.secret+'"]'),c=new RegExp("^https?:$","i"),i=0;i<o.length;i++)o[i].style.display="none";for(i=0;i<a.length;i++)s=a[i],e.source===s.contentWindow&&(s.removeAttribute("style"),"height"===t.message?(1e3<(r=parseInt(t.value,10))?r=1e3:~~r<200&&(r=200),s.height=r):"link"===t.message&&(r=new URL(s.getAttribute("src")),n=new URL(t.value),c.test(n.protocol))&&n.host===r.host&&l.activeElement===s&&(d.top.location.href=t.value))}},d.addEventListener("message",d.wp.receiveEmbedMessage,!1),l.addEventListener("DOMContentLoaded",function(){for(var e,t,s=l.querySelectorAll("iframe.wp-embedded-content"),r=0;r<s.length;r++)(t=(e=s[r]).getAttribute("data-secret"))||(t=Math.random().toString(36).substring(2,12),e.src+="#?secret="+t,e.setAttribute("data-secret",t)),e.contentWindow.postMessage({message:"ready",secret:t},"*")},!1)))}(window,document);
//# sourceURL=https://www.gereso.com/actualites/wp-includes/js/wp-embed.min.js
/* ]]> */
</script>

Cette année 2014 promet une fois encore d&rsquo;être très intense en matière d&rsquo;actualité sociale. Le Gouvernement a en effet engagé une série de chantiers (droit du travail, réforme de la formation professionnelle, protection sociale) qui doivent être mis en place à plus ou moins longue échéance.  Pour les entreprises, et particulièrement les services RH, qui [&hellip;]
