{"version":"1.0","provider_name":"Le Blog GERESO","provider_url":"https:\/\/www.gereso.com\/actualites","author_name":"Guillaume Leroutier","author_url":"https:\/\/www.gereso.com\/actualites\/author\/g-leroutier\/","title":"Le management \u00e0 la qu\u00e9b\u00e9coise : atouts et perspectives - Le Blog GERESO","type":"rich","width":600,"height":338,"html":"<blockquote class=\"wp-embedded-content\" data-secret=\"FALvLKKFSH\"><a href=\"https:\/\/www.gereso.com\/actualites\/2014\/04\/10\/le-management-a-la-quebecoise-atouts-et-perspectives\/\">Le management \u00e0 la qu\u00e9b\u00e9coise : atouts et perspectives<\/a><\/blockquote><iframe sandbox=\"allow-scripts\" security=\"restricted\" src=\"https:\/\/www.gereso.com\/actualites\/2014\/04\/10\/le-management-a-la-quebecoise-atouts-et-perspectives\/embed\/#?secret=FALvLKKFSH\" width=\"600\" height=\"338\" title=\"\u00ab\u00a0Le management \u00e0 la qu\u00e9b\u00e9coise : atouts et perspectives\u00a0\u00bb &#8212; Le Blog GERESO\" data-secret=\"FALvLKKFSH\" frameborder=\"0\" marginwidth=\"0\" marginheight=\"0\" scrolling=\"no\" class=\"wp-embedded-content\"><\/iframe><script type=\"text\/javascript\">\n\/* <![CDATA[ *\/\n\/*! This file is auto-generated *\/\n!function(d,l){\"use strict\";l.querySelector&&d.addEventListener&&\"undefined\"!=typeof URL&&(d.wp=d.wp||{},d.wp.receiveEmbedMessage||(d.wp.receiveEmbedMessage=function(e){var t=e.data;if((t||t.secret||t.message||t.value)&&!\/[^a-zA-Z0-9]\/.test(t.secret)){for(var s,r,n,a=l.querySelectorAll('iframe[data-secret=\"'+t.secret+'\"]'),o=l.querySelectorAll('blockquote[data-secret=\"'+t.secret+'\"]'),c=new RegExp(\"^https?:$\",\"i\"),i=0;i<o.length;i++)o[i].style.display=\"none\";for(i=0;i<a.length;i++)s=a[i],e.source===s.contentWindow&&(s.removeAttribute(\"style\"),\"height\"===t.message?(1e3<(r=parseInt(t.value,10))?r=1e3:~~r<200&&(r=200),s.height=r):\"link\"===t.message&&(r=new URL(s.getAttribute(\"src\")),n=new URL(t.value),c.test(n.protocol))&&n.host===r.host&&l.activeElement===s&&(d.top.location.href=t.value))}},d.addEventListener(\"message\",d.wp.receiveEmbedMessage,!1),l.addEventListener(\"DOMContentLoaded\",function(){for(var e,t,s=l.querySelectorAll(\"iframe.wp-embedded-content\"),r=0;r<s.length;r++)(t=(e=s[r]).getAttribute(\"data-secret\"))||(t=Math.random().toString(36).substring(2,12),e.src+=\"#?secret=\"+t,e.setAttribute(\"data-secret\",t)),e.contentWindow.postMessage({message:\"ready\",secret:t},\"*\")},!1)))}(window,document);\n\/\/# sourceURL=https:\/\/www.gereso.com\/actualites\/wp-includes\/js\/wp-embed.min.js\n\/* ]]> *\/\n<\/script>\n","thumbnail_url":"https:\/\/www.gereso.com\/actualites\/wp-content\/uploads\/2014\/04\/management-quebecois-1.jpg","thumbnail_width":520,"thumbnail_height":347,"description":"Dans un contexte de crise mondiale, il est int\u00e9ressant de regarder les diff\u00e9rences qui existent, entre les diff\u00e9rents pays, dans la fa\u00e7on dont les entreprises g\u00e8rent les d\u00e9fis de la complexit\u00e9 de la transformation actuelle du march\u00e9 du travail. La France gagne \u00e0 \u00eatre compar\u00e9e au Qu\u00e9bec pour plusieurs raisons. En premier lieu, bien qu\u2019on [&hellip;]"}

Le management à la québécoise : atouts et perspectives - Le Blog GERESO

<blockquote class="wp-embedded-content" data-secret="FALvLKKFSH"><a href="https://www.gereso.com/actualites/2014/04/10/le-management-a-la-quebecoise-atouts-et-perspectives/">Le management à la québécoise : atouts et perspectives</a></blockquote><iframe sandbox="allow-scripts" security="restricted" src="https://www.gereso.com/actualites/2014/04/10/le-management-a-la-quebecoise-atouts-et-perspectives/embed/#?secret=FALvLKKFSH" width="600" height="338" title="« Le management à la québécoise : atouts et perspectives » &#8212; Le Blog GERESO" data-secret="FALvLKKFSH" frameborder="0" marginwidth="0" marginheight="0" scrolling="no" class="wp-embedded-content"></iframe><script type="text/javascript">
/* <![CDATA[ */
/*! This file is auto-generated */
!function(d,l){"use strict";l.querySelector&&d.addEventListener&&"undefined"!=typeof URL&&(d.wp=d.wp||{},d.wp.receiveEmbedMessage||(d.wp.receiveEmbedMessage=function(e){var t=e.data;if((t||t.secret||t.message||t.value)&&!/[^a-zA-Z0-9]/.test(t.secret)){for(var s,r,n,a=l.querySelectorAll('iframe[data-secret="'+t.secret+'"]'),o=l.querySelectorAll('blockquote[data-secret="'+t.secret+'"]'),c=new RegExp("^https?:$","i"),i=0;i<o.length;i++)o[i].style.display="none";for(i=0;i<a.length;i++)s=a[i],e.source===s.contentWindow&&(s.removeAttribute("style"),"height"===t.message?(1e3<(r=parseInt(t.value,10))?r=1e3:~~r<200&&(r=200),s.height=r):"link"===t.message&&(r=new URL(s.getAttribute("src")),n=new URL(t.value),c.test(n.protocol))&&n.host===r.host&&l.activeElement===s&&(d.top.location.href=t.value))}},d.addEventListener("message",d.wp.receiveEmbedMessage,!1),l.addEventListener("DOMContentLoaded",function(){for(var e,t,s=l.querySelectorAll("iframe.wp-embedded-content"),r=0;r<s.length;r++)(t=(e=s[r]).getAttribute("data-secret"))||(t=Math.random().toString(36).substring(2,12),e.src+="#?secret="+t,e.setAttribute("data-secret",t)),e.contentWindow.postMessage({message:"ready",secret:t},"*")},!1)))}(window,document);
//# sourceURL=https://www.gereso.com/actualites/wp-includes/js/wp-embed.min.js
/* ]]> */
</script>

Dans un contexte de crise mondiale, il est intéressant de regarder les différences qui existent, entre les différents pays, dans la façon dont les entreprises gèrent les défis de la complexité de la transformation actuelle du marché du travail. La France gagne à être comparée au Québec pour plusieurs raisons. En premier lieu, bien qu’on [&hellip;]
