{"version":"1.0","provider_name":"Le Blog GERESO","provider_url":"https:\/\/www.gereso.com\/actualites","author_name":"Anne-Ga\u00eblle Desbois","author_url":"https:\/\/www.gereso.com\/actualites\/author\/ag-desbois\/","title":"Suppression de l\u2019indemnit\u00e9 exceptionnelle compensatrice de CSG \u2013 D\u00e9cret n\u00b0 2015-492 du 29 avril 2015 - Le Blog GERESO","type":"rich","width":600,"height":338,"html":"<blockquote class=\"wp-embedded-content\" data-secret=\"Uyj1X11sHy\"><a href=\"https:\/\/www.gereso.com\/actualites\/2015\/06\/12\/suppression-indemnite-exceptionnelle-compensatrice\/\">Suppression de l\u2019indemnit\u00e9 exceptionnelle compensatrice de CSG \u2013 D\u00e9cret n\u00b0 2015-492 du 29 avril 2015<\/a><\/blockquote><iframe sandbox=\"allow-scripts\" security=\"restricted\" src=\"https:\/\/www.gereso.com\/actualites\/2015\/06\/12\/suppression-indemnite-exceptionnelle-compensatrice\/embed\/#?secret=Uyj1X11sHy\" width=\"600\" height=\"338\" title=\"\u00ab\u00a0Suppression de l\u2019indemnit\u00e9 exceptionnelle compensatrice de CSG \u2013 D\u00e9cret n\u00b0 2015-492 du 29 avril 2015\u00a0\u00bb &#8212; Le Blog GERESO\" data-secret=\"Uyj1X11sHy\" frameborder=\"0\" marginwidth=\"0\" marginheight=\"0\" scrolling=\"no\" class=\"wp-embedded-content\"><\/iframe><script type=\"text\/javascript\">\n\/* <![CDATA[ *\/\n\/*! This file is auto-generated *\/\n!function(d,l){\"use strict\";l.querySelector&&d.addEventListener&&\"undefined\"!=typeof URL&&(d.wp=d.wp||{},d.wp.receiveEmbedMessage||(d.wp.receiveEmbedMessage=function(e){var t=e.data;if((t||t.secret||t.message||t.value)&&!\/[^a-zA-Z0-9]\/.test(t.secret)){for(var s,r,n,a=l.querySelectorAll('iframe[data-secret=\"'+t.secret+'\"]'),o=l.querySelectorAll('blockquote[data-secret=\"'+t.secret+'\"]'),c=new RegExp(\"^https?:$\",\"i\"),i=0;i<o.length;i++)o[i].style.display=\"none\";for(i=0;i<a.length;i++)s=a[i],e.source===s.contentWindow&&(s.removeAttribute(\"style\"),\"height\"===t.message?(1e3<(r=parseInt(t.value,10))?r=1e3:~~r<200&&(r=200),s.height=r):\"link\"===t.message&&(r=new URL(s.getAttribute(\"src\")),n=new URL(t.value),c.test(n.protocol))&&n.host===r.host&&l.activeElement===s&&(d.top.location.href=t.value))}},d.addEventListener(\"message\",d.wp.receiveEmbedMessage,!1),l.addEventListener(\"DOMContentLoaded\",function(){for(var e,t,s=l.querySelectorAll(\"iframe.wp-embedded-content\"),r=0;r<s.length;r++)(t=(e=s[r]).getAttribute(\"data-secret\"))||(t=Math.random().toString(36).substring(2,12),e.src+=\"#?secret=\"+t,e.setAttribute(\"data-secret\",t)),e.contentWindow.postMessage({message:\"ready\",secret:t},\"*\")},!1)))}(window,document);\n\/\/# sourceURL=https:\/\/www.gereso.com\/actualites\/wp-includes\/js\/wp-embed.min.js\n\/* ]]> *\/\n<\/script>\n","thumbnail_url":"https:\/\/www.gereso.com\/actualites\/wp-content\/uploads\/2012\/08\/pluriactivite-rattachement-securite-sociale-1.jpg","thumbnail_width":534,"thumbnail_height":330,"description":"L\u2019indemnit\u00e9 exceptionnelle compensatrice a \u00e9t\u00e9 instaur\u00e9e par le d\u00e9cret n\u00b0 97-215 du 10 mars 1997 afin de compenser la perte de r\u00e9mun\u00e9ration occasionn\u00e9e du fait du changement de taux de CSG et de la suppression de la cotisation salariale maladie des fonctionnaires. Etaient notamment concern\u00e9s, les fonctionnaires dont la premi\u00e8re nomination est intervenue avant le [&hellip;]"}

Anne-Gaëlle Desbois

Suppression de l’indemnité exceptionnelle compensatrice de CSG – Décret n° 2015-492 du 29 avril 2015 - Le Blog GERESO

<blockquote class="wp-embedded-content" data-secret="Uyj1X11sHy"><a href="https://www.gereso.com/actualites/2015/06/12/suppression-indemnite-exceptionnelle-compensatrice/">Suppression de l’indemnité exceptionnelle compensatrice de CSG – Décret n° 2015-492 du 29 avril 2015</a></blockquote><iframe sandbox="allow-scripts" security="restricted" src="https://www.gereso.com/actualites/2015/06/12/suppression-indemnite-exceptionnelle-compensatrice/embed/#?secret=Uyj1X11sHy" width="600" height="338" title="« Suppression de l’indemnité exceptionnelle compensatrice de CSG – Décret n° 2015-492 du 29 avril 2015 » &#8212; Le Blog GERESO" data-secret="Uyj1X11sHy" frameborder="0" marginwidth="0" marginheight="0" scrolling="no" class="wp-embedded-content"></iframe><script type="text/javascript">
/* <![CDATA[ */
/*! This file is auto-generated */
!function(d,l){"use strict";l.querySelector&&d.addEventListener&&"undefined"!=typeof URL&&(d.wp=d.wp||{},d.wp.receiveEmbedMessage||(d.wp.receiveEmbedMessage=function(e){var t=e.data;if((t||t.secret||t.message||t.value)&&!/[^a-zA-Z0-9]/.test(t.secret)){for(var s,r,n,a=l.querySelectorAll('iframe[data-secret="'+t.secret+'"]'),o=l.querySelectorAll('blockquote[data-secret="'+t.secret+'"]'),c=new RegExp("^https?:$","i"),i=0;i<o.length;i++)o[i].style.display="none";for(i=0;i<a.length;i++)s=a[i],e.source===s.contentWindow&&(s.removeAttribute("style"),"height"===t.message?(1e3<(r=parseInt(t.value,10))?r=1e3:~~r<200&&(r=200),s.height=r):"link"===t.message&&(r=new URL(s.getAttribute("src")),n=new URL(t.value),c.test(n.protocol))&&n.host===r.host&&l.activeElement===s&&(d.top.location.href=t.value))}},d.addEventListener("message",d.wp.receiveEmbedMessage,!1),l.addEventListener("DOMContentLoaded",function(){for(var e,t,s=l.querySelectorAll("iframe.wp-embedded-content"),r=0;r<s.length;r++)(t=(e=s[r]).getAttribute("data-secret"))||(t=Math.random().toString(36).substring(2,12),e.src+="#?secret="+t,e.setAttribute("data-secret",t)),e.contentWindow.postMessage({message:"ready",secret:t},"*")},!1)))}(window,document);
//# sourceURL=https://www.gereso.com/actualites/wp-includes/js/wp-embed.min.js
/* ]]> */
</script>

L’indemnité exceptionnelle compensatrice a été instaurée par le décret n° 97-215 du 10 mars 1997 afin de compenser la perte de rémunération occasionnée du fait du changement de taux de CSG et de la suppression de la cotisation salariale maladie des fonctionnaires. Etaient notamment concernés, les fonctionnaires dont la première nomination est intervenue avant le [&hellip;]
