{"version":"1.0","provider_name":"Le Blog GERESO","provider_url":"https:\/\/www.gereso.com\/actualites","author_name":"\u00c9quipe GERESO","author_url":"https:\/\/www.gereso.com\/actualites\/author\/gereso\/","title":"Interview - Yves Sotiaux : \"La coop\u00e9ration est plus productive que la comp\u00e9tition\" - Le Blog GERESO","type":"rich","width":600,"height":338,"html":"<blockquote class=\"wp-embedded-content\" data-secret=\"acple9usHf\"><a href=\"https:\/\/www.gereso.com\/actualites\/2016\/01\/26\/interview-yves-sotiaux-management-equipe-projet\/\">Interview &#8211; Yves Sotiaux : \u00ab\u00a0La coop\u00e9ration est plus productive que la comp\u00e9tition\u00a0\u00bb<\/a><\/blockquote><iframe sandbox=\"allow-scripts\" security=\"restricted\" src=\"https:\/\/www.gereso.com\/actualites\/2016\/01\/26\/interview-yves-sotiaux-management-equipe-projet\/embed\/#?secret=acple9usHf\" width=\"600\" height=\"338\" title=\"\u00ab\u00a0Interview &#8211; Yves Sotiaux : \u00ab\u00a0La coop\u00e9ration est plus productive que la comp\u00e9tition\u00a0\u00bb\u00a0\u00bb &#8212; Le Blog GERESO\" data-secret=\"acple9usHf\" frameborder=\"0\" marginwidth=\"0\" marginheight=\"0\" scrolling=\"no\" class=\"wp-embedded-content\"><\/iframe><script type=\"text\/javascript\">\n\/* <![CDATA[ *\/\n\/*! This file is auto-generated *\/\n!function(d,l){\"use strict\";l.querySelector&&d.addEventListener&&\"undefined\"!=typeof URL&&(d.wp=d.wp||{},d.wp.receiveEmbedMessage||(d.wp.receiveEmbedMessage=function(e){var t=e.data;if((t||t.secret||t.message||t.value)&&!\/[^a-zA-Z0-9]\/.test(t.secret)){for(var s,r,n,a=l.querySelectorAll('iframe[data-secret=\"'+t.secret+'\"]'),o=l.querySelectorAll('blockquote[data-secret=\"'+t.secret+'\"]'),c=new RegExp(\"^https?:$\",\"i\"),i=0;i<o.length;i++)o[i].style.display=\"none\";for(i=0;i<a.length;i++)s=a[i],e.source===s.contentWindow&&(s.removeAttribute(\"style\"),\"height\"===t.message?(1e3<(r=parseInt(t.value,10))?r=1e3:~~r<200&&(r=200),s.height=r):\"link\"===t.message&&(r=new URL(s.getAttribute(\"src\")),n=new URL(t.value),c.test(n.protocol))&&n.host===r.host&&l.activeElement===s&&(d.top.location.href=t.value))}},d.addEventListener(\"message\",d.wp.receiveEmbedMessage,!1),l.addEventListener(\"DOMContentLoaded\",function(){for(var e,t,s=l.querySelectorAll(\"iframe.wp-embedded-content\"),r=0;r<s.length;r++)(t=(e=s[r]).getAttribute(\"data-secret\"))||(t=Math.random().toString(36).substring(2,12),e.src+=\"#?secret=\"+t,e.setAttribute(\"data-secret\",t)),e.contentWindow.postMessage({message:\"ready\",secret:t},\"*\")},!1)))}(window,document);\n\/\/# sourceURL=https:\/\/www.gereso.com\/actualites\/wp-includes\/js\/wp-embed.min.js\n\/* ]]> *\/\n<\/script>\n","thumbnail_url":"https:\/\/www.gereso.com\/actualites\/wp-content\/uploads\/2016\/01\/equipe-projet-en-discussion.jpg","thumbnail_width":700,"thumbnail_height":466,"description":"Bonjour M. Sotiaux, pouvez-vous nous raconter votre parcours\u00a0et ce qui a suscit\u00e9 votre int\u00e9r\u00eat pour la gestion de projets\u00a0? Bonjour, je suis ing\u00e9nieur de formation et ai travaill\u00e9 durant 20 ans en tant que salari\u00e9 dans les domaines de l\u2019industrie, de l\u2019agro-alimentaire et de la grande distribution. Pendant ces 20 ans, je suis pass\u00e9 par [&hellip;]"}

Équipe GERESO

Interview - Yves Sotiaux : "La coopération est plus productive que la compétition" - Le Blog GERESO

<blockquote class="wp-embedded-content" data-secret="acple9usHf"><a href="https://www.gereso.com/actualites/2016/01/26/interview-yves-sotiaux-management-equipe-projet/">Interview &#8211; Yves Sotiaux : « La coopération est plus productive que la compétition »</a></blockquote><iframe sandbox="allow-scripts" security="restricted" src="https://www.gereso.com/actualites/2016/01/26/interview-yves-sotiaux-management-equipe-projet/embed/#?secret=acple9usHf" width="600" height="338" title="« Interview &#8211; Yves Sotiaux : « La coopération est plus productive que la compétition » » &#8212; Le Blog GERESO" data-secret="acple9usHf" frameborder="0" marginwidth="0" marginheight="0" scrolling="no" class="wp-embedded-content"></iframe><script type="text/javascript">
/* <![CDATA[ */
/*! This file is auto-generated */
!function(d,l){"use strict";l.querySelector&&d.addEventListener&&"undefined"!=typeof URL&&(d.wp=d.wp||{},d.wp.receiveEmbedMessage||(d.wp.receiveEmbedMessage=function(e){var t=e.data;if((t||t.secret||t.message||t.value)&&!/[^a-zA-Z0-9]/.test(t.secret)){for(var s,r,n,a=l.querySelectorAll('iframe[data-secret="'+t.secret+'"]'),o=l.querySelectorAll('blockquote[data-secret="'+t.secret+'"]'),c=new RegExp("^https?:$","i"),i=0;i<o.length;i++)o[i].style.display="none";for(i=0;i<a.length;i++)s=a[i],e.source===s.contentWindow&&(s.removeAttribute("style"),"height"===t.message?(1e3<(r=parseInt(t.value,10))?r=1e3:~~r<200&&(r=200),s.height=r):"link"===t.message&&(r=new URL(s.getAttribute("src")),n=new URL(t.value),c.test(n.protocol))&&n.host===r.host&&l.activeElement===s&&(d.top.location.href=t.value))}},d.addEventListener("message",d.wp.receiveEmbedMessage,!1),l.addEventListener("DOMContentLoaded",function(){for(var e,t,s=l.querySelectorAll("iframe.wp-embedded-content"),r=0;r<s.length;r++)(t=(e=s[r]).getAttribute("data-secret"))||(t=Math.random().toString(36).substring(2,12),e.src+="#?secret="+t,e.setAttribute("data-secret",t)),e.contentWindow.postMessage({message:"ready",secret:t},"*")},!1)))}(window,document);
//# sourceURL=https://www.gereso.com/actualites/wp-includes/js/wp-embed.min.js
/* ]]> */
</script>

Bonjour M. Sotiaux, pouvez-vous nous raconter votre parcours et ce qui a suscité votre intérêt pour la gestion de projets ? Bonjour, je suis ingénieur de formation et ai travaillé durant 20 ans en tant que salarié dans les domaines de l’industrie, de l’agro-alimentaire et de la grande distribution. Pendant ces 20 ans, je suis passé par [&hellip;]
