{"version":"1.0","provider_name":"Le Blog GERESO","provider_url":"https:\/\/www.gereso.com\/actualites","author_name":"Carine Drouin Id\u00e9","author_url":"https:\/\/www.gereso.com\/actualites\/author\/c-drouin-ide\/","title":"Immigration et d\u00e9tachement : quelques d\u00e9crets r\u00e9cents - Le Blog GERESO","type":"rich","width":600,"height":338,"html":"<blockquote class=\"wp-embedded-content\" data-secret=\"aVzqABdtQs\"><a href=\"https:\/\/www.gereso.com\/actualites\/2016\/02\/24\/immigration-et-detachement-quelques-decrets-recents\/\">Immigration et d\u00e9tachement : quelques d\u00e9crets r\u00e9cents<\/a><\/blockquote><iframe sandbox=\"allow-scripts\" security=\"restricted\" src=\"https:\/\/www.gereso.com\/actualites\/2016\/02\/24\/immigration-et-detachement-quelques-decrets-recents\/embed\/#?secret=aVzqABdtQs\" width=\"600\" height=\"338\" title=\"\u00ab\u00a0Immigration et d\u00e9tachement : quelques d\u00e9crets r\u00e9cents\u00a0\u00bb &#8212; Le Blog GERESO\" data-secret=\"aVzqABdtQs\" frameborder=\"0\" marginwidth=\"0\" marginheight=\"0\" scrolling=\"no\" class=\"wp-embedded-content\"><\/iframe><script type=\"text\/javascript\">\n\/* <![CDATA[ *\/\n\/*! This file is auto-generated *\/\n!function(d,l){\"use strict\";l.querySelector&&d.addEventListener&&\"undefined\"!=typeof URL&&(d.wp=d.wp||{},d.wp.receiveEmbedMessage||(d.wp.receiveEmbedMessage=function(e){var t=e.data;if((t||t.secret||t.message||t.value)&&!\/[^a-zA-Z0-9]\/.test(t.secret)){for(var s,r,n,a=l.querySelectorAll('iframe[data-secret=\"'+t.secret+'\"]'),o=l.querySelectorAll('blockquote[data-secret=\"'+t.secret+'\"]'),c=new RegExp(\"^https?:$\",\"i\"),i=0;i<o.length;i++)o[i].style.display=\"none\";for(i=0;i<a.length;i++)s=a[i],e.source===s.contentWindow&&(s.removeAttribute(\"style\"),\"height\"===t.message?(1e3<(r=parseInt(t.value,10))?r=1e3:~~r<200&&(r=200),s.height=r):\"link\"===t.message&&(r=new URL(s.getAttribute(\"src\")),n=new URL(t.value),c.test(n.protocol))&&n.host===r.host&&l.activeElement===s&&(d.top.location.href=t.value))}},d.addEventListener(\"message\",d.wp.receiveEmbedMessage,!1),l.addEventListener(\"DOMContentLoaded\",function(){for(var e,t,s=l.querySelectorAll(\"iframe.wp-embedded-content\"),r=0;r<s.length;r++)(t=(e=s[r]).getAttribute(\"data-secret\"))||(t=Math.random().toString(36).substring(2,12),e.src+=\"#?secret=\"+t,e.setAttribute(\"data-secret\",t)),e.contentWindow.postMessage({message:\"ready\",secret:t},\"*\")},!1)))}(window,document);\n\/\/# sourceURL=https:\/\/www.gereso.com\/actualites\/wp-includes\/js\/wp-embed.min.js\n\/* ]]> *\/\n<\/script>\n","thumbnail_url":"https:\/\/www.gereso.com\/actualites\/wp-content\/uploads\/2015\/06\/gestion-des-expatries-1.jpg","thumbnail_width":520,"thumbnail_height":347,"description":"Lutte contre la prestation des services internationale ill\u00e9gale\u00a0: d\u00e9cret 2016-27 du 19 janvier 2016 pris en application de la loi 2015-990 (Loi Macron) Relatifs\u00a0: aux obligations des ma\u00eetres d&rsquo;ouvrage et des donneurs d&rsquo;ordre dans le cadre de la r\u00e9alisation de prestations de services internationales. Ce d\u00e9cret est pris pour application de l&rsquo;article 280 de la [&hellip;]"}

Carine Drouin Idé

Immigration et détachement : quelques décrets récents - Le Blog GERESO

<blockquote class="wp-embedded-content" data-secret="aVzqABdtQs"><a href="https://www.gereso.com/actualites/2016/02/24/immigration-et-detachement-quelques-decrets-recents/">Immigration et détachement : quelques décrets récents</a></blockquote><iframe sandbox="allow-scripts" security="restricted" src="https://www.gereso.com/actualites/2016/02/24/immigration-et-detachement-quelques-decrets-recents/embed/#?secret=aVzqABdtQs" width="600" height="338" title="« Immigration et détachement : quelques décrets récents » &#8212; Le Blog GERESO" data-secret="aVzqABdtQs" frameborder="0" marginwidth="0" marginheight="0" scrolling="no" class="wp-embedded-content"></iframe><script type="text/javascript">
/* <![CDATA[ */
/*! This file is auto-generated */
!function(d,l){"use strict";l.querySelector&&d.addEventListener&&"undefined"!=typeof URL&&(d.wp=d.wp||{},d.wp.receiveEmbedMessage||(d.wp.receiveEmbedMessage=function(e){var t=e.data;if((t||t.secret||t.message||t.value)&&!/[^a-zA-Z0-9]/.test(t.secret)){for(var s,r,n,a=l.querySelectorAll('iframe[data-secret="'+t.secret+'"]'),o=l.querySelectorAll('blockquote[data-secret="'+t.secret+'"]'),c=new RegExp("^https?:$","i"),i=0;i<o.length;i++)o[i].style.display="none";for(i=0;i<a.length;i++)s=a[i],e.source===s.contentWindow&&(s.removeAttribute("style"),"height"===t.message?(1e3<(r=parseInt(t.value,10))?r=1e3:~~r<200&&(r=200),s.height=r):"link"===t.message&&(r=new URL(s.getAttribute("src")),n=new URL(t.value),c.test(n.protocol))&&n.host===r.host&&l.activeElement===s&&(d.top.location.href=t.value))}},d.addEventListener("message",d.wp.receiveEmbedMessage,!1),l.addEventListener("DOMContentLoaded",function(){for(var e,t,s=l.querySelectorAll("iframe.wp-embedded-content"),r=0;r<s.length;r++)(t=(e=s[r]).getAttribute("data-secret"))||(t=Math.random().toString(36).substring(2,12),e.src+="#?secret="+t,e.setAttribute("data-secret",t)),e.contentWindow.postMessage({message:"ready",secret:t},"*")},!1)))}(window,document);
//# sourceURL=https://www.gereso.com/actualites/wp-includes/js/wp-embed.min.js
/* ]]> */
</script>

Lutte contre la prestation des services internationale illégale : décret 2016-27 du 19 janvier 2016 pris en application de la loi 2015-990 (Loi Macron) Relatifs : aux obligations des maîtres d&rsquo;ouvrage et des donneurs d&rsquo;ordre dans le cadre de la réalisation de prestations de services internationales. Ce décret est pris pour application de l&rsquo;article 280 de la [&hellip;]
