{"version":"1.0","provider_name":"Le Blog GERESO","provider_url":"https:\/\/www.gereso.com\/actualites","author_name":"\u00c9quipe GERESO","author_url":"https:\/\/www.gereso.com\/actualites\/author\/gereso\/","title":"R\u00e9gime forfaitaire des micro-entrepreneurs : le projet de loi Sapin pr\u00e9voit une rallonge de 2 ans. - Le Blog GERESO","type":"rich","width":600,"height":338,"html":"<blockquote class=\"wp-embedded-content\" data-secret=\"K0AgX1St8Y\"><a href=\"https:\/\/www.gereso.com\/actualites\/2016\/05\/25\/regime-forfaitaire-micro-entreprise\/\">R\u00e9gime forfaitaire des micro-entrepreneurs : le projet de loi Sapin pr\u00e9voit une rallonge de 2 ans.<\/a><\/blockquote><iframe sandbox=\"allow-scripts\" security=\"restricted\" src=\"https:\/\/www.gereso.com\/actualites\/2016\/05\/25\/regime-forfaitaire-micro-entreprise\/embed\/#?secret=K0AgX1St8Y\" width=\"600\" height=\"338\" title=\"\u00ab\u00a0R\u00e9gime forfaitaire des micro-entrepreneurs : le projet de loi Sapin pr\u00e9voit une rallonge de 2 ans.\u00a0\u00bb &#8212; Le Blog GERESO\" data-secret=\"K0AgX1St8Y\" frameborder=\"0\" marginwidth=\"0\" marginheight=\"0\" scrolling=\"no\" class=\"wp-embedded-content\"><\/iframe><script type=\"text\/javascript\">\n\/* <![CDATA[ *\/\n\/*! This file is auto-generated *\/\n!function(d,l){\"use strict\";l.querySelector&&d.addEventListener&&\"undefined\"!=typeof URL&&(d.wp=d.wp||{},d.wp.receiveEmbedMessage||(d.wp.receiveEmbedMessage=function(e){var t=e.data;if((t||t.secret||t.message||t.value)&&!\/[^a-zA-Z0-9]\/.test(t.secret)){for(var s,r,n,a=l.querySelectorAll('iframe[data-secret=\"'+t.secret+'\"]'),o=l.querySelectorAll('blockquote[data-secret=\"'+t.secret+'\"]'),c=new RegExp(\"^https?:$\",\"i\"),i=0;i<o.length;i++)o[i].style.display=\"none\";for(i=0;i<a.length;i++)s=a[i],e.source===s.contentWindow&&(s.removeAttribute(\"style\"),\"height\"===t.message?(1e3<(r=parseInt(t.value,10))?r=1e3:~~r<200&&(r=200),s.height=r):\"link\"===t.message&&(r=new URL(s.getAttribute(\"src\")),n=new URL(t.value),c.test(n.protocol))&&n.host===r.host&&l.activeElement===s&&(d.top.location.href=t.value))}},d.addEventListener(\"message\",d.wp.receiveEmbedMessage,!1),l.addEventListener(\"DOMContentLoaded\",function(){for(var e,t,s=l.querySelectorAll(\"iframe.wp-embedded-content\"),r=0;r<s.length;r++)(t=(e=s[r]).getAttribute(\"data-secret\"))||(t=Math.random().toString(36).substring(2,12),e.src+=\"#?secret=\"+t,e.setAttribute(\"data-secret\",t)),e.contentWindow.postMessage({message:\"ready\",secret:t},\"*\")},!1)))}(window,document);\n\/\/# sourceURL=https:\/\/www.gereso.com\/actualites\/wp-includes\/js\/wp-embed.min.js\n\/* ]]> *\/\n<\/script>\n","description":"Bien que ce soit les mesures de transparence anti-corruption qui retiennent plus l\u2019attention sur le projet\u00a0 de loi Sapin II, ce texte comporte aussi des mesures de modernisation de la vie \u00e9conomique qui changeront la donne pour les micro-entrepreneurs. Pr\u00e9sent\u00e9 en conseil des ministres le mercredi 30 mars 2016, ce projet de loi propose d\u2019\u00e9tendre [&hellip;]"}

Équipe GERESO

Régime forfaitaire des micro-entrepreneurs : le projet de loi Sapin prévoit une rallonge de 2 ans. - Le Blog GERESO

<blockquote class="wp-embedded-content" data-secret="K0AgX1St8Y"><a href="https://www.gereso.com/actualites/2016/05/25/regime-forfaitaire-micro-entreprise/">Régime forfaitaire des micro-entrepreneurs : le projet de loi Sapin prévoit une rallonge de 2 ans.</a></blockquote><iframe sandbox="allow-scripts" security="restricted" src="https://www.gereso.com/actualites/2016/05/25/regime-forfaitaire-micro-entreprise/embed/#?secret=K0AgX1St8Y" width="600" height="338" title="« Régime forfaitaire des micro-entrepreneurs : le projet de loi Sapin prévoit une rallonge de 2 ans. » &#8212; Le Blog GERESO" data-secret="K0AgX1St8Y" frameborder="0" marginwidth="0" marginheight="0" scrolling="no" class="wp-embedded-content"></iframe><script type="text/javascript">
/* <![CDATA[ */
/*! This file is auto-generated */
!function(d,l){"use strict";l.querySelector&&d.addEventListener&&"undefined"!=typeof URL&&(d.wp=d.wp||{},d.wp.receiveEmbedMessage||(d.wp.receiveEmbedMessage=function(e){var t=e.data;if((t||t.secret||t.message||t.value)&&!/[^a-zA-Z0-9]/.test(t.secret)){for(var s,r,n,a=l.querySelectorAll('iframe[data-secret="'+t.secret+'"]'),o=l.querySelectorAll('blockquote[data-secret="'+t.secret+'"]'),c=new RegExp("^https?:$","i"),i=0;i<o.length;i++)o[i].style.display="none";for(i=0;i<a.length;i++)s=a[i],e.source===s.contentWindow&&(s.removeAttribute("style"),"height"===t.message?(1e3<(r=parseInt(t.value,10))?r=1e3:~~r<200&&(r=200),s.height=r):"link"===t.message&&(r=new URL(s.getAttribute("src")),n=new URL(t.value),c.test(n.protocol))&&n.host===r.host&&l.activeElement===s&&(d.top.location.href=t.value))}},d.addEventListener("message",d.wp.receiveEmbedMessage,!1),l.addEventListener("DOMContentLoaded",function(){for(var e,t,s=l.querySelectorAll("iframe.wp-embedded-content"),r=0;r<s.length;r++)(t=(e=s[r]).getAttribute("data-secret"))||(t=Math.random().toString(36).substring(2,12),e.src+="#?secret="+t,e.setAttribute("data-secret",t)),e.contentWindow.postMessage({message:"ready",secret:t},"*")},!1)))}(window,document);
//# sourceURL=https://www.gereso.com/actualites/wp-includes/js/wp-embed.min.js
/* ]]> */
</script>

Bien que ce soit les mesures de transparence anti-corruption qui retiennent plus l’attention sur le projet  de loi Sapin II, ce texte comporte aussi des mesures de modernisation de la vie économique qui changeront la donne pour les micro-entrepreneurs. Présenté en conseil des ministres le mercredi 30 mars 2016, ce projet de loi propose d’étendre [&hellip;]
