{"version":"1.0","provider_name":"Le Blog GERESO","provider_url":"https:\/\/www.gereso.com\/actualites","author_name":"\u00c9quipe GERESO","author_url":"https:\/\/www.gereso.com\/actualites\/author\/gereso\/","title":"Droit du travail : extension du cong\u00e9 de proche aidant - Le Blog GERESO","type":"rich","width":600,"height":338,"html":"<blockquote class=\"wp-embedded-content\" data-secret=\"zpasBnb72s\"><a href=\"https:\/\/www.gereso.com\/actualites\/2016\/09\/07\/droit-travail-conge-proche-aidant\/\">Droit du travail : extension du cong\u00e9 de proche aidant<\/a><\/blockquote><iframe sandbox=\"allow-scripts\" security=\"restricted\" src=\"https:\/\/www.gereso.com\/actualites\/2016\/09\/07\/droit-travail-conge-proche-aidant\/embed\/#?secret=zpasBnb72s\" width=\"600\" height=\"338\" title=\"\u00ab\u00a0Droit du travail : extension du cong\u00e9 de proche aidant\u00a0\u00bb &#8212; Le Blog GERESO\" data-secret=\"zpasBnb72s\" frameborder=\"0\" marginwidth=\"0\" marginheight=\"0\" scrolling=\"no\" class=\"wp-embedded-content\"><\/iframe><script type=\"text\/javascript\">\n\/* <![CDATA[ *\/\n\/*! This file is auto-generated *\/\n!function(d,l){\"use strict\";l.querySelector&&d.addEventListener&&\"undefined\"!=typeof URL&&(d.wp=d.wp||{},d.wp.receiveEmbedMessage||(d.wp.receiveEmbedMessage=function(e){var t=e.data;if((t||t.secret||t.message||t.value)&&!\/[^a-zA-Z0-9]\/.test(t.secret)){for(var s,r,n,a=l.querySelectorAll('iframe[data-secret=\"'+t.secret+'\"]'),o=l.querySelectorAll('blockquote[data-secret=\"'+t.secret+'\"]'),c=new RegExp(\"^https?:$\",\"i\"),i=0;i<o.length;i++)o[i].style.display=\"none\";for(i=0;i<a.length;i++)s=a[i],e.source===s.contentWindow&&(s.removeAttribute(\"style\"),\"height\"===t.message?(1e3<(r=parseInt(t.value,10))?r=1e3:~~r<200&&(r=200),s.height=r):\"link\"===t.message&&(r=new URL(s.getAttribute(\"src\")),n=new URL(t.value),c.test(n.protocol))&&n.host===r.host&&l.activeElement===s&&(d.top.location.href=t.value))}},d.addEventListener(\"message\",d.wp.receiveEmbedMessage,!1),l.addEventListener(\"DOMContentLoaded\",function(){for(var e,t,s=l.querySelectorAll(\"iframe.wp-embedded-content\"),r=0;r<s.length;r++)(t=(e=s[r]).getAttribute(\"data-secret\"))||(t=Math.random().toString(36).substring(2,12),e.src+=\"#?secret=\"+t,e.setAttribute(\"data-secret\",t)),e.contentWindow.postMessage({message:\"ready\",secret:t},\"*\")},!1)))}(window,document);\n\/\/# sourceURL=https:\/\/www.gereso.com\/actualites\/wp-includes\/js\/wp-embed.min.js\n\/* ]]> *\/\n<\/script>\n","description":"Le cong\u00e9 de proche aidant est un dispositif mis en place pour remplacer le cong\u00e9 de soutien familial. Il permet au salari\u00e9 d&rsquo;aider un proche, ou une personne ext\u00e9rieure au cercle familial, \u00e2g\u00e9e ou handicap\u00e9e, avec laquelle le salari\u00e9 r\u00e9side ou entretient des liens \u00e9troits et stables, \u00e0 qui il vient en aide de mani\u00e8re [&hellip;]"}

Équipe GERESO

Droit du travail : extension du congé de proche aidant - Le Blog GERESO

<blockquote class="wp-embedded-content" data-secret="zpasBnb72s"><a href="https://www.gereso.com/actualites/2016/09/07/droit-travail-conge-proche-aidant/">Droit du travail : extension du congé de proche aidant</a></blockquote><iframe sandbox="allow-scripts" security="restricted" src="https://www.gereso.com/actualites/2016/09/07/droit-travail-conge-proche-aidant/embed/#?secret=zpasBnb72s" width="600" height="338" title="« Droit du travail : extension du congé de proche aidant » &#8212; Le Blog GERESO" data-secret="zpasBnb72s" frameborder="0" marginwidth="0" marginheight="0" scrolling="no" class="wp-embedded-content"></iframe><script type="text/javascript">
/* <![CDATA[ */
/*! This file is auto-generated */
!function(d,l){"use strict";l.querySelector&&d.addEventListener&&"undefined"!=typeof URL&&(d.wp=d.wp||{},d.wp.receiveEmbedMessage||(d.wp.receiveEmbedMessage=function(e){var t=e.data;if((t||t.secret||t.message||t.value)&&!/[^a-zA-Z0-9]/.test(t.secret)){for(var s,r,n,a=l.querySelectorAll('iframe[data-secret="'+t.secret+'"]'),o=l.querySelectorAll('blockquote[data-secret="'+t.secret+'"]'),c=new RegExp("^https?:$","i"),i=0;i<o.length;i++)o[i].style.display="none";for(i=0;i<a.length;i++)s=a[i],e.source===s.contentWindow&&(s.removeAttribute("style"),"height"===t.message?(1e3<(r=parseInt(t.value,10))?r=1e3:~~r<200&&(r=200),s.height=r):"link"===t.message&&(r=new URL(s.getAttribute("src")),n=new URL(t.value),c.test(n.protocol))&&n.host===r.host&&l.activeElement===s&&(d.top.location.href=t.value))}},d.addEventListener("message",d.wp.receiveEmbedMessage,!1),l.addEventListener("DOMContentLoaded",function(){for(var e,t,s=l.querySelectorAll("iframe.wp-embedded-content"),r=0;r<s.length;r++)(t=(e=s[r]).getAttribute("data-secret"))||(t=Math.random().toString(36).substring(2,12),e.src+="#?secret="+t,e.setAttribute("data-secret",t)),e.contentWindow.postMessage({message:"ready",secret:t},"*")},!1)))}(window,document);
//# sourceURL=https://www.gereso.com/actualites/wp-includes/js/wp-embed.min.js
/* ]]> */
</script>

Le congé de proche aidant est un dispositif mis en place pour remplacer le congé de soutien familial. Il permet au salarié d&rsquo;aider un proche, ou une personne extérieure au cercle familial, âgée ou handicapée, avec laquelle le salarié réside ou entretient des liens étroits et stables, à qui il vient en aide de manière [&hellip;]
