{"version":"1.0","provider_name":"Le Blog GERESO","provider_url":"https:\/\/www.gereso.com\/actualites","author_name":"\u00c9quipe GERESO","author_url":"https:\/\/www.gereso.com\/actualites\/author\/gereso\/","title":"Lu pour vous : \u00ab Le droit des contrats : Mode d\u2019emploi \u00bb de Yann MOTTURA - Le Blog GERESO","type":"rich","width":600,"height":338,"html":"<blockquote class=\"wp-embedded-content\" data-secret=\"75ZzXbNRvx\"><a href=\"https:\/\/www.gereso.com\/actualites\/2017\/03\/21\/droit-des-contrats-yann-mottura\/\">Lu pour vous : \u00ab Le droit des contrats : Mode d\u2019emploi \u00bb de Yann MOTTURA<\/a><\/blockquote><iframe sandbox=\"allow-scripts\" security=\"restricted\" src=\"https:\/\/www.gereso.com\/actualites\/2017\/03\/21\/droit-des-contrats-yann-mottura\/embed\/#?secret=75ZzXbNRvx\" width=\"600\" height=\"338\" title=\"\u00ab\u00a0Lu pour vous : \u00ab Le droit des contrats : Mode d\u2019emploi \u00bb de Yann MOTTURA\u00a0\u00bb &#8212; Le Blog GERESO\" data-secret=\"75ZzXbNRvx\" frameborder=\"0\" marginwidth=\"0\" marginheight=\"0\" scrolling=\"no\" class=\"wp-embedded-content\"><\/iframe><script type=\"text\/javascript\">\n\/* <![CDATA[ *\/\n\/*! This file is auto-generated *\/\n!function(d,l){\"use strict\";l.querySelector&&d.addEventListener&&\"undefined\"!=typeof URL&&(d.wp=d.wp||{},d.wp.receiveEmbedMessage||(d.wp.receiveEmbedMessage=function(e){var t=e.data;if((t||t.secret||t.message||t.value)&&!\/[^a-zA-Z0-9]\/.test(t.secret)){for(var s,r,n,a=l.querySelectorAll('iframe[data-secret=\"'+t.secret+'\"]'),o=l.querySelectorAll('blockquote[data-secret=\"'+t.secret+'\"]'),c=new RegExp(\"^https?:$\",\"i\"),i=0;i<o.length;i++)o[i].style.display=\"none\";for(i=0;i<a.length;i++)s=a[i],e.source===s.contentWindow&&(s.removeAttribute(\"style\"),\"height\"===t.message?(1e3<(r=parseInt(t.value,10))?r=1e3:~~r<200&&(r=200),s.height=r):\"link\"===t.message&&(r=new URL(s.getAttribute(\"src\")),n=new URL(t.value),c.test(n.protocol))&&n.host===r.host&&l.activeElement===s&&(d.top.location.href=t.value))}},d.addEventListener(\"message\",d.wp.receiveEmbedMessage,!1),l.addEventListener(\"DOMContentLoaded\",function(){for(var e,t,s=l.querySelectorAll(\"iframe.wp-embedded-content\"),r=0;r<s.length;r++)(t=(e=s[r]).getAttribute(\"data-secret\"))||(t=Math.random().toString(36).substring(2,12),e.src+=\"#?secret=\"+t,e.setAttribute(\"data-secret\",t)),e.contentWindow.postMessage({message:\"ready\",secret:t},\"*\")},!1)))}(window,document);\n\/\/# sourceURL=https:\/\/www.gereso.com\/actualites\/wp-includes\/js\/wp-embed.min.js\n\/* ]]> *\/\n<\/script>\n","thumbnail_url":"https:\/\/www.gereso.com\/actualites\/wp-content\/uploads\/2017\/01\/prime-page-le-droit-des-contrats.jpg","thumbnail_width":428,"thumbnail_height":612,"description":"De quoi parle cet ouvrage ? 60 questions d&rsquo;ordre pratique sont ainsi consid\u00e9r\u00e9es, en regard de l&rsquo;usage au quotidien des principes et des applications relatifs \u00e0 la mise en place d&rsquo;un contrat, et \u00e0 l&rsquo;implication de chacun des acteurs qui se lient. Les questions-r\u00e9ponses propos\u00e9es visent ainsi \u00e0 faire comprendre au grand public, sans toutefois [&hellip;]"}

Équipe GERESO

De quoi parle cet ouvrage ? 60 questions d&rsquo;ordre pratique sont ainsi considérées, en regard de l&rsquo;usage au quotidien des principes et des applications relatifs à la mise en place d&rsquo;un contrat, et à l&rsquo;implication de chacun des acteurs qui se lient. Les questions-réponses proposées visent ainsi à faire comprendre au grand public, sans toutefois [&hellip;]
