{"version":"1.0","provider_name":"Le Blog GERESO","provider_url":"https:\/\/www.gereso.com\/actualites","author_name":"GERESO","author_url":"https:\/\/www.gereso.com\/actualites\/author\/wpadm_16root\/","title":"Paroles de RH : \u00ab \u00c9voluer dans mon m\u00e9tier passait par une meilleure connaissance globale des RH \u00bb - Le Blog GERESO","type":"rich","width":600,"height":338,"html":"<blockquote class=\"wp-embedded-content\" data-secret=\"Zaqf6OOrOe\"><a href=\"https:\/\/www.gereso.com\/actualites\/2018\/04\/18\/evoluer-dans-les-rh\/\">Paroles de RH : \u00ab \u00c9voluer dans mon m\u00e9tier passait par une meilleure connaissance globale des RH \u00bb<\/a><\/blockquote><iframe sandbox=\"allow-scripts\" security=\"restricted\" src=\"https:\/\/www.gereso.com\/actualites\/2018\/04\/18\/evoluer-dans-les-rh\/embed\/#?secret=Zaqf6OOrOe\" width=\"600\" height=\"338\" title=\"\u00ab\u00a0Paroles de RH : \u00ab \u00c9voluer dans mon m\u00e9tier passait par une meilleure connaissance globale des RH \u00bb\u00a0\u00bb &#8212; Le Blog GERESO\" data-secret=\"Zaqf6OOrOe\" frameborder=\"0\" marginwidth=\"0\" marginheight=\"0\" scrolling=\"no\" class=\"wp-embedded-content\"><\/iframe><script type=\"text\/javascript\">\n\/* <![CDATA[ *\/\n\/*! This file is auto-generated *\/\n!function(d,l){\"use strict\";l.querySelector&&d.addEventListener&&\"undefined\"!=typeof URL&&(d.wp=d.wp||{},d.wp.receiveEmbedMessage||(d.wp.receiveEmbedMessage=function(e){var t=e.data;if((t||t.secret||t.message||t.value)&&!\/[^a-zA-Z0-9]\/.test(t.secret)){for(var s,r,n,a=l.querySelectorAll('iframe[data-secret=\"'+t.secret+'\"]'),o=l.querySelectorAll('blockquote[data-secret=\"'+t.secret+'\"]'),c=new RegExp(\"^https?:$\",\"i\"),i=0;i<o.length;i++)o[i].style.display=\"none\";for(i=0;i<a.length;i++)s=a[i],e.source===s.contentWindow&&(s.removeAttribute(\"style\"),\"height\"===t.message?(1e3<(r=parseInt(t.value,10))?r=1e3:~~r<200&&(r=200),s.height=r):\"link\"===t.message&&(r=new URL(s.getAttribute(\"src\")),n=new URL(t.value),c.test(n.protocol))&&n.host===r.host&&l.activeElement===s&&(d.top.location.href=t.value))}},d.addEventListener(\"message\",d.wp.receiveEmbedMessage,!1),l.addEventListener(\"DOMContentLoaded\",function(){for(var e,t,s=l.querySelectorAll(\"iframe.wp-embedded-content\"),r=0;r<s.length;r++)(t=(e=s[r]).getAttribute(\"data-secret\"))||(t=Math.random().toString(36).substring(2,12),e.src+=\"#?secret=\"+t,e.setAttribute(\"data-secret\",t)),e.contentWindow.postMessage({message:\"ready\",secret:t},\"*\")},!1)))}(window,document);\n\/\/# sourceURL=https:\/\/www.gereso.com\/actualites\/wp-includes\/js\/wp-embed.min.js\n\/* ]]> *\/\n<\/script>\n","thumbnail_url":"https:\/\/www.gereso.com\/actualites\/wp-content\/uploads\/2018\/04\/Diplome-ressources-humaines-GERESO.jpg","thumbnail_width":600,"thumbnail_height":400,"description":"Vous \u00eates entr\u00e9e en formation pour faciliter votre \u00e9volution professionnelle. Pouvez-vous nous expliquer\u00a0? &nbsp; Responsable Formation, j\u2019avais jusqu\u2019en avril 2016 pour mission de mettre en place et de n\u00e9gocier le plan de formation des 400 employ\u00e9s de l\u2019Agefiph. J\u2019avais par ailleurs abord\u00e9 au cours de cette mission divers sujets en rapport avec la gestion pr\u00e9visionnelle [&hellip;]"}

Paroles de RH : « Évoluer dans mon métier passait par une meilleure connaissance globale des RH » - Le Blog GERESO

<blockquote class="wp-embedded-content" data-secret="Zaqf6OOrOe"><a href="https://www.gereso.com/actualites/2018/04/18/evoluer-dans-les-rh/">Paroles de RH : « Évoluer dans mon métier passait par une meilleure connaissance globale des RH »</a></blockquote><iframe sandbox="allow-scripts" security="restricted" src="https://www.gereso.com/actualites/2018/04/18/evoluer-dans-les-rh/embed/#?secret=Zaqf6OOrOe" width="600" height="338" title="« Paroles de RH : « Évoluer dans mon métier passait par une meilleure connaissance globale des RH » » &#8212; Le Blog GERESO" data-secret="Zaqf6OOrOe" frameborder="0" marginwidth="0" marginheight="0" scrolling="no" class="wp-embedded-content"></iframe><script type="text/javascript">
/* <![CDATA[ */
/*! This file is auto-generated */
!function(d,l){"use strict";l.querySelector&&d.addEventListener&&"undefined"!=typeof URL&&(d.wp=d.wp||{},d.wp.receiveEmbedMessage||(d.wp.receiveEmbedMessage=function(e){var t=e.data;if((t||t.secret||t.message||t.value)&&!/[^a-zA-Z0-9]/.test(t.secret)){for(var s,r,n,a=l.querySelectorAll('iframe[data-secret="'+t.secret+'"]'),o=l.querySelectorAll('blockquote[data-secret="'+t.secret+'"]'),c=new RegExp("^https?:$","i"),i=0;i<o.length;i++)o[i].style.display="none";for(i=0;i<a.length;i++)s=a[i],e.source===s.contentWindow&&(s.removeAttribute("style"),"height"===t.message?(1e3<(r=parseInt(t.value,10))?r=1e3:~~r<200&&(r=200),s.height=r):"link"===t.message&&(r=new URL(s.getAttribute("src")),n=new URL(t.value),c.test(n.protocol))&&n.host===r.host&&l.activeElement===s&&(d.top.location.href=t.value))}},d.addEventListener("message",d.wp.receiveEmbedMessage,!1),l.addEventListener("DOMContentLoaded",function(){for(var e,t,s=l.querySelectorAll("iframe.wp-embedded-content"),r=0;r<s.length;r++)(t=(e=s[r]).getAttribute("data-secret"))||(t=Math.random().toString(36).substring(2,12),e.src+="#?secret="+t,e.setAttribute("data-secret",t)),e.contentWindow.postMessage({message:"ready",secret:t},"*")},!1)))}(window,document);
//# sourceURL=https://www.gereso.com/actualites/wp-includes/js/wp-embed.min.js
/* ]]> */
</script>

Vous êtes entrée en formation pour faciliter votre évolution professionnelle. Pouvez-vous nous expliquer ? &nbsp; Responsable Formation, j’avais jusqu’en avril 2016 pour mission de mettre en place et de négocier le plan de formation des 400 employés de l’Agefiph. J’avais par ailleurs abordé au cours de cette mission divers sujets en rapport avec la gestion prévisionnelle [&hellip;]
