{"version":"1.0","provider_name":"Le Blog GERESO","provider_url":"https:\/\/www.gereso.com\/actualites","author_name":"Damien P\u00e9an","author_url":"https:\/\/www.gereso.com\/actualites\/author\/d-pean\/","title":"TVS : les commentaires de l\u2019administration - Le Blog GERESO","type":"rich","width":600,"height":338,"html":"<blockquote class=\"wp-embedded-content\" data-secret=\"MCqfIlxmKo\"><a href=\"https:\/\/www.gereso.com\/actualites\/2018\/06\/10\/tvs-les-commentaires-de-ladministration\/\">TVS : les commentaires de l\u2019administration<\/a><\/blockquote><iframe sandbox=\"allow-scripts\" security=\"restricted\" src=\"https:\/\/www.gereso.com\/actualites\/2018\/06\/10\/tvs-les-commentaires-de-ladministration\/embed\/#?secret=MCqfIlxmKo\" width=\"600\" height=\"338\" title=\"\u00ab\u00a0TVS : les commentaires de l\u2019administration\u00a0\u00bb &#8212; Le Blog GERESO\" data-secret=\"MCqfIlxmKo\" frameborder=\"0\" marginwidth=\"0\" marginheight=\"0\" scrolling=\"no\" class=\"wp-embedded-content\"><\/iframe><script type=\"text\/javascript\">\n\/* <![CDATA[ *\/\n\/*! This file is auto-generated *\/\n!function(d,l){\"use strict\";l.querySelector&&d.addEventListener&&\"undefined\"!=typeof URL&&(d.wp=d.wp||{},d.wp.receiveEmbedMessage||(d.wp.receiveEmbedMessage=function(e){var t=e.data;if((t||t.secret||t.message||t.value)&&!\/[^a-zA-Z0-9]\/.test(t.secret)){for(var s,r,n,a=l.querySelectorAll('iframe[data-secret=\"'+t.secret+'\"]'),o=l.querySelectorAll('blockquote[data-secret=\"'+t.secret+'\"]'),c=new RegExp(\"^https?:$\",\"i\"),i=0;i<o.length;i++)o[i].style.display=\"none\";for(i=0;i<a.length;i++)s=a[i],e.source===s.contentWindow&&(s.removeAttribute(\"style\"),\"height\"===t.message?(1e3<(r=parseInt(t.value,10))?r=1e3:~~r<200&&(r=200),s.height=r):\"link\"===t.message&&(r=new URL(s.getAttribute(\"src\")),n=new URL(t.value),c.test(n.protocol))&&n.host===r.host&&l.activeElement===s&&(d.top.location.href=t.value))}},d.addEventListener(\"message\",d.wp.receiveEmbedMessage,!1),l.addEventListener(\"DOMContentLoaded\",function(){for(var e,t,s=l.querySelectorAll(\"iframe.wp-embedded-content\"),r=0;r<s.length;r++)(t=(e=s[r]).getAttribute(\"data-secret\"))||(t=Math.random().toString(36).substring(2,12),e.src+=\"#?secret=\"+t,e.setAttribute(\"data-secret\",t)),e.contentWindow.postMessage({message:\"ready\",secret:t},\"*\")},!1)))}(window,document);\n\/\/# sourceURL=https:\/\/www.gereso.com\/actualites\/wp-includes\/js\/wp-embed.min.js\n\/* ]]> *\/\n<\/script>\n","description":"Le bar\u00e8me de la taxe sur les v\u00e9hicules de soci\u00e9t\u00e9s (TVS) pour les v\u00e9hicules utilis\u00e9s en 2018 ainsi que les exon\u00e9rations dont b\u00e9n\u00e9ficient certains v\u00e9hicules ont \u00e9t\u00e9 modifi\u00e9s par la loi de financement de la S\u00e9curit\u00e9 sociale pour 2018. Toutes ces nouveaut\u00e9s viennent d\u2019\u00eatre comment\u00e9es au BOFiP, dans une publication du 6 juin 2018. TVS [&hellip;]"}

Damien Péan

Le barème de la taxe sur les véhicules de sociétés (TVS) pour les véhicules utilisés en 2018 ainsi que les exonérations dont bénéficient certains véhicules ont été modifiés par la loi de financement de la Sécurité sociale pour 2018. Toutes ces nouveautés viennent d’être commentées au BOFiP, dans une publication du 6 juin 2018. TVS [&hellip;]
