{"version":"1.0","provider_name":"Le Blog GERESO","provider_url":"https:\/\/www.gereso.com\/actualites","author_name":"St\u00e9phanie Denis-Laventure","author_url":"https:\/\/www.gereso.com\/actualites\/author\/s-denislaventure\/","title":"Construire sa carri\u00e8re de fonctionnaire - Le Blog GERESO","type":"rich","width":600,"height":338,"html":"<blockquote class=\"wp-embedded-content\" data-secret=\"EsQEAKhw9d\"><a href=\"https:\/\/www.gereso.com\/actualites\/2019\/05\/29\/construire-carriere-fonctionnaire\/\">Construire sa carri\u00e8re de fonctionnaire<\/a><\/blockquote><iframe sandbox=\"allow-scripts\" security=\"restricted\" src=\"https:\/\/www.gereso.com\/actualites\/2019\/05\/29\/construire-carriere-fonctionnaire\/embed\/#?secret=EsQEAKhw9d\" width=\"600\" height=\"338\" title=\"\u00ab\u00a0Construire sa carri\u00e8re de fonctionnaire\u00a0\u00bb &#8212; Le Blog GERESO\" data-secret=\"EsQEAKhw9d\" frameborder=\"0\" marginwidth=\"0\" marginheight=\"0\" scrolling=\"no\" class=\"wp-embedded-content\"><\/iframe><script type=\"text\/javascript\">\n\/* <![CDATA[ *\/\n\/*! This file is auto-generated *\/\n!function(d,l){\"use strict\";l.querySelector&&d.addEventListener&&\"undefined\"!=typeof URL&&(d.wp=d.wp||{},d.wp.receiveEmbedMessage||(d.wp.receiveEmbedMessage=function(e){var t=e.data;if((t||t.secret||t.message||t.value)&&!\/[^a-zA-Z0-9]\/.test(t.secret)){for(var s,r,n,a=l.querySelectorAll('iframe[data-secret=\"'+t.secret+'\"]'),o=l.querySelectorAll('blockquote[data-secret=\"'+t.secret+'\"]'),c=new RegExp(\"^https?:$\",\"i\"),i=0;i<o.length;i++)o[i].style.display=\"none\";for(i=0;i<a.length;i++)s=a[i],e.source===s.contentWindow&&(s.removeAttribute(\"style\"),\"height\"===t.message?(1e3<(r=parseInt(t.value,10))?r=1e3:~~r<200&&(r=200),s.height=r):\"link\"===t.message&&(r=new URL(s.getAttribute(\"src\")),n=new URL(t.value),c.test(n.protocol))&&n.host===r.host&&l.activeElement===s&&(d.top.location.href=t.value))}},d.addEventListener(\"message\",d.wp.receiveEmbedMessage,!1),l.addEventListener(\"DOMContentLoaded\",function(){for(var e,t,s=l.querySelectorAll(\"iframe.wp-embedded-content\"),r=0;r<s.length;r++)(t=(e=s[r]).getAttribute(\"data-secret\"))||(t=Math.random().toString(36).substring(2,12),e.src+=\"#?secret=\"+t,e.setAttribute(\"data-secret\",t)),e.contentWindow.postMessage({message:\"ready\",secret:t},\"*\")},!1)))}(window,document);\n\/\/# sourceURL=https:\/\/www.gereso.com\/actualites\/wp-includes\/js\/wp-embed.min.js\n\/* ]]> *\/\n<\/script>\n","thumbnail_url":"https:\/\/www.gereso.com\/actualites\/wp-content\/uploads\/2019\/05\/carriere-fp.jpg","thumbnail_width":600,"thumbnail_height":400,"description":"Mutation interne et externe des fonctionnaires La Gestion Pr\u00e9visionnelle des Emplois et des Comp\u00e9tences a introduit la notion de transfert de comp\u00e9tences, privil\u00e9giant ainsi un r\u00e9el d\u00e9veloppement de carri\u00e8re en interne. Il est offert aux agents la possibilit\u00e9 de r\u00e9pondre \u00e0 des avis de vacance en interne pour changer de poste mais \u00e9galement de m\u00e9tier. [&hellip;]"}

Stéphanie Denis-Laventure

Construire sa carrière de fonctionnaire - Le Blog GERESO

<blockquote class="wp-embedded-content" data-secret="EsQEAKhw9d"><a href="https://www.gereso.com/actualites/2019/05/29/construire-carriere-fonctionnaire/">Construire sa carrière de fonctionnaire</a></blockquote><iframe sandbox="allow-scripts" security="restricted" src="https://www.gereso.com/actualites/2019/05/29/construire-carriere-fonctionnaire/embed/#?secret=EsQEAKhw9d" width="600" height="338" title="« Construire sa carrière de fonctionnaire » &#8212; Le Blog GERESO" data-secret="EsQEAKhw9d" frameborder="0" marginwidth="0" marginheight="0" scrolling="no" class="wp-embedded-content"></iframe><script type="text/javascript">
/* <![CDATA[ */
/*! This file is auto-generated */
!function(d,l){"use strict";l.querySelector&&d.addEventListener&&"undefined"!=typeof URL&&(d.wp=d.wp||{},d.wp.receiveEmbedMessage||(d.wp.receiveEmbedMessage=function(e){var t=e.data;if((t||t.secret||t.message||t.value)&&!/[^a-zA-Z0-9]/.test(t.secret)){for(var s,r,n,a=l.querySelectorAll('iframe[data-secret="'+t.secret+'"]'),o=l.querySelectorAll('blockquote[data-secret="'+t.secret+'"]'),c=new RegExp("^https?:$","i"),i=0;i<o.length;i++)o[i].style.display="none";for(i=0;i<a.length;i++)s=a[i],e.source===s.contentWindow&&(s.removeAttribute("style"),"height"===t.message?(1e3<(r=parseInt(t.value,10))?r=1e3:~~r<200&&(r=200),s.height=r):"link"===t.message&&(r=new URL(s.getAttribute("src")),n=new URL(t.value),c.test(n.protocol))&&n.host===r.host&&l.activeElement===s&&(d.top.location.href=t.value))}},d.addEventListener("message",d.wp.receiveEmbedMessage,!1),l.addEventListener("DOMContentLoaded",function(){for(var e,t,s=l.querySelectorAll("iframe.wp-embedded-content"),r=0;r<s.length;r++)(t=(e=s[r]).getAttribute("data-secret"))||(t=Math.random().toString(36).substring(2,12),e.src+="#?secret="+t,e.setAttribute("data-secret",t)),e.contentWindow.postMessage({message:"ready",secret:t},"*")},!1)))}(window,document);
//# sourceURL=https://www.gereso.com/actualites/wp-includes/js/wp-embed.min.js
/* ]]> */
</script>

Mutation interne et externe des fonctionnaires La Gestion Prévisionnelle des Emplois et des Compétences a introduit la notion de transfert de compétences, privilégiant ainsi un réel développement de carrière en interne. Il est offert aux agents la possibilité de répondre à des avis de vacance en interne pour changer de poste mais également de métier. [&hellip;]
