{"version":"1.0","provider_name":"Le Blog GERESO","provider_url":"https:\/\/www.gereso.com\/actualites","author_name":"S\u00e9verine Augry","author_url":"https:\/\/www.gereso.com\/actualites\/author\/s-augry\/","title":"Le cong\u00e9 de paternit\u00e9 et d\u2019accueil de l\u2019enfant - Le Blog GERESO","type":"rich","width":600,"height":338,"html":"<blockquote class=\"wp-embedded-content\" data-secret=\"IYA9fRrt0A\"><a href=\"https:\/\/www.gereso.com\/actualites\/2019\/12\/02\/conge-paternite-accueil-enfant\/\">Le cong\u00e9 de paternit\u00e9 et d\u2019accueil de l\u2019enfant<\/a><\/blockquote><iframe sandbox=\"allow-scripts\" security=\"restricted\" src=\"https:\/\/www.gereso.com\/actualites\/2019\/12\/02\/conge-paternite-accueil-enfant\/embed\/#?secret=IYA9fRrt0A\" width=\"600\" height=\"338\" title=\"\u00ab\u00a0Le cong\u00e9 de paternit\u00e9 et d\u2019accueil de l\u2019enfant\u00a0\u00bb &#8212; Le Blog GERESO\" data-secret=\"IYA9fRrt0A\" frameborder=\"0\" marginwidth=\"0\" marginheight=\"0\" scrolling=\"no\" class=\"wp-embedded-content\"><\/iframe><script type=\"text\/javascript\">\n\/* <![CDATA[ *\/\n\/*! This file is auto-generated *\/\n!function(d,l){\"use strict\";l.querySelector&&d.addEventListener&&\"undefined\"!=typeof URL&&(d.wp=d.wp||{},d.wp.receiveEmbedMessage||(d.wp.receiveEmbedMessage=function(e){var t=e.data;if((t||t.secret||t.message||t.value)&&!\/[^a-zA-Z0-9]\/.test(t.secret)){for(var s,r,n,a=l.querySelectorAll('iframe[data-secret=\"'+t.secret+'\"]'),o=l.querySelectorAll('blockquote[data-secret=\"'+t.secret+'\"]'),c=new RegExp(\"^https?:$\",\"i\"),i=0;i<o.length;i++)o[i].style.display=\"none\";for(i=0;i<a.length;i++)s=a[i],e.source===s.contentWindow&&(s.removeAttribute(\"style\"),\"height\"===t.message?(1e3<(r=parseInt(t.value,10))?r=1e3:~~r<200&&(r=200),s.height=r):\"link\"===t.message&&(r=new URL(s.getAttribute(\"src\")),n=new URL(t.value),c.test(n.protocol))&&n.host===r.host&&l.activeElement===s&&(d.top.location.href=t.value))}},d.addEventListener(\"message\",d.wp.receiveEmbedMessage,!1),l.addEventListener(\"DOMContentLoaded\",function(){for(var e,t,s=l.querySelectorAll(\"iframe.wp-embedded-content\"),r=0;r<s.length;r++)(t=(e=s[r]).getAttribute(\"data-secret\"))||(t=Math.random().toString(36).substring(2,12),e.src+=\"#?secret=\"+t,e.setAttribute(\"data-secret\",t)),e.contentWindow.postMessage({message:\"ready\",secret:t},\"*\")},!1)))}(window,document);\n\/\/# sourceURL=https:\/\/www.gereso.com\/actualites\/wp-includes\/js\/wp-embed.min.js\n\/* ]]> *\/\n<\/script>\n","thumbnail_url":"https:\/\/www.gereso.com\/actualites\/wp-content\/uploads\/2019\/12\/conge-paternite-accueil-enfant.jpg","thumbnail_width":600,"thumbnail_height":400,"description":"De nombreux d\u00e9bats portent actuellement sur ce cong\u00e9 paternit\u00e9. Les premiers changements sont apparus au niveau du cong\u00e9 parental avec un r\u00e9\u00e9quilibrage des cong\u00e9s entre les deux parents. Aujourd\u2019hui se pose la question de la pr\u00e9sence du p\u00e8re lors de la naissance et des premiers mois de l\u2019enfant. L\u2019objectif affich\u00e9 du l\u00e9gislateur est d\u2019investir le [&hellip;]"}

Séverine Augry

Le congé de paternité et d’accueil de l’enfant - Le Blog GERESO

<blockquote class="wp-embedded-content" data-secret="IYA9fRrt0A"><a href="https://www.gereso.com/actualites/2019/12/02/conge-paternite-accueil-enfant/">Le congé de paternité et d’accueil de l’enfant</a></blockquote><iframe sandbox="allow-scripts" security="restricted" src="https://www.gereso.com/actualites/2019/12/02/conge-paternite-accueil-enfant/embed/#?secret=IYA9fRrt0A" width="600" height="338" title="« Le congé de paternité et d’accueil de l’enfant » &#8212; Le Blog GERESO" data-secret="IYA9fRrt0A" frameborder="0" marginwidth="0" marginheight="0" scrolling="no" class="wp-embedded-content"></iframe><script type="text/javascript">
/* <![CDATA[ */
/*! This file is auto-generated */
!function(d,l){"use strict";l.querySelector&&d.addEventListener&&"undefined"!=typeof URL&&(d.wp=d.wp||{},d.wp.receiveEmbedMessage||(d.wp.receiveEmbedMessage=function(e){var t=e.data;if((t||t.secret||t.message||t.value)&&!/[^a-zA-Z0-9]/.test(t.secret)){for(var s,r,n,a=l.querySelectorAll('iframe[data-secret="'+t.secret+'"]'),o=l.querySelectorAll('blockquote[data-secret="'+t.secret+'"]'),c=new RegExp("^https?:$","i"),i=0;i<o.length;i++)o[i].style.display="none";for(i=0;i<a.length;i++)s=a[i],e.source===s.contentWindow&&(s.removeAttribute("style"),"height"===t.message?(1e3<(r=parseInt(t.value,10))?r=1e3:~~r<200&&(r=200),s.height=r):"link"===t.message&&(r=new URL(s.getAttribute("src")),n=new URL(t.value),c.test(n.protocol))&&n.host===r.host&&l.activeElement===s&&(d.top.location.href=t.value))}},d.addEventListener("message",d.wp.receiveEmbedMessage,!1),l.addEventListener("DOMContentLoaded",function(){for(var e,t,s=l.querySelectorAll("iframe.wp-embedded-content"),r=0;r<s.length;r++)(t=(e=s[r]).getAttribute("data-secret"))||(t=Math.random().toString(36).substring(2,12),e.src+="#?secret="+t,e.setAttribute("data-secret",t)),e.contentWindow.postMessage({message:"ready",secret:t},"*")},!1)))}(window,document);
//# sourceURL=https://www.gereso.com/actualites/wp-includes/js/wp-embed.min.js
/* ]]> */
</script>

De nombreux débats portent actuellement sur ce congé paternité. Les premiers changements sont apparus au niveau du congé parental avec un rééquilibrage des congés entre les deux parents. Aujourd’hui se pose la question de la présence du père lors de la naissance et des premiers mois de l’enfant. L’objectif affiché du législateur est d’investir le [&hellip;]
