{"version":"1.0","provider_name":"Le Blog GERESO","provider_url":"https:\/\/www.gereso.com\/actualites","author_name":"Soumia Aziria","author_url":"https:\/\/www.gereso.com\/actualites\/author\/s-aziria\/","title":"Le droit de gr\u00e8ve au sein de la fonction publique - Le Blog GERESO","type":"rich","width":600,"height":338,"html":"<blockquote class=\"wp-embedded-content\" data-secret=\"kYUBkd1Zkn\"><a href=\"https:\/\/www.gereso.com\/actualites\/2020\/01\/06\/droit-greve-fonction-publique\/\">Le droit de gr\u00e8ve au sein de la fonction publique<\/a><\/blockquote><iframe sandbox=\"allow-scripts\" security=\"restricted\" src=\"https:\/\/www.gereso.com\/actualites\/2020\/01\/06\/droit-greve-fonction-publique\/embed\/#?secret=kYUBkd1Zkn\" width=\"600\" height=\"338\" title=\"\u00ab\u00a0Le droit de gr\u00e8ve au sein de la fonction publique\u00a0\u00bb &#8212; Le Blog GERESO\" data-secret=\"kYUBkd1Zkn\" frameborder=\"0\" marginwidth=\"0\" marginheight=\"0\" scrolling=\"no\" class=\"wp-embedded-content\"><\/iframe><script type=\"text\/javascript\">\n\/* <![CDATA[ *\/\n\/*! This file is auto-generated *\/\n!function(d,l){\"use strict\";l.querySelector&&d.addEventListener&&\"undefined\"!=typeof URL&&(d.wp=d.wp||{},d.wp.receiveEmbedMessage||(d.wp.receiveEmbedMessage=function(e){var t=e.data;if((t||t.secret||t.message||t.value)&&!\/[^a-zA-Z0-9]\/.test(t.secret)){for(var s,r,n,a=l.querySelectorAll('iframe[data-secret=\"'+t.secret+'\"]'),o=l.querySelectorAll('blockquote[data-secret=\"'+t.secret+'\"]'),c=new RegExp(\"^https?:$\",\"i\"),i=0;i<o.length;i++)o[i].style.display=\"none\";for(i=0;i<a.length;i++)s=a[i],e.source===s.contentWindow&&(s.removeAttribute(\"style\"),\"height\"===t.message?(1e3<(r=parseInt(t.value,10))?r=1e3:~~r<200&&(r=200),s.height=r):\"link\"===t.message&&(r=new URL(s.getAttribute(\"src\")),n=new URL(t.value),c.test(n.protocol))&&n.host===r.host&&l.activeElement===s&&(d.top.location.href=t.value))}},d.addEventListener(\"message\",d.wp.receiveEmbedMessage,!1),l.addEventListener(\"DOMContentLoaded\",function(){for(var e,t,s=l.querySelectorAll(\"iframe.wp-embedded-content\"),r=0;r<s.length;r++)(t=(e=s[r]).getAttribute(\"data-secret\"))||(t=Math.random().toString(36).substring(2,12),e.src+=\"#?secret=\"+t,e.setAttribute(\"data-secret\",t)),e.contentWindow.postMessage({message:\"ready\",secret:t},\"*\")},!1)))}(window,document);\n\/\/# sourceURL=https:\/\/www.gereso.com\/actualites\/wp-includes\/js\/wp-embed.min.js\n\/* ]]> *\/\n<\/script>\n","thumbnail_url":"https:\/\/www.gereso.com\/actualites\/wp-content\/uploads\/2020\/01\/GreveFonctionPublique.jpg","thumbnail_width":600,"thumbnail_height":400,"description":"La gr\u00e8ve : un droit constitutionnel Le droit de gr\u00e8ve des salari\u00e9s est un droit constitutionnel (Cons. const. 25 juill. 1979) et fondamental. En effet, l\u2019article 28 de la Charte des droits fondamentaux de l\u2019Union europ\u00e9enne du 7 d\u00e9cembre 2000 pr\u00e9voit que \u00ab les travailleurs et les employeurs, ou leurs organisations respectives, ont, conform\u00e9ment au [&hellip;]"}

Le droit de grève au sein de la fonction publique - Le Blog GERESO

<blockquote class="wp-embedded-content" data-secret="kYUBkd1Zkn"><a href="https://www.gereso.com/actualites/2020/01/06/droit-greve-fonction-publique/">Le droit de grève au sein de la fonction publique</a></blockquote><iframe sandbox="allow-scripts" security="restricted" src="https://www.gereso.com/actualites/2020/01/06/droit-greve-fonction-publique/embed/#?secret=kYUBkd1Zkn" width="600" height="338" title="« Le droit de grève au sein de la fonction publique » &#8212; Le Blog GERESO" data-secret="kYUBkd1Zkn" frameborder="0" marginwidth="0" marginheight="0" scrolling="no" class="wp-embedded-content"></iframe><script type="text/javascript">
/* <![CDATA[ */
/*! This file is auto-generated */
!function(d,l){"use strict";l.querySelector&&d.addEventListener&&"undefined"!=typeof URL&&(d.wp=d.wp||{},d.wp.receiveEmbedMessage||(d.wp.receiveEmbedMessage=function(e){var t=e.data;if((t||t.secret||t.message||t.value)&&!/[^a-zA-Z0-9]/.test(t.secret)){for(var s,r,n,a=l.querySelectorAll('iframe[data-secret="'+t.secret+'"]'),o=l.querySelectorAll('blockquote[data-secret="'+t.secret+'"]'),c=new RegExp("^https?:$","i"),i=0;i<o.length;i++)o[i].style.display="none";for(i=0;i<a.length;i++)s=a[i],e.source===s.contentWindow&&(s.removeAttribute("style"),"height"===t.message?(1e3<(r=parseInt(t.value,10))?r=1e3:~~r<200&&(r=200),s.height=r):"link"===t.message&&(r=new URL(s.getAttribute("src")),n=new URL(t.value),c.test(n.protocol))&&n.host===r.host&&l.activeElement===s&&(d.top.location.href=t.value))}},d.addEventListener("message",d.wp.receiveEmbedMessage,!1),l.addEventListener("DOMContentLoaded",function(){for(var e,t,s=l.querySelectorAll("iframe.wp-embedded-content"),r=0;r<s.length;r++)(t=(e=s[r]).getAttribute("data-secret"))||(t=Math.random().toString(36).substring(2,12),e.src+="#?secret="+t,e.setAttribute("data-secret",t)),e.contentWindow.postMessage({message:"ready",secret:t},"*")},!1)))}(window,document);
//# sourceURL=https://www.gereso.com/actualites/wp-includes/js/wp-embed.min.js
/* ]]> */
</script>

La grève : un droit constitutionnel Le droit de grève des salariés est un droit constitutionnel (Cons. const. 25 juill. 1979) et fondamental. En effet, l’article 28 de la Charte des droits fondamentaux de l’Union européenne du 7 décembre 2000 prévoit que « les travailleurs et les employeurs, ou leurs organisations respectives, ont, conformément au [&hellip;]
