{"version":"1.0","provider_name":"Le Blog GERESO","provider_url":"https:\/\/www.gereso.com\/actualites","author_name":"\u00c9quipe GERESO","author_url":"https:\/\/www.gereso.com\/actualites\/author\/gereso\/","title":"La rupture conventionnelle dans la fonction publique - Le Blog GERESO","type":"rich","width":600,"height":338,"html":"<blockquote class=\"wp-embedded-content\" data-secret=\"yeB5EV2XPz\"><a href=\"https:\/\/www.gereso.com\/actualites\/2020\/01\/21\/rupture-conventionnelle-fonction-publique\/\">La rupture conventionnelle dans la fonction publique<\/a><\/blockquote><iframe sandbox=\"allow-scripts\" security=\"restricted\" src=\"https:\/\/www.gereso.com\/actualites\/2020\/01\/21\/rupture-conventionnelle-fonction-publique\/embed\/#?secret=yeB5EV2XPz\" width=\"600\" height=\"338\" title=\"\u00ab\u00a0La rupture conventionnelle dans la fonction publique\u00a0\u00bb &#8212; Le Blog GERESO\" data-secret=\"yeB5EV2XPz\" frameborder=\"0\" marginwidth=\"0\" marginheight=\"0\" scrolling=\"no\" class=\"wp-embedded-content\"><\/iframe><script type=\"text\/javascript\">\n\/* <![CDATA[ *\/\n\/*! This file is auto-generated *\/\n!function(d,l){\"use strict\";l.querySelector&&d.addEventListener&&\"undefined\"!=typeof URL&&(d.wp=d.wp||{},d.wp.receiveEmbedMessage||(d.wp.receiveEmbedMessage=function(e){var t=e.data;if((t||t.secret||t.message||t.value)&&!\/[^a-zA-Z0-9]\/.test(t.secret)){for(var s,r,n,a=l.querySelectorAll('iframe[data-secret=\"'+t.secret+'\"]'),o=l.querySelectorAll('blockquote[data-secret=\"'+t.secret+'\"]'),c=new RegExp(\"^https?:$\",\"i\"),i=0;i<o.length;i++)o[i].style.display=\"none\";for(i=0;i<a.length;i++)s=a[i],e.source===s.contentWindow&&(s.removeAttribute(\"style\"),\"height\"===t.message?(1e3<(r=parseInt(t.value,10))?r=1e3:~~r<200&&(r=200),s.height=r):\"link\"===t.message&&(r=new URL(s.getAttribute(\"src\")),n=new URL(t.value),c.test(n.protocol))&&n.host===r.host&&l.activeElement===s&&(d.top.location.href=t.value))}},d.addEventListener(\"message\",d.wp.receiveEmbedMessage,!1),l.addEventListener(\"DOMContentLoaded\",function(){for(var e,t,s=l.querySelectorAll(\"iframe.wp-embedded-content\"),r=0;r<s.length;r++)(t=(e=s[r]).getAttribute(\"data-secret\"))||(t=Math.random().toString(36).substring(2,12),e.src+=\"#?secret=\"+t,e.setAttribute(\"data-secret\",t)),e.contentWindow.postMessage({message:\"ready\",secret:t},\"*\")},!1)))}(window,document);\n\/\/# sourceURL=https:\/\/www.gereso.com\/actualites\/wp-includes\/js\/wp-embed.min.js\n\/* ]]> *\/\n<\/script>\n","thumbnail_url":"https:\/\/www.gereso.com\/actualites\/wp-content\/uploads\/2020\/01\/RuptureConventionnelle.jpg","thumbnail_width":600,"thumbnail_height":400,"description":"L\u2019article 72 de la loi du 6 ao\u00fbt 2019, pr\u00e9cit\u00e9e, pr\u00e9voit que cette disposition ne s\u2019applique pas : 1\u00b0 Aux fonctionnaires stagiaires&nbsp;; 2\u00b0 Aux agents ayant atteint l\u2019\u00e2ge d\u2019ouverture du droit \u00e0 une pension de retraite et remplissant les conditions pour obtenir la liquidation d\u2019une pension de retraite au taux plein du r\u00e9gime g\u00e9n\u00e9ral de [&hellip;]"}

Équipe GERESO

L’article 72 de la loi du 6 août 2019, précitée, prévoit que cette disposition ne s’applique pas : 1° Aux fonctionnaires stagiaires&nbsp;; 2° Aux agents ayant atteint l’âge d’ouverture du droit à une pension de retraite et remplissant les conditions pour obtenir la liquidation d’une pension de retraite au taux plein du régime général de [&hellip;]
