{"version":"1.0","provider_name":"Le Blog GERESO","provider_url":"https:\/\/www.gereso.com\/actualites","author_name":"Damien P\u00e9an","author_url":"https:\/\/www.gereso.com\/actualites\/author\/d-pean\/","title":"TVA : revalorisation des seuils - Le Blog GERESO","type":"rich","width":600,"height":338,"html":"<blockquote class=\"wp-embedded-content\" data-secret=\"pcTCI8GzSZ\"><a href=\"https:\/\/www.gereso.com\/actualites\/2020\/01\/30\/tva-revalorisation-des-seuils\/\">TVA : revalorisation des seuils<\/a><\/blockquote><iframe sandbox=\"allow-scripts\" security=\"restricted\" src=\"https:\/\/www.gereso.com\/actualites\/2020\/01\/30\/tva-revalorisation-des-seuils\/embed\/#?secret=pcTCI8GzSZ\" width=\"600\" height=\"338\" title=\"\u00ab\u00a0TVA : revalorisation des seuils\u00a0\u00bb &#8212; Le Blog GERESO\" data-secret=\"pcTCI8GzSZ\" frameborder=\"0\" marginwidth=\"0\" marginheight=\"0\" scrolling=\"no\" class=\"wp-embedded-content\"><\/iframe><script type=\"text\/javascript\">\n\/* <![CDATA[ *\/\n\/*! This file is auto-generated *\/\n!function(d,l){\"use strict\";l.querySelector&&d.addEventListener&&\"undefined\"!=typeof URL&&(d.wp=d.wp||{},d.wp.receiveEmbedMessage||(d.wp.receiveEmbedMessage=function(e){var t=e.data;if((t||t.secret||t.message||t.value)&&!\/[^a-zA-Z0-9]\/.test(t.secret)){for(var s,r,n,a=l.querySelectorAll('iframe[data-secret=\"'+t.secret+'\"]'),o=l.querySelectorAll('blockquote[data-secret=\"'+t.secret+'\"]'),c=new RegExp(\"^https?:$\",\"i\"),i=0;i<o.length;i++)o[i].style.display=\"none\";for(i=0;i<a.length;i++)s=a[i],e.source===s.contentWindow&&(s.removeAttribute(\"style\"),\"height\"===t.message?(1e3<(r=parseInt(t.value,10))?r=1e3:~~r<200&&(r=200),s.height=r):\"link\"===t.message&&(r=new URL(s.getAttribute(\"src\")),n=new URL(t.value),c.test(n.protocol))&&n.host===r.host&&l.activeElement===s&&(d.top.location.href=t.value))}},d.addEventListener(\"message\",d.wp.receiveEmbedMessage,!1),l.addEventListener(\"DOMContentLoaded\",function(){for(var e,t,s=l.querySelectorAll(\"iframe.wp-embedded-content\"),r=0;r<s.length;r++)(t=(e=s[r]).getAttribute(\"data-secret\"))||(t=Math.random().toString(36).substring(2,12),e.src+=\"#?secret=\"+t,e.setAttribute(\"data-secret\",t)),e.contentWindow.postMessage({message:\"ready\",secret:t},\"*\")},!1)))}(window,document);\n\/\/# sourceURL=https:\/\/www.gereso.com\/actualites\/wp-includes\/js\/wp-embed.min.js\n\/* ]]> *\/\n<\/script>\n","description":"Les seuils de chiffre d\u2019affaires permettant de b\u00e9n\u00e9ficier en mati\u00e8re de TVA du r\u00e9gime de la franchise en base et du r\u00e9gime simplifi\u00e9 d\u2019imposition sont d\u00e9sormais connus pour la p\u00e9riode 2020-2022. Une revalorisation tous les 3 ans Les plafonds de chiffre d\u2019affaires fixant le r\u00e9gime de TVA applicable de plein droit sont revaloris\u00e9s tous les [&hellip;]"}

Damien Péan

Les seuils de chiffre d’affaires permettant de bénéficier en matière de TVA du régime de la franchise en base et du régime simplifié d’imposition sont désormais connus pour la période 2020-2022. Une revalorisation tous les 3 ans Les plafonds de chiffre d’affaires fixant le régime de TVA applicable de plein droit sont revalorisés tous les [&hellip;]
