{"version":"1.0","provider_name":"Le Blog GERESO","provider_url":"https:\/\/www.gereso.com\/actualites","author_name":"Damien P\u00e9an","author_url":"https:\/\/www.gereso.com\/actualites\/author\/d-pean\/","title":"Contribution formation avant le 1er mars - Le Blog GERESO","type":"rich","width":600,"height":338,"html":"<blockquote class=\"wp-embedded-content\" data-secret=\"s7UGtKdh3a\"><a href=\"https:\/\/www.gereso.com\/actualites\/2020\/02\/15\/contribution-formation-avant-le-1er-mars\/\">Contribution formation avant le 1er mars<\/a><\/blockquote><iframe sandbox=\"allow-scripts\" security=\"restricted\" src=\"https:\/\/www.gereso.com\/actualites\/2020\/02\/15\/contribution-formation-avant-le-1er-mars\/embed\/#?secret=s7UGtKdh3a\" width=\"600\" height=\"338\" title=\"\u00ab\u00a0Contribution formation avant le 1er mars\u00a0\u00bb &#8212; Le Blog GERESO\" data-secret=\"s7UGtKdh3a\" frameborder=\"0\" marginwidth=\"0\" marginheight=\"0\" scrolling=\"no\" class=\"wp-embedded-content\"><\/iframe><script type=\"text\/javascript\">\n\/* <![CDATA[ *\/\n\/*! This file is auto-generated *\/\n!function(d,l){\"use strict\";l.querySelector&&d.addEventListener&&\"undefined\"!=typeof URL&&(d.wp=d.wp||{},d.wp.receiveEmbedMessage||(d.wp.receiveEmbedMessage=function(e){var t=e.data;if((t||t.secret||t.message||t.value)&&!\/[^a-zA-Z0-9]\/.test(t.secret)){for(var s,r,n,a=l.querySelectorAll('iframe[data-secret=\"'+t.secret+'\"]'),o=l.querySelectorAll('blockquote[data-secret=\"'+t.secret+'\"]'),c=new RegExp(\"^https?:$\",\"i\"),i=0;i<o.length;i++)o[i].style.display=\"none\";for(i=0;i<a.length;i++)s=a[i],e.source===s.contentWindow&&(s.removeAttribute(\"style\"),\"height\"===t.message?(1e3<(r=parseInt(t.value,10))?r=1e3:~~r<200&&(r=200),s.height=r):\"link\"===t.message&&(r=new URL(s.getAttribute(\"src\")),n=new URL(t.value),c.test(n.protocol))&&n.host===r.host&&l.activeElement===s&&(d.top.location.href=t.value))}},d.addEventListener(\"message\",d.wp.receiveEmbedMessage,!1),l.addEventListener(\"DOMContentLoaded\",function(){for(var e,t,s=l.querySelectorAll(\"iframe.wp-embedded-content\"),r=0;r<s.length;r++)(t=(e=s[r]).getAttribute(\"data-secret\"))||(t=Math.random().toString(36).substring(2,12),e.src+=\"#?secret=\"+t,e.setAttribute(\"data-secret\",t)),e.contentWindow.postMessage({message:\"ready\",secret:t},\"*\")},!1)))}(window,document);\n\/\/# sourceURL=https:\/\/www.gereso.com\/actualites\/wp-includes\/js\/wp-embed.min.js\n\/* ]]> *\/\n<\/script>\n","description":"Tous les employeurs doivent verser une contribution \u00e0 la formation professionnelle avant le 1er mars 2020 \u00e0 leur OPCO. Depuis l\u2019an dernier, un syst\u00e8me d\u2019acomptes est mis en place. Premi\u00e8re ann\u00e9e d\u2019application de la r\u00e9forme Le financement et les modalit\u00e9s de versement de la taxe d\u2019apprentissage et de la formation professionnelle continue ont \u00e9t\u00e9 profond\u00e9ment [&hellip;]"}

Damien Péan

Tous les employeurs doivent verser une contribution à la formation professionnelle avant le 1er mars 2020 à leur OPCO. Depuis l’an dernier, un système d’acomptes est mis en place. Première année d’application de la réforme Le financement et les modalités de versement de la taxe d’apprentissage et de la formation professionnelle continue ont été profondément [&hellip;]
