{"version":"1.0","provider_name":"Le Blog GERESO","provider_url":"https:\/\/www.gereso.com\/actualites","author_name":"\u00c9quipe GERESO","author_url":"https:\/\/www.gereso.com\/actualites\/author\/gereso\/","title":"Gestion de la paie : 2 mesures issues du projet de loi de finances rectificative - Le Blog GERESO","type":"rich","width":600,"height":338,"html":"<blockquote class=\"wp-embedded-content\" data-secret=\"QsVCHsVpQo\"><a href=\"https:\/\/www.gereso.com\/actualites\/2020\/07\/02\/paie-projet-loi-finances-rectificative\/\">Gestion de la paie : 2 mesures issues du projet de loi de finances rectificative<\/a><\/blockquote><iframe sandbox=\"allow-scripts\" security=\"restricted\" src=\"https:\/\/www.gereso.com\/actualites\/2020\/07\/02\/paie-projet-loi-finances-rectificative\/embed\/#?secret=QsVCHsVpQo\" width=\"600\" height=\"338\" title=\"\u00ab\u00a0Gestion de la paie : 2 mesures issues du projet de loi de finances rectificative\u00a0\u00bb &#8212; Le Blog GERESO\" data-secret=\"QsVCHsVpQo\" frameborder=\"0\" marginwidth=\"0\" marginheight=\"0\" scrolling=\"no\" class=\"wp-embedded-content\"><\/iframe><script type=\"text\/javascript\">\n\/* <![CDATA[ *\/\n\/*! This file is auto-generated *\/\n!function(d,l){\"use strict\";l.querySelector&&d.addEventListener&&\"undefined\"!=typeof URL&&(d.wp=d.wp||{},d.wp.receiveEmbedMessage||(d.wp.receiveEmbedMessage=function(e){var t=e.data;if((t||t.secret||t.message||t.value)&&!\/[^a-zA-Z0-9]\/.test(t.secret)){for(var s,r,n,a=l.querySelectorAll('iframe[data-secret=\"'+t.secret+'\"]'),o=l.querySelectorAll('blockquote[data-secret=\"'+t.secret+'\"]'),c=new RegExp(\"^https?:$\",\"i\"),i=0;i<o.length;i++)o[i].style.display=\"none\";for(i=0;i<a.length;i++)s=a[i],e.source===s.contentWindow&&(s.removeAttribute(\"style\"),\"height\"===t.message?(1e3<(r=parseInt(t.value,10))?r=1e3:~~r<200&&(r=200),s.height=r):\"link\"===t.message&&(r=new URL(s.getAttribute(\"src\")),n=new URL(t.value),c.test(n.protocol))&&n.host===r.host&&l.activeElement===s&&(d.top.location.href=t.value))}},d.addEventListener(\"message\",d.wp.receiveEmbedMessage,!1),l.addEventListener(\"DOMContentLoaded\",function(){for(var e,t,s=l.querySelectorAll(\"iframe.wp-embedded-content\"),r=0;r<s.length;r++)(t=(e=s[r]).getAttribute(\"data-secret\"))||(t=Math.random().toString(36).substring(2,12),e.src+=\"#?secret=\"+t,e.setAttribute(\"data-secret\",t)),e.contentWindow.postMessage({message:\"ready\",secret:t},\"*\")},!1)))}(window,document);\n\/\/# sourceURL=https:\/\/www.gereso.com\/actualites\/wp-includes\/js\/wp-embed.min.js\n\/* ]]> *\/\n<\/script>\n","thumbnail_url":"https:\/\/www.gereso.com\/actualites\/wp-content\/uploads\/2020\/07\/LoiFinancesRectificative.jpg","thumbnail_width":600,"thumbnail_height":400,"description":"Une exon\u00e9ration d\u2019une partie des cotisations patronales Pour les entreprises de moins de 250 salari\u00e9s relevant des secteurs&nbsp;: Des h\u00f4tels, caf\u00e9s, restaurants, du tourisme, de l\u2019\u00e9v\u00e9nementiel, du sport, de la culture, du transport a\u00e9rien. Ou dont l\u2019activit\u00e9 est \u00e9troitement li\u00e9e \u00e0 celle des secteurs pr\u00e9cit\u00e9s (transport de voyageurs, viticulture, p\u00eache, blanchisserie&#8230;). Elle serait applicable sur [&hellip;]"}

Équipe GERESO

Une exonération d’une partie des cotisations patronales Pour les entreprises de moins de 250 salariés relevant des secteurs&nbsp;: Des hôtels, cafés, restaurants, du tourisme, de l’événementiel, du sport, de la culture, du transport aérien. Ou dont l’activité est étroitement liée à celle des secteurs précités (transport de voyageurs, viticulture, pêche, blanchisserie&#8230;). Elle serait applicable sur [&hellip;]
