{"version":"1.0","provider_name":"Le Blog GERESO","provider_url":"https:\/\/www.gereso.com\/actualites","author_name":"Damien P\u00e9an","author_url":"https:\/\/www.gereso.com\/actualites\/author\/d-pean\/","title":"TPE et PME : imp\u00f4ts \u00e9chelonn\u00e9s sur 3 ans - Le Blog GERESO","type":"rich","width":600,"height":338,"html":"<blockquote class=\"wp-embedded-content\" data-secret=\"qRpehtFbCL\"><a href=\"https:\/\/www.gereso.com\/actualites\/2020\/09\/24\/tpe-et-pme-impots-echelonnes-sur-3-ans\/\">TPE et PME : imp\u00f4ts \u00e9chelonn\u00e9s sur 3 ans<\/a><\/blockquote><iframe sandbox=\"allow-scripts\" security=\"restricted\" src=\"https:\/\/www.gereso.com\/actualites\/2020\/09\/24\/tpe-et-pme-impots-echelonnes-sur-3-ans\/embed\/#?secret=qRpehtFbCL\" width=\"600\" height=\"338\" title=\"\u00ab\u00a0TPE et PME : imp\u00f4ts \u00e9chelonn\u00e9s sur 3 ans\u00a0\u00bb &#8212; Le Blog GERESO\" data-secret=\"qRpehtFbCL\" frameborder=\"0\" marginwidth=\"0\" marginheight=\"0\" scrolling=\"no\" class=\"wp-embedded-content\"><\/iframe><script type=\"text\/javascript\">\n\/* <![CDATA[ *\/\n\/*! This file is auto-generated *\/\n!function(d,l){\"use strict\";l.querySelector&&d.addEventListener&&\"undefined\"!=typeof URL&&(d.wp=d.wp||{},d.wp.receiveEmbedMessage||(d.wp.receiveEmbedMessage=function(e){var t=e.data;if((t||t.secret||t.message||t.value)&&!\/[^a-zA-Z0-9]\/.test(t.secret)){for(var s,r,n,a=l.querySelectorAll('iframe[data-secret=\"'+t.secret+'\"]'),o=l.querySelectorAll('blockquote[data-secret=\"'+t.secret+'\"]'),c=new RegExp(\"^https?:$\",\"i\"),i=0;i<o.length;i++)o[i].style.display=\"none\";for(i=0;i<a.length;i++)s=a[i],e.source===s.contentWindow&&(s.removeAttribute(\"style\"),\"height\"===t.message?(1e3<(r=parseInt(t.value,10))?r=1e3:~~r<200&&(r=200),s.height=r):\"link\"===t.message&&(r=new URL(s.getAttribute(\"src\")),n=new URL(t.value),c.test(n.protocol))&&n.host===r.host&&l.activeElement===s&&(d.top.location.href=t.value))}},d.addEventListener(\"message\",d.wp.receiveEmbedMessage,!1),l.addEventListener(\"DOMContentLoaded\",function(){for(var e,t,s=l.querySelectorAll(\"iframe.wp-embedded-content\"),r=0;r<s.length;r++)(t=(e=s[r]).getAttribute(\"data-secret\"))||(t=Math.random().toString(36).substring(2,12),e.src+=\"#?secret=\"+t,e.setAttribute(\"data-secret\",t)),e.contentWindow.postMessage({message:\"ready\",secret:t},\"*\")},!1)))}(window,document);\n\/\/# sourceURL=https:\/\/www.gereso.com\/actualites\/wp-includes\/js\/wp-embed.min.js\n\/* ]]> *\/\n<\/script>\n","description":"Pour faire face aux difficult\u00e9s financi\u00e8res des TPE et PME face \u00e0 la crise sanitaire, le d\u00e9cret n\u00b02020-987 du 6 ao\u00fbt 2020 pr\u00e9voit un \u00e9chelonnement possible des dettes fiscales sur une dur\u00e9e pouvant atteindre 36 mois. Un d\u00e9lai pour les PME Afin de soutenir la tr\u00e9sorerie des TPE et PME dont beaucoup ont souffert de [&hellip;]"}

Damien Péan

TPE et PME : impôts échelonnés sur 3 ans - Le Blog GERESO

<blockquote class="wp-embedded-content" data-secret="qRpehtFbCL"><a href="https://www.gereso.com/actualites/2020/09/24/tpe-et-pme-impots-echelonnes-sur-3-ans/">TPE et PME : impôts échelonnés sur 3 ans</a></blockquote><iframe sandbox="allow-scripts" security="restricted" src="https://www.gereso.com/actualites/2020/09/24/tpe-et-pme-impots-echelonnes-sur-3-ans/embed/#?secret=qRpehtFbCL" width="600" height="338" title="« TPE et PME : impôts échelonnés sur 3 ans » &#8212; Le Blog GERESO" data-secret="qRpehtFbCL" frameborder="0" marginwidth="0" marginheight="0" scrolling="no" class="wp-embedded-content"></iframe><script type="text/javascript">
/* <![CDATA[ */
/*! This file is auto-generated */
!function(d,l){"use strict";l.querySelector&&d.addEventListener&&"undefined"!=typeof URL&&(d.wp=d.wp||{},d.wp.receiveEmbedMessage||(d.wp.receiveEmbedMessage=function(e){var t=e.data;if((t||t.secret||t.message||t.value)&&!/[^a-zA-Z0-9]/.test(t.secret)){for(var s,r,n,a=l.querySelectorAll('iframe[data-secret="'+t.secret+'"]'),o=l.querySelectorAll('blockquote[data-secret="'+t.secret+'"]'),c=new RegExp("^https?:$","i"),i=0;i<o.length;i++)o[i].style.display="none";for(i=0;i<a.length;i++)s=a[i],e.source===s.contentWindow&&(s.removeAttribute("style"),"height"===t.message?(1e3<(r=parseInt(t.value,10))?r=1e3:~~r<200&&(r=200),s.height=r):"link"===t.message&&(r=new URL(s.getAttribute("src")),n=new URL(t.value),c.test(n.protocol))&&n.host===r.host&&l.activeElement===s&&(d.top.location.href=t.value))}},d.addEventListener("message",d.wp.receiveEmbedMessage,!1),l.addEventListener("DOMContentLoaded",function(){for(var e,t,s=l.querySelectorAll("iframe.wp-embedded-content"),r=0;r<s.length;r++)(t=(e=s[r]).getAttribute("data-secret"))||(t=Math.random().toString(36).substring(2,12),e.src+="#?secret="+t,e.setAttribute("data-secret",t)),e.contentWindow.postMessage({message:"ready",secret:t},"*")},!1)))}(window,document);
//# sourceURL=https://www.gereso.com/actualites/wp-includes/js/wp-embed.min.js
/* ]]> */
</script>

Pour faire face aux difficultés financières des TPE et PME face à la crise sanitaire, le décret n°2020-987 du 6 août 2020 prévoit un échelonnement possible des dettes fiscales sur une durée pouvant atteindre 36 mois. Un délai pour les PME Afin de soutenir la trésorerie des TPE et PME dont beaucoup ont souffert de [&hellip;]
