{"version":"1.0","provider_name":"Le Blog GERESO","provider_url":"https:\/\/www.gereso.com\/actualites","author_name":"Nelly Quilichini","author_url":"https:\/\/www.gereso.com\/actualites\/author\/n-quilichini\/","title":"T\u00e9l\u00e9travail : 10 conseils pour bien g\u00e9rer son temps - Le Blog GERESO","type":"rich","width":600,"height":338,"html":"<blockquote class=\"wp-embedded-content\" data-secret=\"zXHsGIPPLR\"><a href=\"https:\/\/www.gereso.com\/actualites\/2021\/01\/28\/teletravail-10-conseils-gerer-temps\/\">T\u00e9l\u00e9travail : 10 conseils pour bien g\u00e9rer son temps<\/a><\/blockquote><iframe sandbox=\"allow-scripts\" security=\"restricted\" src=\"https:\/\/www.gereso.com\/actualites\/2021\/01\/28\/teletravail-10-conseils-gerer-temps\/embed\/#?secret=zXHsGIPPLR\" width=\"600\" height=\"338\" title=\"\u00ab\u00a0T\u00e9l\u00e9travail : 10 conseils pour bien g\u00e9rer son temps\u00a0\u00bb &#8212; Le Blog GERESO\" data-secret=\"zXHsGIPPLR\" frameborder=\"0\" marginwidth=\"0\" marginheight=\"0\" scrolling=\"no\" class=\"wp-embedded-content\"><\/iframe><script type=\"text\/javascript\">\n\/* <![CDATA[ *\/\n\/*! This file is auto-generated *\/\n!function(d,l){\"use strict\";l.querySelector&&d.addEventListener&&\"undefined\"!=typeof URL&&(d.wp=d.wp||{},d.wp.receiveEmbedMessage||(d.wp.receiveEmbedMessage=function(e){var t=e.data;if((t||t.secret||t.message||t.value)&&!\/[^a-zA-Z0-9]\/.test(t.secret)){for(var s,r,n,a=l.querySelectorAll('iframe[data-secret=\"'+t.secret+'\"]'),o=l.querySelectorAll('blockquote[data-secret=\"'+t.secret+'\"]'),c=new RegExp(\"^https?:$\",\"i\"),i=0;i<o.length;i++)o[i].style.display=\"none\";for(i=0;i<a.length;i++)s=a[i],e.source===s.contentWindow&&(s.removeAttribute(\"style\"),\"height\"===t.message?(1e3<(r=parseInt(t.value,10))?r=1e3:~~r<200&&(r=200),s.height=r):\"link\"===t.message&&(r=new URL(s.getAttribute(\"src\")),n=new URL(t.value),c.test(n.protocol))&&n.host===r.host&&l.activeElement===s&&(d.top.location.href=t.value))}},d.addEventListener(\"message\",d.wp.receiveEmbedMessage,!1),l.addEventListener(\"DOMContentLoaded\",function(){for(var e,t,s=l.querySelectorAll(\"iframe.wp-embedded-content\"),r=0;r<s.length;r++)(t=(e=s[r]).getAttribute(\"data-secret\"))||(t=Math.random().toString(36).substring(2,12),e.src+=\"#?secret=\"+t,e.setAttribute(\"data-secret\",t)),e.contentWindow.postMessage({message:\"ready\",secret:t},\"*\")},!1)))}(window,document);\n\/\/# sourceURL=https:\/\/www.gereso.com\/actualites\/wp-includes\/js\/wp-embed.min.js\n\/* ]]> *\/\n<\/script>\n","thumbnail_url":"https:\/\/www.gereso.com\/actualites\/wp-content\/uploads\/2021\/01\/Teletravail-gerer-temps.jpg","thumbnail_width":600,"thumbnail_height":400,"description":"Pourtant cette forme de travail, amen\u00e9e \u00e0 se p\u00e9renniser peut-\u00eatre un syst\u00e8me gagnant-gagnant pour l\u2019entreprise et ses salari\u00e9s. Apprendre \u00e0 bien g\u00e9rer son temps reste un enjeu de sant\u00e9 pour les t\u00e9l\u00e9travailleurs et permet un travail de qualit\u00e9 qui, lui, est un enjeu pour la performance des entreprises. 1. Rendre visible la r\u00e9alit\u00e9 de son [&hellip;]"}

Télétravail : 10 conseils pour bien gérer son temps - Le Blog GERESO

<blockquote class="wp-embedded-content" data-secret="zXHsGIPPLR"><a href="https://www.gereso.com/actualites/2021/01/28/teletravail-10-conseils-gerer-temps/">Télétravail : 10 conseils pour bien gérer son temps</a></blockquote><iframe sandbox="allow-scripts" security="restricted" src="https://www.gereso.com/actualites/2021/01/28/teletravail-10-conseils-gerer-temps/embed/#?secret=zXHsGIPPLR" width="600" height="338" title="« Télétravail : 10 conseils pour bien gérer son temps » &#8212; Le Blog GERESO" data-secret="zXHsGIPPLR" frameborder="0" marginwidth="0" marginheight="0" scrolling="no" class="wp-embedded-content"></iframe><script type="text/javascript">
/* <![CDATA[ */
/*! This file is auto-generated */
!function(d,l){"use strict";l.querySelector&&d.addEventListener&&"undefined"!=typeof URL&&(d.wp=d.wp||{},d.wp.receiveEmbedMessage||(d.wp.receiveEmbedMessage=function(e){var t=e.data;if((t||t.secret||t.message||t.value)&&!/[^a-zA-Z0-9]/.test(t.secret)){for(var s,r,n,a=l.querySelectorAll('iframe[data-secret="'+t.secret+'"]'),o=l.querySelectorAll('blockquote[data-secret="'+t.secret+'"]'),c=new RegExp("^https?:$","i"),i=0;i<o.length;i++)o[i].style.display="none";for(i=0;i<a.length;i++)s=a[i],e.source===s.contentWindow&&(s.removeAttribute("style"),"height"===t.message?(1e3<(r=parseInt(t.value,10))?r=1e3:~~r<200&&(r=200),s.height=r):"link"===t.message&&(r=new URL(s.getAttribute("src")),n=new URL(t.value),c.test(n.protocol))&&n.host===r.host&&l.activeElement===s&&(d.top.location.href=t.value))}},d.addEventListener("message",d.wp.receiveEmbedMessage,!1),l.addEventListener("DOMContentLoaded",function(){for(var e,t,s=l.querySelectorAll("iframe.wp-embedded-content"),r=0;r<s.length;r++)(t=(e=s[r]).getAttribute("data-secret"))||(t=Math.random().toString(36).substring(2,12),e.src+="#?secret="+t,e.setAttribute("data-secret",t)),e.contentWindow.postMessage({message:"ready",secret:t},"*")},!1)))}(window,document);
//# sourceURL=https://www.gereso.com/actualites/wp-includes/js/wp-embed.min.js
/* ]]> */
</script>

Pourtant cette forme de travail, amenée à se pérenniser peut-être un système gagnant-gagnant pour l’entreprise et ses salariés. Apprendre à bien gérer son temps reste un enjeu de santé pour les télétravailleurs et permet un travail de qualité qui, lui, est un enjeu pour la performance des entreprises. 1. Rendre visible la réalité de son [&hellip;]
