{"version":"1.0","provider_name":"Le Blog GERESO","provider_url":"https:\/\/www.gereso.com\/actualites","author_name":"Damien P\u00e9an","author_url":"https:\/\/www.gereso.com\/actualites\/author\/d-pean\/","title":"Plan de relance de l\u2019\u00e9conomie : focus sur 2020 - Le Blog GERESO","type":"rich","width":600,"height":338,"html":"<blockquote class=\"wp-embedded-content\" data-secret=\"5GL6NGqhOY\"><a href=\"https:\/\/www.gereso.com\/actualites\/2021\/01\/29\/plan-de-relance-de-leconomie-focus-sur-2020\/\">Plan de relance de l\u2019\u00e9conomie : focus sur 2020<\/a><\/blockquote><iframe sandbox=\"allow-scripts\" security=\"restricted\" src=\"https:\/\/www.gereso.com\/actualites\/2021\/01\/29\/plan-de-relance-de-leconomie-focus-sur-2020\/embed\/#?secret=5GL6NGqhOY\" width=\"600\" height=\"338\" title=\"\u00ab\u00a0Plan de relance de l\u2019\u00e9conomie : focus sur 2020\u00a0\u00bb &#8212; Le Blog GERESO\" data-secret=\"5GL6NGqhOY\" frameborder=\"0\" marginwidth=\"0\" marginheight=\"0\" scrolling=\"no\" class=\"wp-embedded-content\"><\/iframe><script type=\"text\/javascript\">\n\/* <![CDATA[ *\/\n\/*! This file is auto-generated *\/\n!function(d,l){\"use strict\";l.querySelector&&d.addEventListener&&\"undefined\"!=typeof URL&&(d.wp=d.wp||{},d.wp.receiveEmbedMessage||(d.wp.receiveEmbedMessage=function(e){var t=e.data;if((t||t.secret||t.message||t.value)&&!\/[^a-zA-Z0-9]\/.test(t.secret)){for(var s,r,n,a=l.querySelectorAll('iframe[data-secret=\"'+t.secret+'\"]'),o=l.querySelectorAll('blockquote[data-secret=\"'+t.secret+'\"]'),c=new RegExp(\"^https?:$\",\"i\"),i=0;i<o.length;i++)o[i].style.display=\"none\";for(i=0;i<a.length;i++)s=a[i],e.source===s.contentWindow&&(s.removeAttribute(\"style\"),\"height\"===t.message?(1e3<(r=parseInt(t.value,10))?r=1e3:~~r<200&&(r=200),s.height=r):\"link\"===t.message&&(r=new URL(s.getAttribute(\"src\")),n=new URL(t.value),c.test(n.protocol))&&n.host===r.host&&l.activeElement===s&&(d.top.location.href=t.value))}},d.addEventListener(\"message\",d.wp.receiveEmbedMessage,!1),l.addEventListener(\"DOMContentLoaded\",function(){for(var e,t,s=l.querySelectorAll(\"iframe.wp-embedded-content\"),r=0;r<s.length;r++)(t=(e=s[r]).getAttribute(\"data-secret\"))||(t=Math.random().toString(36).substring(2,12),e.src+=\"#?secret=\"+t,e.setAttribute(\"data-secret\",t)),e.contentWindow.postMessage({message:\"ready\",secret:t},\"*\")},!1)))}(window,document);\n\/\/# sourceURL=https:\/\/www.gereso.com\/actualites\/wp-includes\/js\/wp-embed.min.js\n\/* ]]> *\/\n<\/script>\n","description":"La crise sanitaire de 2020 a entra\u00een\u00e9 un fort ralentissement de l\u2019\u00e9conomie dont le d\u00e9marrage se fait attendre. D\u00e8s la rentr\u00e9e de septembre 2020, le Gouvernement pr\u00e9sentait des mesures d\u2019aides pour un montant global de 100 milliards d\u2019euros. Le Gouvernement a fait r\u00e9cemment un point sur l\u2019avanc\u00e9e du Plan de relance. 11 milliards inject\u00e9s dans [&hellip;]"}

Damien Péan

Plan de relance de l’économie : focus sur 2020 - Le Blog GERESO

<blockquote class="wp-embedded-content" data-secret="5GL6NGqhOY"><a href="https://www.gereso.com/actualites/2021/01/29/plan-de-relance-de-leconomie-focus-sur-2020/">Plan de relance de l’économie : focus sur 2020</a></blockquote><iframe sandbox="allow-scripts" security="restricted" src="https://www.gereso.com/actualites/2021/01/29/plan-de-relance-de-leconomie-focus-sur-2020/embed/#?secret=5GL6NGqhOY" width="600" height="338" title="« Plan de relance de l’économie : focus sur 2020 » &#8212; Le Blog GERESO" data-secret="5GL6NGqhOY" frameborder="0" marginwidth="0" marginheight="0" scrolling="no" class="wp-embedded-content"></iframe><script type="text/javascript">
/* <![CDATA[ */
/*! This file is auto-generated */
!function(d,l){"use strict";l.querySelector&&d.addEventListener&&"undefined"!=typeof URL&&(d.wp=d.wp||{},d.wp.receiveEmbedMessage||(d.wp.receiveEmbedMessage=function(e){var t=e.data;if((t||t.secret||t.message||t.value)&&!/[^a-zA-Z0-9]/.test(t.secret)){for(var s,r,n,a=l.querySelectorAll('iframe[data-secret="'+t.secret+'"]'),o=l.querySelectorAll('blockquote[data-secret="'+t.secret+'"]'),c=new RegExp("^https?:$","i"),i=0;i<o.length;i++)o[i].style.display="none";for(i=0;i<a.length;i++)s=a[i],e.source===s.contentWindow&&(s.removeAttribute("style"),"height"===t.message?(1e3<(r=parseInt(t.value,10))?r=1e3:~~r<200&&(r=200),s.height=r):"link"===t.message&&(r=new URL(s.getAttribute("src")),n=new URL(t.value),c.test(n.protocol))&&n.host===r.host&&l.activeElement===s&&(d.top.location.href=t.value))}},d.addEventListener("message",d.wp.receiveEmbedMessage,!1),l.addEventListener("DOMContentLoaded",function(){for(var e,t,s=l.querySelectorAll("iframe.wp-embedded-content"),r=0;r<s.length;r++)(t=(e=s[r]).getAttribute("data-secret"))||(t=Math.random().toString(36).substring(2,12),e.src+="#?secret="+t,e.setAttribute("data-secret",t)),e.contentWindow.postMessage({message:"ready",secret:t},"*")},!1)))}(window,document);
//# sourceURL=https://www.gereso.com/actualites/wp-includes/js/wp-embed.min.js
/* ]]> */
</script>

La crise sanitaire de 2020 a entraîné un fort ralentissement de l’économie dont le démarrage se fait attendre. Dès la rentrée de septembre 2020, le Gouvernement présentait des mesures d’aides pour un montant global de 100 milliards d’euros. Le Gouvernement a fait récemment un point sur l’avancée du Plan de relance. 11 milliards injectés dans [&hellip;]
