{"version":"1.0","provider_name":"Le Blog GERESO","provider_url":"https:\/\/www.gereso.com\/actualites","author_name":"\u00c9quipe GERESO","author_url":"https:\/\/www.gereso.com\/actualites\/author\/gereso\/","title":"Fonction publique : indice minimum de traitement - Le Blog GERESO","type":"rich","width":600,"height":338,"html":"<blockquote class=\"wp-embedded-content\" data-secret=\"n4msBIAlxW\"><a href=\"https:\/\/www.gereso.com\/actualites\/2022\/03\/21\/fonction-publique-indice-minimum-traitement\/\">Fonction publique : indice minimum de traitement<\/a><\/blockquote><iframe sandbox=\"allow-scripts\" security=\"restricted\" src=\"https:\/\/www.gereso.com\/actualites\/2022\/03\/21\/fonction-publique-indice-minimum-traitement\/embed\/#?secret=n4msBIAlxW\" width=\"600\" height=\"338\" title=\"\u00ab\u00a0Fonction publique : indice minimum de traitement\u00a0\u00bb &#8212; Le Blog GERESO\" data-secret=\"n4msBIAlxW\" frameborder=\"0\" marginwidth=\"0\" marginheight=\"0\" scrolling=\"no\" class=\"wp-embedded-content\"><\/iframe><script type=\"text\/javascript\">\n\/* <![CDATA[ *\/\n\/*! This file is auto-generated *\/\n!function(d,l){\"use strict\";l.querySelector&&d.addEventListener&&\"undefined\"!=typeof URL&&(d.wp=d.wp||{},d.wp.receiveEmbedMessage||(d.wp.receiveEmbedMessage=function(e){var t=e.data;if((t||t.secret||t.message||t.value)&&!\/[^a-zA-Z0-9]\/.test(t.secret)){for(var s,r,n,a=l.querySelectorAll('iframe[data-secret=\"'+t.secret+'\"]'),o=l.querySelectorAll('blockquote[data-secret=\"'+t.secret+'\"]'),c=new RegExp(\"^https?:$\",\"i\"),i=0;i<o.length;i++)o[i].style.display=\"none\";for(i=0;i<a.length;i++)s=a[i],e.source===s.contentWindow&&(s.removeAttribute(\"style\"),\"height\"===t.message?(1e3<(r=parseInt(t.value,10))?r=1e3:~~r<200&&(r=200),s.height=r):\"link\"===t.message&&(r=new URL(s.getAttribute(\"src\")),n=new URL(t.value),c.test(n.protocol))&&n.host===r.host&&l.activeElement===s&&(d.top.location.href=t.value))}},d.addEventListener(\"message\",d.wp.receiveEmbedMessage,!1),l.addEventListener(\"DOMContentLoaded\",function(){for(var e,t,s=l.querySelectorAll(\"iframe.wp-embedded-content\"),r=0;r<s.length;r++)(t=(e=s[r]).getAttribute(\"data-secret\"))||(t=Math.random().toString(36).substring(2,12),e.src+=\"#?secret=\"+t,e.setAttribute(\"data-secret\",t)),e.contentWindow.postMessage({message:\"ready\",secret:t},\"*\")},!1)))}(window,document);\n\/\/# sourceURL=https:\/\/www.gereso.com\/actualites\/wp-includes\/js\/wp-embed.min.js\n\/* ]]> *\/\n<\/script>\n","description":"Comme en octobre dernier, du fait de l\u2019augmentation du SMIC, un d\u00e9cret augmente \u00e0 compter du 1er janvier 2022 le minimum de traitement fix\u00e9 par la grille r\u00e9gissant la r\u00e9mun\u00e9ration de la fonction publique. Le d\u00e9cret fixe le minimum de traitement, aujourd&rsquo;hui fix\u00e9 \u00e0 l&rsquo;indice major\u00e9 340 (soit indice brut 367) \u00e0 l&rsquo;indice major\u00e9 343 [&hellip;]"}

Équipe GERESO

Comme en octobre dernier, du fait de l’augmentation du SMIC, un décret augmente à compter du 1er janvier 2022 le minimum de traitement fixé par la grille régissant la rémunération de la fonction publique. Le décret fixe le minimum de traitement, aujourd&rsquo;hui fixé à l&rsquo;indice majoré 340 (soit indice brut 367) à l&rsquo;indice majoré 343 [&hellip;]
