{"version":"1.0","provider_name":"Le Blog GERESO","provider_url":"https:\/\/www.gereso.com\/actualites","author_name":"\u00c9quipe GERESO","author_url":"https:\/\/www.gereso.com\/actualites\/author\/gereso\/","title":"Cong\u00e9s de proche aidant et de pr\u00e9sence parentale - Le Blog GERESO","type":"rich","width":600,"height":338,"html":"<blockquote class=\"wp-embedded-content\" data-secret=\"Z4va389IAb\"><a href=\"https:\/\/www.gereso.com\/actualites\/2022\/03\/24\/conges-proche-aidant-et-presence-parentale\/\">Cong\u00e9s de proche aidant et de pr\u00e9sence parentale<\/a><\/blockquote><iframe sandbox=\"allow-scripts\" security=\"restricted\" src=\"https:\/\/www.gereso.com\/actualites\/2022\/03\/24\/conges-proche-aidant-et-presence-parentale\/embed\/#?secret=Z4va389IAb\" width=\"600\" height=\"338\" title=\"\u00ab\u00a0Cong\u00e9s de proche aidant et de pr\u00e9sence parentale\u00a0\u00bb &#8212; Le Blog GERESO\" data-secret=\"Z4va389IAb\" frameborder=\"0\" marginwidth=\"0\" marginheight=\"0\" scrolling=\"no\" class=\"wp-embedded-content\"><\/iframe><script type=\"text\/javascript\">\n\/* <![CDATA[ *\/\n\/*! This file is auto-generated *\/\n!function(d,l){\"use strict\";l.querySelector&&d.addEventListener&&\"undefined\"!=typeof URL&&(d.wp=d.wp||{},d.wp.receiveEmbedMessage||(d.wp.receiveEmbedMessage=function(e){var t=e.data;if((t||t.secret||t.message||t.value)&&!\/[^a-zA-Z0-9]\/.test(t.secret)){for(var s,r,n,a=l.querySelectorAll('iframe[data-secret=\"'+t.secret+'\"]'),o=l.querySelectorAll('blockquote[data-secret=\"'+t.secret+'\"]'),c=new RegExp(\"^https?:$\",\"i\"),i=0;i<o.length;i++)o[i].style.display=\"none\";for(i=0;i<a.length;i++)s=a[i],e.source===s.contentWindow&&(s.removeAttribute(\"style\"),\"height\"===t.message?(1e3<(r=parseInt(t.value,10))?r=1e3:~~r<200&&(r=200),s.height=r):\"link\"===t.message&&(r=new URL(s.getAttribute(\"src\")),n=new URL(t.value),c.test(n.protocol))&&n.host===r.host&&l.activeElement===s&&(d.top.location.href=t.value))}},d.addEventListener(\"message\",d.wp.receiveEmbedMessage,!1),l.addEventListener(\"DOMContentLoaded\",function(){for(var e,t,s=l.querySelectorAll(\"iframe.wp-embedded-content\"),r=0;r<s.length;r++)(t=(e=s[r]).getAttribute(\"data-secret\"))||(t=Math.random().toString(36).substring(2,12),e.src+=\"#?secret=\"+t,e.setAttribute(\"data-secret\",t)),e.contentWindow.postMessage({message:\"ready\",secret:t},\"*\")},!1)))}(window,document);\n\/\/# sourceURL=https:\/\/www.gereso.com\/actualites\/wp-includes\/js\/wp-embed.min.js\n\/* ]]> *\/\n<\/script>\n","description":"La loi de financement de la S\u00e9curit\u00e9 sociale pour 2022 revalorise les allocations pour les cong\u00e9s de proche aidant et de pr\u00e9sence parentale, vers\u00e9es par la CAF. Le cong\u00e9 de proche aidant est octroy\u00e9 au salari\u00e9 pour s&rsquo;occuper d&rsquo;une personne handicap\u00e9e ou faisant l&rsquo;objet d&rsquo;une perte d&rsquo;autonomie d&rsquo;une particuli\u00e8re gravit\u00e9. Il s\u2019agit d\u2019un cong\u00e9 non [&hellip;]"}

Équipe GERESO

Congés de proche aidant et de présence parentale - Le Blog GERESO

<blockquote class="wp-embedded-content" data-secret="Z4va389IAb"><a href="https://www.gereso.com/actualites/2022/03/24/conges-proche-aidant-et-presence-parentale/">Congés de proche aidant et de présence parentale</a></blockquote><iframe sandbox="allow-scripts" security="restricted" src="https://www.gereso.com/actualites/2022/03/24/conges-proche-aidant-et-presence-parentale/embed/#?secret=Z4va389IAb" width="600" height="338" title="« Congés de proche aidant et de présence parentale » &#8212; Le Blog GERESO" data-secret="Z4va389IAb" frameborder="0" marginwidth="0" marginheight="0" scrolling="no" class="wp-embedded-content"></iframe><script type="text/javascript">
/* <![CDATA[ */
/*! This file is auto-generated */
!function(d,l){"use strict";l.querySelector&&d.addEventListener&&"undefined"!=typeof URL&&(d.wp=d.wp||{},d.wp.receiveEmbedMessage||(d.wp.receiveEmbedMessage=function(e){var t=e.data;if((t||t.secret||t.message||t.value)&&!/[^a-zA-Z0-9]/.test(t.secret)){for(var s,r,n,a=l.querySelectorAll('iframe[data-secret="'+t.secret+'"]'),o=l.querySelectorAll('blockquote[data-secret="'+t.secret+'"]'),c=new RegExp("^https?:$","i"),i=0;i<o.length;i++)o[i].style.display="none";for(i=0;i<a.length;i++)s=a[i],e.source===s.contentWindow&&(s.removeAttribute("style"),"height"===t.message?(1e3<(r=parseInt(t.value,10))?r=1e3:~~r<200&&(r=200),s.height=r):"link"===t.message&&(r=new URL(s.getAttribute("src")),n=new URL(t.value),c.test(n.protocol))&&n.host===r.host&&l.activeElement===s&&(d.top.location.href=t.value))}},d.addEventListener("message",d.wp.receiveEmbedMessage,!1),l.addEventListener("DOMContentLoaded",function(){for(var e,t,s=l.querySelectorAll("iframe.wp-embedded-content"),r=0;r<s.length;r++)(t=(e=s[r]).getAttribute("data-secret"))||(t=Math.random().toString(36).substring(2,12),e.src+="#?secret="+t,e.setAttribute("data-secret",t)),e.contentWindow.postMessage({message:"ready",secret:t},"*")},!1)))}(window,document);
//# sourceURL=https://www.gereso.com/actualites/wp-includes/js/wp-embed.min.js
/* ]]> */
</script>

La loi de financement de la Sécurité sociale pour 2022 revalorise les allocations pour les congés de proche aidant et de présence parentale, versées par la CAF. Le congé de proche aidant est octroyé au salarié pour s&rsquo;occuper d&rsquo;une personne handicapée ou faisant l&rsquo;objet d&rsquo;une perte d&rsquo;autonomie d&rsquo;une particulière gravité. Il s’agit d’un congé non [&hellip;]
