{"version":"1.0","provider_name":"Le Blog GERESO","provider_url":"https:\/\/www.gereso.com\/actualites","author_name":"\u00c9quipe GERESO","author_url":"https:\/\/www.gereso.com\/actualites\/author\/gereso\/","title":"Projet de loi \u00ab\u00a0portant mesures d&rsquo;urgence pour la protection du pouvoir d&rsquo;achat\u00a0\u00bb - Le Blog GERESO","type":"rich","width":600,"height":338,"html":"<blockquote class=\"wp-embedded-content\" data-secret=\"4xEyVn19Mp\"><a href=\"https:\/\/www.gereso.com\/actualites\/2022\/08\/25\/projet-loi-mesures-urgence-protection-pouvoir-achat\/\">Projet de loi \u00ab\u00a0portant mesures d&rsquo;urgence pour la protection du pouvoir d&rsquo;achat\u00a0\u00bb<\/a><\/blockquote><iframe sandbox=\"allow-scripts\" security=\"restricted\" src=\"https:\/\/www.gereso.com\/actualites\/2022\/08\/25\/projet-loi-mesures-urgence-protection-pouvoir-achat\/embed\/#?secret=4xEyVn19Mp\" width=\"600\" height=\"338\" title=\"\u00ab\u00a0Projet de loi \u00ab\u00a0portant mesures d&rsquo;urgence pour la protection du pouvoir d&rsquo;achat\u00a0\u00bb\u00a0\u00bb &#8212; Le Blog GERESO\" data-secret=\"4xEyVn19Mp\" frameborder=\"0\" marginwidth=\"0\" marginheight=\"0\" scrolling=\"no\" class=\"wp-embedded-content\"><\/iframe><script type=\"text\/javascript\">\n\/* <![CDATA[ *\/\n\/*! This file is auto-generated *\/\n!function(d,l){\"use strict\";l.querySelector&&d.addEventListener&&\"undefined\"!=typeof URL&&(d.wp=d.wp||{},d.wp.receiveEmbedMessage||(d.wp.receiveEmbedMessage=function(e){var t=e.data;if((t||t.secret||t.message||t.value)&&!\/[^a-zA-Z0-9]\/.test(t.secret)){for(var s,r,n,a=l.querySelectorAll('iframe[data-secret=\"'+t.secret+'\"]'),o=l.querySelectorAll('blockquote[data-secret=\"'+t.secret+'\"]'),c=new RegExp(\"^https?:$\",\"i\"),i=0;i<o.length;i++)o[i].style.display=\"none\";for(i=0;i<a.length;i++)s=a[i],e.source===s.contentWindow&&(s.removeAttribute(\"style\"),\"height\"===t.message?(1e3<(r=parseInt(t.value,10))?r=1e3:~~r<200&&(r=200),s.height=r):\"link\"===t.message&&(r=new URL(s.getAttribute(\"src\")),n=new URL(t.value),c.test(n.protocol))&&n.host===r.host&&l.activeElement===s&&(d.top.location.href=t.value))}},d.addEventListener(\"message\",d.wp.receiveEmbedMessage,!1),l.addEventListener(\"DOMContentLoaded\",function(){for(var e,t,s=l.querySelectorAll(\"iframe.wp-embedded-content\"),r=0;r<s.length;r++)(t=(e=s[r]).getAttribute(\"data-secret\"))||(t=Math.random().toString(36).substring(2,12),e.src+=\"#?secret=\"+t,e.setAttribute(\"data-secret\",t)),e.contentWindow.postMessage({message:\"ready\",secret:t},\"*\")},!1)))}(window,document);\n\/\/# sourceURL=https:\/\/www.gereso.com\/actualites\/wp-includes\/js\/wp-embed.min.js\n\/* ]]> *\/\n<\/script>\n","thumbnail_url":"https:\/\/www.gereso.com\/actualites\/wp-content\/uploads\/2022\/08\/projet-loi-pouvoir-achat.jpg","thumbnail_width":600,"thumbnail_height":400,"description":"Branches professionnelles contraintes de n\u00e9gocier sur les bas salaires Pour inciter les branches professionnelles \u00e0 n\u00e9gocier sur les salaires minima, le projet de loi pr\u00e9voit d\u2019actionner le levier de la restructuration des branches. L\u2019insuffisance des n\u00e9gociations pour rehausser les\u202fminima conventionnels\u202fau niveau du\u202fSmic\u202fpourrait ainsi motiver une\u202fproc\u00e9dure de fusion\u202fadministrative avec une autre branche. Le projet de texte [&hellip;]"}

Équipe GERESO

Branches professionnelles contraintes de négocier sur les bas salaires Pour inciter les branches professionnelles à négocier sur les salaires minima, le projet de loi prévoit d’actionner le levier de la restructuration des branches. L’insuffisance des négociations pour rehausser les minima conventionnels au niveau du Smic pourrait ainsi motiver une procédure de fusion administrative avec une autre branche. Le projet de texte [&hellip;]
