{"version":"1.0","provider_name":"Le Blog GERESO","provider_url":"https:\/\/www.gereso.com\/actualites","author_name":"\u00c9quipe GERESO","author_url":"https:\/\/www.gereso.com\/actualites\/author\/gereso\/","title":"Semaine de 4 jours : o\u00f9 en est-on ? - Le Blog GERESO","type":"rich","width":600,"height":338,"html":"<blockquote class=\"wp-embedded-content\" data-secret=\"chPSiaMCTR\"><a href=\"https:\/\/www.gereso.com\/actualites\/2022\/11\/16\/semaine-4-jours-ou-en-est-on\/\">Semaine de 4 jours : o\u00f9 en est-on ?<\/a><\/blockquote><iframe sandbox=\"allow-scripts\" security=\"restricted\" src=\"https:\/\/www.gereso.com\/actualites\/2022\/11\/16\/semaine-4-jours-ou-en-est-on\/embed\/#?secret=chPSiaMCTR\" width=\"600\" height=\"338\" title=\"\u00ab\u00a0Semaine de 4 jours : o\u00f9 en est-on ?\u00a0\u00bb &#8212; Le Blog GERESO\" data-secret=\"chPSiaMCTR\" frameborder=\"0\" marginwidth=\"0\" marginheight=\"0\" scrolling=\"no\" class=\"wp-embedded-content\"><\/iframe><script type=\"text\/javascript\">\n\/* <![CDATA[ *\/\n\/*! This file is auto-generated *\/\n!function(d,l){\"use strict\";l.querySelector&&d.addEventListener&&\"undefined\"!=typeof URL&&(d.wp=d.wp||{},d.wp.receiveEmbedMessage||(d.wp.receiveEmbedMessage=function(e){var t=e.data;if((t||t.secret||t.message||t.value)&&!\/[^a-zA-Z0-9]\/.test(t.secret)){for(var s,r,n,a=l.querySelectorAll('iframe[data-secret=\"'+t.secret+'\"]'),o=l.querySelectorAll('blockquote[data-secret=\"'+t.secret+'\"]'),c=new RegExp(\"^https?:$\",\"i\"),i=0;i<o.length;i++)o[i].style.display=\"none\";for(i=0;i<a.length;i++)s=a[i],e.source===s.contentWindow&&(s.removeAttribute(\"style\"),\"height\"===t.message?(1e3<(r=parseInt(t.value,10))?r=1e3:~~r<200&&(r=200),s.height=r):\"link\"===t.message&&(r=new URL(s.getAttribute(\"src\")),n=new URL(t.value),c.test(n.protocol))&&n.host===r.host&&l.activeElement===s&&(d.top.location.href=t.value))}},d.addEventListener(\"message\",d.wp.receiveEmbedMessage,!1),l.addEventListener(\"DOMContentLoaded\",function(){for(var e,t,s=l.querySelectorAll(\"iframe.wp-embedded-content\"),r=0;r<s.length;r++)(t=(e=s[r]).getAttribute(\"data-secret\"))||(t=Math.random().toString(36).substring(2,12),e.src+=\"#?secret=\"+t,e.setAttribute(\"data-secret\",t)),e.contentWindow.postMessage({message:\"ready\",secret:t},\"*\")},!1)))}(window,document);\n\/\/# sourceURL=https:\/\/www.gereso.com\/actualites\/wp-includes\/js\/wp-embed.min.js\n\/* ]]> *\/\n<\/script>\n","thumbnail_url":"https:\/\/www.gereso.com\/actualites\/wp-content\/uploads\/2022\/11\/Semaine-4-jours-ou-en-est-on.jpg","thumbnail_width":600,"thumbnail_height":400,"description":"Travailler moins, c\u2019\u00e9tait donc aussi avoir une meilleure qualit\u00e9 de vie. D\u00e9sormais, la qualit\u00e9 et la quantit\u00e9 de temps libre sont des \u00e9l\u00e9ments d\u00e9terminants, et nous assistons aujourd\u2019hui \u00e0 de v\u00e9ritables d\u00e9bats autour de la semaine de 4 jours. O\u00f9 en sommes-nous\u00a0? Est-elle pour demain\u00a0? Cette organisation du temps de travail suscite encore de nombreuses [&hellip;]"}

Équipe GERESO

Semaine de 4 jours : où en est-on ? - Le Blog GERESO

<blockquote class="wp-embedded-content" data-secret="chPSiaMCTR"><a href="https://www.gereso.com/actualites/2022/11/16/semaine-4-jours-ou-en-est-on/">Semaine de 4 jours : où en est-on ?</a></blockquote><iframe sandbox="allow-scripts" security="restricted" src="https://www.gereso.com/actualites/2022/11/16/semaine-4-jours-ou-en-est-on/embed/#?secret=chPSiaMCTR" width="600" height="338" title="« Semaine de 4 jours : où en est-on ? » &#8212; Le Blog GERESO" data-secret="chPSiaMCTR" frameborder="0" marginwidth="0" marginheight="0" scrolling="no" class="wp-embedded-content"></iframe><script type="text/javascript">
/* <![CDATA[ */
/*! This file is auto-generated */
!function(d,l){"use strict";l.querySelector&&d.addEventListener&&"undefined"!=typeof URL&&(d.wp=d.wp||{},d.wp.receiveEmbedMessage||(d.wp.receiveEmbedMessage=function(e){var t=e.data;if((t||t.secret||t.message||t.value)&&!/[^a-zA-Z0-9]/.test(t.secret)){for(var s,r,n,a=l.querySelectorAll('iframe[data-secret="'+t.secret+'"]'),o=l.querySelectorAll('blockquote[data-secret="'+t.secret+'"]'),c=new RegExp("^https?:$","i"),i=0;i<o.length;i++)o[i].style.display="none";for(i=0;i<a.length;i++)s=a[i],e.source===s.contentWindow&&(s.removeAttribute("style"),"height"===t.message?(1e3<(r=parseInt(t.value,10))?r=1e3:~~r<200&&(r=200),s.height=r):"link"===t.message&&(r=new URL(s.getAttribute("src")),n=new URL(t.value),c.test(n.protocol))&&n.host===r.host&&l.activeElement===s&&(d.top.location.href=t.value))}},d.addEventListener("message",d.wp.receiveEmbedMessage,!1),l.addEventListener("DOMContentLoaded",function(){for(var e,t,s=l.querySelectorAll("iframe.wp-embedded-content"),r=0;r<s.length;r++)(t=(e=s[r]).getAttribute("data-secret"))||(t=Math.random().toString(36).substring(2,12),e.src+="#?secret="+t,e.setAttribute("data-secret",t)),e.contentWindow.postMessage({message:"ready",secret:t},"*")},!1)))}(window,document);
//# sourceURL=https://www.gereso.com/actualites/wp-includes/js/wp-embed.min.js
/* ]]> */
</script>

Travailler moins, c’était donc aussi avoir une meilleure qualité de vie. Désormais, la qualité et la quantité de temps libre sont des éléments déterminants, et nous assistons aujourd’hui à de véritables débats autour de la semaine de 4 jours. Où en sommes-nous ? Est-elle pour demain ? Cette organisation du temps de travail suscite encore de nombreuses [&hellip;]
