{"version":"1.0","provider_name":"Le Blog GERESO","provider_url":"https:\/\/www.gereso.com\/actualites","author_name":"Damien P\u00e9an","author_url":"https:\/\/www.gereso.com\/actualites\/author\/d-pean\/","title":"Taux d\u2019int\u00e9r\u00eat l\u00e9gal pour le second semestre 2023 - Le Blog GERESO","type":"rich","width":600,"height":338,"html":"<blockquote class=\"wp-embedded-content\" data-secret=\"Vhsvib1SIu\"><a href=\"https:\/\/www.gereso.com\/actualites\/2023\/07\/11\/taux-dinteret-legal-pour-le-second-semestre-2023\/\">Taux d\u2019int\u00e9r\u00eat l\u00e9gal pour le second semestre 2023<\/a><\/blockquote><iframe sandbox=\"allow-scripts\" security=\"restricted\" src=\"https:\/\/www.gereso.com\/actualites\/2023\/07\/11\/taux-dinteret-legal-pour-le-second-semestre-2023\/embed\/#?secret=Vhsvib1SIu\" width=\"600\" height=\"338\" title=\"\u00ab\u00a0Taux d\u2019int\u00e9r\u00eat l\u00e9gal pour le second semestre 2023\u00a0\u00bb &#8212; Le Blog GERESO\" data-secret=\"Vhsvib1SIu\" frameborder=\"0\" marginwidth=\"0\" marginheight=\"0\" scrolling=\"no\" class=\"wp-embedded-content\"><\/iframe><script type=\"text\/javascript\">\n\/* <![CDATA[ *\/\n\/*! This file is auto-generated *\/\n!function(d,l){\"use strict\";l.querySelector&&d.addEventListener&&\"undefined\"!=typeof URL&&(d.wp=d.wp||{},d.wp.receiveEmbedMessage||(d.wp.receiveEmbedMessage=function(e){var t=e.data;if((t||t.secret||t.message||t.value)&&!\/[^a-zA-Z0-9]\/.test(t.secret)){for(var s,r,n,a=l.querySelectorAll('iframe[data-secret=\"'+t.secret+'\"]'),o=l.querySelectorAll('blockquote[data-secret=\"'+t.secret+'\"]'),c=new RegExp(\"^https?:$\",\"i\"),i=0;i<o.length;i++)o[i].style.display=\"none\";for(i=0;i<a.length;i++)s=a[i],e.source===s.contentWindow&&(s.removeAttribute(\"style\"),\"height\"===t.message?(1e3<(r=parseInt(t.value,10))?r=1e3:~~r<200&&(r=200),s.height=r):\"link\"===t.message&&(r=new URL(s.getAttribute(\"src\")),n=new URL(t.value),c.test(n.protocol))&&n.host===r.host&&l.activeElement===s&&(d.top.location.href=t.value))}},d.addEventListener(\"message\",d.wp.receiveEmbedMessage,!1),l.addEventListener(\"DOMContentLoaded\",function(){for(var e,t,s=l.querySelectorAll(\"iframe.wp-embedded-content\"),r=0;r<s.length;r++)(t=(e=s[r]).getAttribute(\"data-secret\"))||(t=Math.random().toString(36).substring(2,12),e.src+=\"#?secret=\"+t,e.setAttribute(\"data-secret\",t)),e.contentWindow.postMessage({message:\"ready\",secret:t},\"*\")},!1)))}(window,document);\n\/\/# sourceURL=https:\/\/www.gereso.com\/actualites\/wp-includes\/js\/wp-embed.min.js\n\/* ]]> *\/\n<\/script>\n","description":"L\u2019arr\u00eat\u00e9 du 27 juin 2023 a publi\u00e9 les taux d\u2019int\u00e9r\u00eat l\u00e9gaux applicables pour le second semestre 2023. Ces taux sont en forte augmentation par rapport au premier semestre 2023. Utilit\u00e9 du taux d\u2019int\u00e9r\u00eat l\u00e9gal Le taux d\u2019int\u00e9r\u00eat l\u00e9gal a plusieurs usages. Pour les relations entre professionnels, il sert de base au calcul du taux de [&hellip;]"}

Damien Péan

Taux d’intérêt légal pour le second semestre 2023 - Le Blog GERESO

<blockquote class="wp-embedded-content" data-secret="Vhsvib1SIu"><a href="https://www.gereso.com/actualites/2023/07/11/taux-dinteret-legal-pour-le-second-semestre-2023/">Taux d’intérêt légal pour le second semestre 2023</a></blockquote><iframe sandbox="allow-scripts" security="restricted" src="https://www.gereso.com/actualites/2023/07/11/taux-dinteret-legal-pour-le-second-semestre-2023/embed/#?secret=Vhsvib1SIu" width="600" height="338" title="« Taux d’intérêt légal pour le second semestre 2023 » &#8212; Le Blog GERESO" data-secret="Vhsvib1SIu" frameborder="0" marginwidth="0" marginheight="0" scrolling="no" class="wp-embedded-content"></iframe><script type="text/javascript">
/* <![CDATA[ */
/*! This file is auto-generated */
!function(d,l){"use strict";l.querySelector&&d.addEventListener&&"undefined"!=typeof URL&&(d.wp=d.wp||{},d.wp.receiveEmbedMessage||(d.wp.receiveEmbedMessage=function(e){var t=e.data;if((t||t.secret||t.message||t.value)&&!/[^a-zA-Z0-9]/.test(t.secret)){for(var s,r,n,a=l.querySelectorAll('iframe[data-secret="'+t.secret+'"]'),o=l.querySelectorAll('blockquote[data-secret="'+t.secret+'"]'),c=new RegExp("^https?:$","i"),i=0;i<o.length;i++)o[i].style.display="none";for(i=0;i<a.length;i++)s=a[i],e.source===s.contentWindow&&(s.removeAttribute("style"),"height"===t.message?(1e3<(r=parseInt(t.value,10))?r=1e3:~~r<200&&(r=200),s.height=r):"link"===t.message&&(r=new URL(s.getAttribute("src")),n=new URL(t.value),c.test(n.protocol))&&n.host===r.host&&l.activeElement===s&&(d.top.location.href=t.value))}},d.addEventListener("message",d.wp.receiveEmbedMessage,!1),l.addEventListener("DOMContentLoaded",function(){for(var e,t,s=l.querySelectorAll("iframe.wp-embedded-content"),r=0;r<s.length;r++)(t=(e=s[r]).getAttribute("data-secret"))||(t=Math.random().toString(36).substring(2,12),e.src+="#?secret="+t,e.setAttribute("data-secret",t)),e.contentWindow.postMessage({message:"ready",secret:t},"*")},!1)))}(window,document);
//# sourceURL=https://www.gereso.com/actualites/wp-includes/js/wp-embed.min.js
/* ]]> */
</script>

L’arrêté du 27 juin 2023 a publié les taux d’intérêt légaux applicables pour le second semestre 2023. Ces taux sont en forte augmentation par rapport au premier semestre 2023. Utilité du taux d’intérêt légal Le taux d’intérêt légal a plusieurs usages. Pour les relations entre professionnels, il sert de base au calcul du taux de [&hellip;]
