{"version":"1.0","provider_name":"Le Blog GERESO","provider_url":"https:\/\/www.gereso.com\/actualites","author_name":"\u00c9quipe GERESO","author_url":"https:\/\/www.gereso.com\/actualites\/author\/gereso\/","title":"Fonction publique : l\u2019apprentissage et le handicap - Le Blog GERESO","type":"rich","width":600,"height":338,"html":"<blockquote class=\"wp-embedded-content\" data-secret=\"goDBYuQSQq\"><a href=\"https:\/\/www.gereso.com\/actualites\/2023\/10\/26\/apprentissage-handicap\/\">Fonction publique : l\u2019apprentissage et le handicap<\/a><\/blockquote><iframe sandbox=\"allow-scripts\" security=\"restricted\" src=\"https:\/\/www.gereso.com\/actualites\/2023\/10\/26\/apprentissage-handicap\/embed\/#?secret=goDBYuQSQq\" width=\"600\" height=\"338\" title=\"\u00ab\u00a0Fonction publique : l\u2019apprentissage et le handicap\u00a0\u00bb &#8212; Le Blog GERESO\" data-secret=\"goDBYuQSQq\" frameborder=\"0\" marginwidth=\"0\" marginheight=\"0\" scrolling=\"no\" class=\"wp-embedded-content\"><\/iframe><script type=\"text\/javascript\">\n\/* <![CDATA[ *\/\n\/*! This file is auto-generated *\/\n!function(d,l){\"use strict\";l.querySelector&&d.addEventListener&&\"undefined\"!=typeof URL&&(d.wp=d.wp||{},d.wp.receiveEmbedMessage||(d.wp.receiveEmbedMessage=function(e){var t=e.data;if((t||t.secret||t.message||t.value)&&!\/[^a-zA-Z0-9]\/.test(t.secret)){for(var s,r,n,a=l.querySelectorAll('iframe[data-secret=\"'+t.secret+'\"]'),o=l.querySelectorAll('blockquote[data-secret=\"'+t.secret+'\"]'),c=new RegExp(\"^https?:$\",\"i\"),i=0;i<o.length;i++)o[i].style.display=\"none\";for(i=0;i<a.length;i++)s=a[i],e.source===s.contentWindow&&(s.removeAttribute(\"style\"),\"height\"===t.message?(1e3<(r=parseInt(t.value,10))?r=1e3:~~r<200&&(r=200),s.height=r):\"link\"===t.message&&(r=new URL(s.getAttribute(\"src\")),n=new URL(t.value),c.test(n.protocol))&&n.host===r.host&&l.activeElement===s&&(d.top.location.href=t.value))}},d.addEventListener(\"message\",d.wp.receiveEmbedMessage,!1),l.addEventListener(\"DOMContentLoaded\",function(){for(var e,t,s=l.querySelectorAll(\"iframe.wp-embedded-content\"),r=0;r<s.length;r++)(t=(e=s[r]).getAttribute(\"data-secret\"))||(t=Math.random().toString(36).substring(2,12),e.src+=\"#?secret=\"+t,e.setAttribute(\"data-secret\",t)),e.contentWindow.postMessage({message:\"ready\",secret:t},\"*\")},!1)))}(window,document);\n\/\/# sourceURL=https:\/\/www.gereso.com\/actualites\/wp-includes\/js\/wp-embed.min.js\n\/* ]]> *\/\n<\/script>\n","description":"Pour s\u00e9curiser les parcours de formation et r\u00e9pondre aux besoins sp\u00e9cifiques des personnes en situation\u00a0 de handicap, l\u2019apprentissage peut \u00eatre am\u00e9nag\u00e9. La dur\u00e9e du contrat, le temps de travail, le d\u00e9roulement de la formation ou encore la limite d\u2019\u00e2ge sont quelques exemples d\u2019adaptations de parcours Par ailleurs, le FIPHFP propose, entre autres, une aide \u00e0 [&hellip;]"}

Équipe GERESO

Pour sécuriser les parcours de formation et répondre aux besoins spécifiques des personnes en situation  de handicap, l’apprentissage peut être aménagé. La durée du contrat, le temps de travail, le déroulement de la formation ou encore la limite d’âge sont quelques exemples d’adaptations de parcours Par ailleurs, le FIPHFP propose, entre autres, une aide à [&hellip;]
