{"version":"1.0","provider_name":"Le Blog GERESO","provider_url":"https:\/\/www.gereso.com\/actualites","author_name":"Damien P\u00e9an","author_url":"https:\/\/www.gereso.com\/actualites\/author\/d-pean\/","title":"PPV\u00a0: l\u2019exon\u00e9ration d\u2019IR en 2024 pour les PME - Le Blog GERESO","type":"rich","width":600,"height":338,"html":"<blockquote class=\"wp-embedded-content\" data-secret=\"bJ5LvdzyTA\"><a href=\"https:\/\/www.gereso.com\/actualites\/2023\/11\/29\/ppv-lexoneration-dir-en-2024-pour-les-pme\/\">PPV\u00a0: l\u2019exon\u00e9ration d\u2019IR en 2024 pour les PME<\/a><\/blockquote><iframe sandbox=\"allow-scripts\" security=\"restricted\" src=\"https:\/\/www.gereso.com\/actualites\/2023\/11\/29\/ppv-lexoneration-dir-en-2024-pour-les-pme\/embed\/#?secret=bJ5LvdzyTA\" width=\"600\" height=\"338\" title=\"\u00ab\u00a0PPV\u00a0: l\u2019exon\u00e9ration d\u2019IR en 2024 pour les PME\u00a0\u00bb &#8212; Le Blog GERESO\" data-secret=\"bJ5LvdzyTA\" frameborder=\"0\" marginwidth=\"0\" marginheight=\"0\" scrolling=\"no\" class=\"wp-embedded-content\"><\/iframe><script type=\"text\/javascript\">\n\/* <![CDATA[ *\/\n\/*! This file is auto-generated *\/\n!function(d,l){\"use strict\";l.querySelector&&d.addEventListener&&\"undefined\"!=typeof URL&&(d.wp=d.wp||{},d.wp.receiveEmbedMessage||(d.wp.receiveEmbedMessage=function(e){var t=e.data;if((t||t.secret||t.message||t.value)&&!\/[^a-zA-Z0-9]\/.test(t.secret)){for(var s,r,n,a=l.querySelectorAll('iframe[data-secret=\"'+t.secret+'\"]'),o=l.querySelectorAll('blockquote[data-secret=\"'+t.secret+'\"]'),c=new RegExp(\"^https?:$\",\"i\"),i=0;i<o.length;i++)o[i].style.display=\"none\";for(i=0;i<a.length;i++)s=a[i],e.source===s.contentWindow&&(s.removeAttribute(\"style\"),\"height\"===t.message?(1e3<(r=parseInt(t.value,10))?r=1e3:~~r<200&&(r=200),s.height=r):\"link\"===t.message&&(r=new URL(s.getAttribute(\"src\")),n=new URL(t.value),c.test(n.protocol))&&n.host===r.host&&l.activeElement===s&&(d.top.location.href=t.value))}},d.addEventListener(\"message\",d.wp.receiveEmbedMessage,!1),l.addEventListener(\"DOMContentLoaded\",function(){for(var e,t,s=l.querySelectorAll(\"iframe.wp-embedded-content\"),r=0;r<s.length;r++)(t=(e=s[r]).getAttribute(\"data-secret\"))||(t=Math.random().toString(36).substring(2,12),e.src+=\"#?secret=\"+t,e.setAttribute(\"data-secret\",t)),e.contentWindow.postMessage({message:\"ready\",secret:t},\"*\")},!1)))}(window,document);\n\/\/# sourceURL=https:\/\/www.gereso.com\/actualites\/wp-includes\/js\/wp-embed.min.js\n\/* ]]> *\/\n<\/script>\n","description":"Le projet de loi Partage de la valeur proroge pour 3 ans l\u2019exon\u00e9ration d\u2019imp\u00f4t sur le revenu sur les primes de partage de la valeur per\u00e7ues par les salari\u00e9s, mais uniquement dans les entreprises de moins de 50 salari\u00e9s. Exon\u00e9ration des PPV limit\u00e9e initialement \u00e0 2023 Les employeurs ont la possibilit\u00e9 de verser une prime [&hellip;]"}

Damien Péan

PPV : l’exonération d’IR en 2024 pour les PME - Le Blog GERESO

<blockquote class="wp-embedded-content" data-secret="bJ5LvdzyTA"><a href="https://www.gereso.com/actualites/2023/11/29/ppv-lexoneration-dir-en-2024-pour-les-pme/">PPV : l’exonération d’IR en 2024 pour les PME</a></blockquote><iframe sandbox="allow-scripts" security="restricted" src="https://www.gereso.com/actualites/2023/11/29/ppv-lexoneration-dir-en-2024-pour-les-pme/embed/#?secret=bJ5LvdzyTA" width="600" height="338" title="« PPV : l’exonération d’IR en 2024 pour les PME » &#8212; Le Blog GERESO" data-secret="bJ5LvdzyTA" frameborder="0" marginwidth="0" marginheight="0" scrolling="no" class="wp-embedded-content"></iframe><script type="text/javascript">
/* <![CDATA[ */
/*! This file is auto-generated */
!function(d,l){"use strict";l.querySelector&&d.addEventListener&&"undefined"!=typeof URL&&(d.wp=d.wp||{},d.wp.receiveEmbedMessage||(d.wp.receiveEmbedMessage=function(e){var t=e.data;if((t||t.secret||t.message||t.value)&&!/[^a-zA-Z0-9]/.test(t.secret)){for(var s,r,n,a=l.querySelectorAll('iframe[data-secret="'+t.secret+'"]'),o=l.querySelectorAll('blockquote[data-secret="'+t.secret+'"]'),c=new RegExp("^https?:$","i"),i=0;i<o.length;i++)o[i].style.display="none";for(i=0;i<a.length;i++)s=a[i],e.source===s.contentWindow&&(s.removeAttribute("style"),"height"===t.message?(1e3<(r=parseInt(t.value,10))?r=1e3:~~r<200&&(r=200),s.height=r):"link"===t.message&&(r=new URL(s.getAttribute("src")),n=new URL(t.value),c.test(n.protocol))&&n.host===r.host&&l.activeElement===s&&(d.top.location.href=t.value))}},d.addEventListener("message",d.wp.receiveEmbedMessage,!1),l.addEventListener("DOMContentLoaded",function(){for(var e,t,s=l.querySelectorAll("iframe.wp-embedded-content"),r=0;r<s.length;r++)(t=(e=s[r]).getAttribute("data-secret"))||(t=Math.random().toString(36).substring(2,12),e.src+="#?secret="+t,e.setAttribute("data-secret",t)),e.contentWindow.postMessage({message:"ready",secret:t},"*")},!1)))}(window,document);
//# sourceURL=https://www.gereso.com/actualites/wp-includes/js/wp-embed.min.js
/* ]]> */
</script>

Le projet de loi Partage de la valeur proroge pour 3 ans l’exonération d’impôt sur le revenu sur les primes de partage de la valeur perçues par les salariés, mais uniquement dans les entreprises de moins de 50 salariés. Exonération des PPV limitée initialement à 2023 Les employeurs ont la possibilité de verser une prime [&hellip;]
