{"version":"1.0","provider_name":"Le Blog GERESO","provider_url":"https:\/\/www.gereso.com\/actualites","author_name":"\u00c9quipe GERESO","author_url":"https:\/\/www.gereso.com\/actualites\/author\/gereso\/","title":"Le droit \u00e0 cong\u00e9 annuel d\u2019un agent b\u00e9n\u00e9ficiant d\u2019un cong\u00e9 pour raison de sant\u00e9 \u00e0 la lumi\u00e8re de l\u2019arr\u00eat rendu par la Cour de cassation le 13 septembre 2023 - Le Blog GERESO","type":"rich","width":600,"height":338,"html":"<blockquote class=\"wp-embedded-content\" data-secret=\"mYm2tCKGbI\"><a href=\"https:\/\/www.gereso.com\/actualites\/2023\/12\/05\/droit-conge-annuel-agent-beneficiant-conge-sante\/\">Le droit \u00e0 cong\u00e9 annuel d\u2019un agent b\u00e9n\u00e9ficiant d\u2019un cong\u00e9 pour raison de sant\u00e9 \u00e0 la lumi\u00e8re de l\u2019arr\u00eat rendu par la Cour de cassation le 13 septembre 2023<\/a><\/blockquote><iframe sandbox=\"allow-scripts\" security=\"restricted\" src=\"https:\/\/www.gereso.com\/actualites\/2023\/12\/05\/droit-conge-annuel-agent-beneficiant-conge-sante\/embed\/#?secret=mYm2tCKGbI\" width=\"600\" height=\"338\" title=\"\u00ab\u00a0Le droit \u00e0 cong\u00e9 annuel d\u2019un agent b\u00e9n\u00e9ficiant d\u2019un cong\u00e9 pour raison de sant\u00e9 \u00e0 la lumi\u00e8re de l\u2019arr\u00eat rendu par la Cour de cassation le 13 septembre 2023\u00a0\u00bb &#8212; Le Blog GERESO\" data-secret=\"mYm2tCKGbI\" frameborder=\"0\" marginwidth=\"0\" marginheight=\"0\" scrolling=\"no\" class=\"wp-embedded-content\"><\/iframe><script type=\"text\/javascript\">\n\/* <![CDATA[ *\/\n\/*! This file is auto-generated *\/\n!function(d,l){\"use strict\";l.querySelector&&d.addEventListener&&\"undefined\"!=typeof URL&&(d.wp=d.wp||{},d.wp.receiveEmbedMessage||(d.wp.receiveEmbedMessage=function(e){var t=e.data;if((t||t.secret||t.message||t.value)&&!\/[^a-zA-Z0-9]\/.test(t.secret)){for(var s,r,n,a=l.querySelectorAll('iframe[data-secret=\"'+t.secret+'\"]'),o=l.querySelectorAll('blockquote[data-secret=\"'+t.secret+'\"]'),c=new RegExp(\"^https?:$\",\"i\"),i=0;i<o.length;i++)o[i].style.display=\"none\";for(i=0;i<a.length;i++)s=a[i],e.source===s.contentWindow&&(s.removeAttribute(\"style\"),\"height\"===t.message?(1e3<(r=parseInt(t.value,10))?r=1e3:~~r<200&&(r=200),s.height=r):\"link\"===t.message&&(r=new URL(s.getAttribute(\"src\")),n=new URL(t.value),c.test(n.protocol))&&n.host===r.host&&l.activeElement===s&&(d.top.location.href=t.value))}},d.addEventListener(\"message\",d.wp.receiveEmbedMessage,!1),l.addEventListener(\"DOMContentLoaded\",function(){for(var e,t,s=l.querySelectorAll(\"iframe.wp-embedded-content\"),r=0;r<s.length;r++)(t=(e=s[r]).getAttribute(\"data-secret\"))||(t=Math.random().toString(36).substring(2,12),e.src+=\"#?secret=\"+t,e.setAttribute(\"data-secret\",t)),e.contentWindow.postMessage({message:\"ready\",secret:t},\"*\")},!1)))}(window,document);\n\/\/# sourceURL=https:\/\/www.gereso.com\/actualites\/wp-includes\/js\/wp-embed.min.js\n\/* ]]> *\/\n<\/script>\n","thumbnail_url":"https:\/\/www.gereso.com\/actualites\/wp-content\/uploads\/2023\/12\/droit-conge-annuel-agent-beneficiant-conge-sante.jpg","thumbnail_width":600,"thumbnail_height":400,"description":"Il convient alors dans un premier temps d\u2019examiner les r\u00e8glements relatifs aux droits \u00e0 cong\u00e9 annuel pour les fonctionnaires en mettant en lumi\u00e8re les diff\u00e9rences entre le droit interne fran\u00e7ais et la l\u00e9gislation de l\u2019Union europ\u00e9enne et surtout comment le Conseil d\u2019\u00c9tat a d\u00fb \u00e9carter ces dispositions nationales incompatibles avec le droit de l\u2019UE, permettant [&hellip;]"}

Équipe GERESO

Le droit à congé annuel d’un agent bénéficiant d’un congé pour raison de santé à la lumière de l’arrêt rendu par la Cour de cassation le 13 septembre 2023 - Le Blog GERESO

<blockquote class="wp-embedded-content" data-secret="mYm2tCKGbI"><a href="https://www.gereso.com/actualites/2023/12/05/droit-conge-annuel-agent-beneficiant-conge-sante/">Le droit à congé annuel d’un agent bénéficiant d’un congé pour raison de santé à la lumière de l’arrêt rendu par la Cour de cassation le 13 septembre 2023</a></blockquote><iframe sandbox="allow-scripts" security="restricted" src="https://www.gereso.com/actualites/2023/12/05/droit-conge-annuel-agent-beneficiant-conge-sante/embed/#?secret=mYm2tCKGbI" width="600" height="338" title="« Le droit à congé annuel d’un agent bénéficiant d’un congé pour raison de santé à la lumière de l’arrêt rendu par la Cour de cassation le 13 septembre 2023 » &#8212; Le Blog GERESO" data-secret="mYm2tCKGbI" frameborder="0" marginwidth="0" marginheight="0" scrolling="no" class="wp-embedded-content"></iframe><script type="text/javascript">
/* <![CDATA[ */
/*! This file is auto-generated */
!function(d,l){"use strict";l.querySelector&&d.addEventListener&&"undefined"!=typeof URL&&(d.wp=d.wp||{},d.wp.receiveEmbedMessage||(d.wp.receiveEmbedMessage=function(e){var t=e.data;if((t||t.secret||t.message||t.value)&&!/[^a-zA-Z0-9]/.test(t.secret)){for(var s,r,n,a=l.querySelectorAll('iframe[data-secret="'+t.secret+'"]'),o=l.querySelectorAll('blockquote[data-secret="'+t.secret+'"]'),c=new RegExp("^https?:$","i"),i=0;i<o.length;i++)o[i].style.display="none";for(i=0;i<a.length;i++)s=a[i],e.source===s.contentWindow&&(s.removeAttribute("style"),"height"===t.message?(1e3<(r=parseInt(t.value,10))?r=1e3:~~r<200&&(r=200),s.height=r):"link"===t.message&&(r=new URL(s.getAttribute("src")),n=new URL(t.value),c.test(n.protocol))&&n.host===r.host&&l.activeElement===s&&(d.top.location.href=t.value))}},d.addEventListener("message",d.wp.receiveEmbedMessage,!1),l.addEventListener("DOMContentLoaded",function(){for(var e,t,s=l.querySelectorAll("iframe.wp-embedded-content"),r=0;r<s.length;r++)(t=(e=s[r]).getAttribute("data-secret"))||(t=Math.random().toString(36).substring(2,12),e.src+="#?secret="+t,e.setAttribute("data-secret",t)),e.contentWindow.postMessage({message:"ready",secret:t},"*")},!1)))}(window,document);
//# sourceURL=https://www.gereso.com/actualites/wp-includes/js/wp-embed.min.js
/* ]]> */
</script>

Il convient alors dans un premier temps d’examiner les règlements relatifs aux droits à congé annuel pour les fonctionnaires en mettant en lumière les différences entre le droit interne français et la législation de l’Union européenne et surtout comment le Conseil d’État a dû écarter ces dispositions nationales incompatibles avec le droit de l’UE, permettant [&hellip;]
