{"version":"1.0","provider_name":"Le Blog GERESO","provider_url":"https:\/\/www.gereso.com\/actualites","author_name":"\u00c9quipe GERESO","author_url":"https:\/\/www.gereso.com\/actualites\/author\/gereso\/","title":"Fonction publique : nouvelle actualit\u00e9 sur le cong\u00e9 de deuil - Le Blog GERESO","type":"rich","width":600,"height":338,"html":"<blockquote class=\"wp-embedded-content\" data-secret=\"fDdbELV6cr\"><a href=\"https:\/\/www.gereso.com\/actualites\/2023\/12\/11\/fonction-publique-actualites-dsn-conge-deuil\/\">Fonction publique : nouvelle actualit\u00e9 sur le cong\u00e9 de deuil<\/a><\/blockquote><iframe sandbox=\"allow-scripts\" security=\"restricted\" src=\"https:\/\/www.gereso.com\/actualites\/2023\/12\/11\/fonction-publique-actualites-dsn-conge-deuil\/embed\/#?secret=fDdbELV6cr\" width=\"600\" height=\"338\" title=\"\u00ab\u00a0Fonction publique : nouvelle actualit\u00e9 sur le cong\u00e9 de deuil\u00a0\u00bb &#8212; Le Blog GERESO\" data-secret=\"fDdbELV6cr\" frameborder=\"0\" marginwidth=\"0\" marginheight=\"0\" scrolling=\"no\" class=\"wp-embedded-content\"><\/iframe><script type=\"text\/javascript\">\n\/* <![CDATA[ *\/\n\/*! This file is auto-generated *\/\n!function(d,l){\"use strict\";l.querySelector&&d.addEventListener&&\"undefined\"!=typeof URL&&(d.wp=d.wp||{},d.wp.receiveEmbedMessage||(d.wp.receiveEmbedMessage=function(e){var t=e.data;if((t||t.secret||t.message||t.value)&&!\/[^a-zA-Z0-9]\/.test(t.secret)){for(var s,r,n,a=l.querySelectorAll('iframe[data-secret=\"'+t.secret+'\"]'),o=l.querySelectorAll('blockquote[data-secret=\"'+t.secret+'\"]'),c=new RegExp(\"^https?:$\",\"i\"),i=0;i<o.length;i++)o[i].style.display=\"none\";for(i=0;i<a.length;i++)s=a[i],e.source===s.contentWindow&&(s.removeAttribute(\"style\"),\"height\"===t.message?(1e3<(r=parseInt(t.value,10))?r=1e3:~~r<200&&(r=200),s.height=r):\"link\"===t.message&&(r=new URL(s.getAttribute(\"src\")),n=new URL(t.value),c.test(n.protocol))&&n.host===r.host&&l.activeElement===s&&(d.top.location.href=t.value))}},d.addEventListener(\"message\",d.wp.receiveEmbedMessage,!1),l.addEventListener(\"DOMContentLoaded\",function(){for(var e,t,s=l.querySelectorAll(\"iframe.wp-embedded-content\"),r=0;r<s.length;r++)(t=(e=s[r]).getAttribute(\"data-secret\"))||(t=Math.random().toString(36).substring(2,12),e.src+=\"#?secret=\"+t,e.setAttribute(\"data-secret\",t)),e.contentWindow.postMessage({message:\"ready\",secret:t},\"*\")},!1)))}(window,document);\n\/\/# sourceURL=https:\/\/www.gereso.com\/actualites\/wp-includes\/js\/wp-embed.min.js\n\/* ]]> *\/\n<\/script>\n","thumbnail_url":"https:\/\/www.gereso.com\/actualites\/wp-content\/uploads\/2023\/12\/fonction-publique-actualites-dsn-conge-deuil.jpg","thumbnail_width":600,"thumbnail_height":400,"description":"Ce nouveau type d\u2019arr\u00eat n\u2019est pas \u00e0 ce jour substitu\u00e9 via la DSN Par cons\u00e9quent, aucun signalement DSN ne peut \u00eatre transmis \u00e0 la CPAM pour prise en charge. La substitution via la DSN est pr\u00e9vue \u00e0 compter de la version de norme P24V01. En l\u2019attente, ces \u00ab&nbsp;cong\u00e9s de deuil&nbsp;\u00bb sont \u00e0 d\u00e9clarer aupr\u00e8s de [&hellip;]"}

Équipe GERESO

Fonction publique : nouvelle actualité sur le congé de deuil - Le Blog GERESO

<blockquote class="wp-embedded-content" data-secret="fDdbELV6cr"><a href="https://www.gereso.com/actualites/2023/12/11/fonction-publique-actualites-dsn-conge-deuil/">Fonction publique : nouvelle actualité sur le congé de deuil</a></blockquote><iframe sandbox="allow-scripts" security="restricted" src="https://www.gereso.com/actualites/2023/12/11/fonction-publique-actualites-dsn-conge-deuil/embed/#?secret=fDdbELV6cr" width="600" height="338" title="« Fonction publique : nouvelle actualité sur le congé de deuil » &#8212; Le Blog GERESO" data-secret="fDdbELV6cr" frameborder="0" marginwidth="0" marginheight="0" scrolling="no" class="wp-embedded-content"></iframe><script type="text/javascript">
/* <![CDATA[ */
/*! This file is auto-generated */
!function(d,l){"use strict";l.querySelector&&d.addEventListener&&"undefined"!=typeof URL&&(d.wp=d.wp||{},d.wp.receiveEmbedMessage||(d.wp.receiveEmbedMessage=function(e){var t=e.data;if((t||t.secret||t.message||t.value)&&!/[^a-zA-Z0-9]/.test(t.secret)){for(var s,r,n,a=l.querySelectorAll('iframe[data-secret="'+t.secret+'"]'),o=l.querySelectorAll('blockquote[data-secret="'+t.secret+'"]'),c=new RegExp("^https?:$","i"),i=0;i<o.length;i++)o[i].style.display="none";for(i=0;i<a.length;i++)s=a[i],e.source===s.contentWindow&&(s.removeAttribute("style"),"height"===t.message?(1e3<(r=parseInt(t.value,10))?r=1e3:~~r<200&&(r=200),s.height=r):"link"===t.message&&(r=new URL(s.getAttribute("src")),n=new URL(t.value),c.test(n.protocol))&&n.host===r.host&&l.activeElement===s&&(d.top.location.href=t.value))}},d.addEventListener("message",d.wp.receiveEmbedMessage,!1),l.addEventListener("DOMContentLoaded",function(){for(var e,t,s=l.querySelectorAll("iframe.wp-embedded-content"),r=0;r<s.length;r++)(t=(e=s[r]).getAttribute("data-secret"))||(t=Math.random().toString(36).substring(2,12),e.src+="#?secret="+t,e.setAttribute("data-secret",t)),e.contentWindow.postMessage({message:"ready",secret:t},"*")},!1)))}(window,document);
//# sourceURL=https://www.gereso.com/actualites/wp-includes/js/wp-embed.min.js
/* ]]> */
</script>

Ce nouveau type d’arrêt n’est pas à ce jour substitué via la DSN Par conséquent, aucun signalement DSN ne peut être transmis à la CPAM pour prise en charge. La substitution via la DSN est prévue à compter de la version de norme P24V01. En l’attente, ces «&nbsp;congés de deuil&nbsp;» sont à déclarer auprès de [&hellip;]
