{"version":"1.0","provider_name":"Le Blog GERESO","provider_url":"https:\/\/www.gereso.com\/actualites","author_name":"Filippo Aloisi - Bavagnoli","author_url":"https:\/\/www.gereso.com\/actualites\/author\/f-aloisi\/","title":"Les arr\u00eats de la Cour de cassation en mati\u00e8re de cong\u00e9s pay\u00e9s\u00a0: simple application du droit europ\u00e9en ou d\u00e9cision tragique pour les finances des entreprises\u00a0? - Le Blog GERESO","type":"rich","width":600,"height":338,"html":"<blockquote class=\"wp-embedded-content\" data-secret=\"URAe31pFFx\"><a href=\"https:\/\/www.gereso.com\/actualites\/2023\/12\/18\/arrets-cour-cassation-conges-payes\/\">Les arr\u00eats de la Cour de cassation en mati\u00e8re de cong\u00e9s pay\u00e9s\u00a0: simple application du droit europ\u00e9en ou d\u00e9cision tragique pour les finances des entreprises\u00a0?<\/a><\/blockquote><iframe sandbox=\"allow-scripts\" security=\"restricted\" src=\"https:\/\/www.gereso.com\/actualites\/2023\/12\/18\/arrets-cour-cassation-conges-payes\/embed\/#?secret=URAe31pFFx\" width=\"600\" height=\"338\" title=\"\u00ab\u00a0Les arr\u00eats de la Cour de cassation en mati\u00e8re de cong\u00e9s pay\u00e9s\u00a0: simple application du droit europ\u00e9en ou d\u00e9cision tragique pour les finances des entreprises\u00a0?\u00a0\u00bb &#8212; Le Blog GERESO\" data-secret=\"URAe31pFFx\" frameborder=\"0\" marginwidth=\"0\" marginheight=\"0\" scrolling=\"no\" class=\"wp-embedded-content\"><\/iframe><script type=\"text\/javascript\">\n\/* <![CDATA[ *\/\n\/*! This file is auto-generated *\/\n!function(d,l){\"use strict\";l.querySelector&&d.addEventListener&&\"undefined\"!=typeof URL&&(d.wp=d.wp||{},d.wp.receiveEmbedMessage||(d.wp.receiveEmbedMessage=function(e){var t=e.data;if((t||t.secret||t.message||t.value)&&!\/[^a-zA-Z0-9]\/.test(t.secret)){for(var s,r,n,a=l.querySelectorAll('iframe[data-secret=\"'+t.secret+'\"]'),o=l.querySelectorAll('blockquote[data-secret=\"'+t.secret+'\"]'),c=new RegExp(\"^https?:$\",\"i\"),i=0;i<o.length;i++)o[i].style.display=\"none\";for(i=0;i<a.length;i++)s=a[i],e.source===s.contentWindow&&(s.removeAttribute(\"style\"),\"height\"===t.message?(1e3<(r=parseInt(t.value,10))?r=1e3:~~r<200&&(r=200),s.height=r):\"link\"===t.message&&(r=new URL(s.getAttribute(\"src\")),n=new URL(t.value),c.test(n.protocol))&&n.host===r.host&&l.activeElement===s&&(d.top.location.href=t.value))}},d.addEventListener(\"message\",d.wp.receiveEmbedMessage,!1),l.addEventListener(\"DOMContentLoaded\",function(){for(var e,t,s=l.querySelectorAll(\"iframe.wp-embedded-content\"),r=0;r<s.length;r++)(t=(e=s[r]).getAttribute(\"data-secret\"))||(t=Math.random().toString(36).substring(2,12),e.src+=\"#?secret=\"+t,e.setAttribute(\"data-secret\",t)),e.contentWindow.postMessage({message:\"ready\",secret:t},\"*\")},!1)))}(window,document);\n\/\/# sourceURL=https:\/\/www.gereso.com\/actualites\/wp-includes\/js\/wp-embed.min.js\n\/* ]]> *\/\n<\/script>\n","thumbnail_url":"https:\/\/www.gereso.com\/actualites\/wp-content\/uploads\/2023\/11\/arrets-cour-cassation-conges-payes.jpg","thumbnail_width":600,"thumbnail_height":400,"description":"Elle a d\u00e9cid\u00e9&nbsp;: Les r\u00e9actions ont \u00e9t\u00e9 imm\u00e9diates et l\u2019agitation est encore bien tangible, plus de deux mois apr\u00e8s le prononc\u00e9 des arr\u00eats. Toute la communaut\u00e9 des juristes de droit social et des praticiens des ressources humaines, mais \u00e9galement de la paye, s\u2019est saisie de la question, oscillant entre une approbation des arr\u00eats et, majoritairement, [&hellip;]"}

Les arrêts de la Cour de cassation en matière de congés payés : simple application du droit européen ou décision tragique pour les finances des entreprises ? - Le Blog GERESO

<blockquote class="wp-embedded-content" data-secret="URAe31pFFx"><a href="https://www.gereso.com/actualites/2023/12/18/arrets-cour-cassation-conges-payes/">Les arrêts de la Cour de cassation en matière de congés payés : simple application du droit européen ou décision tragique pour les finances des entreprises ?</a></blockquote><iframe sandbox="allow-scripts" security="restricted" src="https://www.gereso.com/actualites/2023/12/18/arrets-cour-cassation-conges-payes/embed/#?secret=URAe31pFFx" width="600" height="338" title="« Les arrêts de la Cour de cassation en matière de congés payés : simple application du droit européen ou décision tragique pour les finances des entreprises ? » &#8212; Le Blog GERESO" data-secret="URAe31pFFx" frameborder="0" marginwidth="0" marginheight="0" scrolling="no" class="wp-embedded-content"></iframe><script type="text/javascript">
/* <![CDATA[ */
/*! This file is auto-generated */
!function(d,l){"use strict";l.querySelector&&d.addEventListener&&"undefined"!=typeof URL&&(d.wp=d.wp||{},d.wp.receiveEmbedMessage||(d.wp.receiveEmbedMessage=function(e){var t=e.data;if((t||t.secret||t.message||t.value)&&!/[^a-zA-Z0-9]/.test(t.secret)){for(var s,r,n,a=l.querySelectorAll('iframe[data-secret="'+t.secret+'"]'),o=l.querySelectorAll('blockquote[data-secret="'+t.secret+'"]'),c=new RegExp("^https?:$","i"),i=0;i<o.length;i++)o[i].style.display="none";for(i=0;i<a.length;i++)s=a[i],e.source===s.contentWindow&&(s.removeAttribute("style"),"height"===t.message?(1e3<(r=parseInt(t.value,10))?r=1e3:~~r<200&&(r=200),s.height=r):"link"===t.message&&(r=new URL(s.getAttribute("src")),n=new URL(t.value),c.test(n.protocol))&&n.host===r.host&&l.activeElement===s&&(d.top.location.href=t.value))}},d.addEventListener("message",d.wp.receiveEmbedMessage,!1),l.addEventListener("DOMContentLoaded",function(){for(var e,t,s=l.querySelectorAll("iframe.wp-embedded-content"),r=0;r<s.length;r++)(t=(e=s[r]).getAttribute("data-secret"))||(t=Math.random().toString(36).substring(2,12),e.src+="#?secret="+t,e.setAttribute("data-secret",t)),e.contentWindow.postMessage({message:"ready",secret:t},"*")},!1)))}(window,document);
//# sourceURL=https://www.gereso.com/actualites/wp-includes/js/wp-embed.min.js
/* ]]> */
</script>

Elle a décidé&nbsp;: Les réactions ont été immédiates et l’agitation est encore bien tangible, plus de deux mois après le prononcé des arrêts. Toute la communauté des juristes de droit social et des praticiens des ressources humaines, mais également de la paye, s’est saisie de la question, oscillant entre une approbation des arrêts et, majoritairement, [&hellip;]
