{"version":"1.0","provider_name":"Le Blog GERESO","provider_url":"https:\/\/www.gereso.com\/actualites","author_name":"\u00c9quipe GERESO","author_url":"https:\/\/www.gereso.com\/actualites\/author\/gereso\/","title":"La\u00efcit\u00e9 dans la fonction publique : les derni\u00e8res actualit\u00e9s - Le Blog GERESO","type":"rich","width":600,"height":338,"html":"<blockquote class=\"wp-embedded-content\" data-secret=\"ZZtQlhn5aE\"><a href=\"https:\/\/www.gereso.com\/actualites\/2024\/01\/08\/laicite-fonction-publique-dernieres-actualites\/\">La\u00efcit\u00e9 dans la fonction publique : les derni\u00e8res actualit\u00e9s<\/a><\/blockquote><iframe sandbox=\"allow-scripts\" security=\"restricted\" src=\"https:\/\/www.gereso.com\/actualites\/2024\/01\/08\/laicite-fonction-publique-dernieres-actualites\/embed\/#?secret=ZZtQlhn5aE\" width=\"600\" height=\"338\" title=\"\u00ab\u00a0La\u00efcit\u00e9 dans la fonction publique : les derni\u00e8res actualit\u00e9s\u00a0\u00bb &#8212; Le Blog GERESO\" data-secret=\"ZZtQlhn5aE\" frameborder=\"0\" marginwidth=\"0\" marginheight=\"0\" scrolling=\"no\" class=\"wp-embedded-content\"><\/iframe><script type=\"text\/javascript\">\n\/* <![CDATA[ *\/\n\/*! This file is auto-generated *\/\n!function(d,l){\"use strict\";l.querySelector&&d.addEventListener&&\"undefined\"!=typeof URL&&(d.wp=d.wp||{},d.wp.receiveEmbedMessage||(d.wp.receiveEmbedMessage=function(e){var t=e.data;if((t||t.secret||t.message||t.value)&&!\/[^a-zA-Z0-9]\/.test(t.secret)){for(var s,r,n,a=l.querySelectorAll('iframe[data-secret=\"'+t.secret+'\"]'),o=l.querySelectorAll('blockquote[data-secret=\"'+t.secret+'\"]'),c=new RegExp(\"^https?:$\",\"i\"),i=0;i<o.length;i++)o[i].style.display=\"none\";for(i=0;i<a.length;i++)s=a[i],e.source===s.contentWindow&&(s.removeAttribute(\"style\"),\"height\"===t.message?(1e3<(r=parseInt(t.value,10))?r=1e3:~~r<200&&(r=200),s.height=r):\"link\"===t.message&&(r=new URL(s.getAttribute(\"src\")),n=new URL(t.value),c.test(n.protocol))&&n.host===r.host&&l.activeElement===s&&(d.top.location.href=t.value))}},d.addEventListener(\"message\",d.wp.receiveEmbedMessage,!1),l.addEventListener(\"DOMContentLoaded\",function(){for(var e,t,s=l.querySelectorAll(\"iframe.wp-embedded-content\"),r=0;r<s.length;r++)(t=(e=s[r]).getAttribute(\"data-secret\"))||(t=Math.random().toString(36).substring(2,12),e.src+=\"#?secret=\"+t,e.setAttribute(\"data-secret\",t)),e.contentWindow.postMessage({message:\"ready\",secret:t},\"*\")},!1)))}(window,document);\n\/\/# sourceURL=https:\/\/www.gereso.com\/actualites\/wp-includes\/js\/wp-embed.min.js\n\/* ]]> *\/\n<\/script>\n","thumbnail_url":"https:\/\/www.gereso.com\/actualites\/wp-content\/uploads\/2024\/01\/referent-laicite-fonction-publique.jpg","thumbnail_width":600,"thumbnail_height":400,"description":"Dans cette affaire, une employ\u00e9e de commune en Belgique s\u2019est vu interdire le port du foulard islamique sur son lieu de travail alors qu\u2019elle exer\u00e7ait des fonctions de chef de bureau, principalement sans contact avec les usagers. Dans la foul\u00e9e, la commune a modifi\u00e9 son r\u00e8glement de travail pour imposer \u00e0 ses agents de respecter [&hellip;]"}

Équipe GERESO

Laïcité dans la fonction publique : les dernières actualités - Le Blog GERESO

<blockquote class="wp-embedded-content" data-secret="ZZtQlhn5aE"><a href="https://www.gereso.com/actualites/2024/01/08/laicite-fonction-publique-dernieres-actualites/">Laïcité dans la fonction publique : les dernières actualités</a></blockquote><iframe sandbox="allow-scripts" security="restricted" src="https://www.gereso.com/actualites/2024/01/08/laicite-fonction-publique-dernieres-actualites/embed/#?secret=ZZtQlhn5aE" width="600" height="338" title="« Laïcité dans la fonction publique : les dernières actualités » &#8212; Le Blog GERESO" data-secret="ZZtQlhn5aE" frameborder="0" marginwidth="0" marginheight="0" scrolling="no" class="wp-embedded-content"></iframe><script type="text/javascript">
/* <![CDATA[ */
/*! This file is auto-generated */
!function(d,l){"use strict";l.querySelector&&d.addEventListener&&"undefined"!=typeof URL&&(d.wp=d.wp||{},d.wp.receiveEmbedMessage||(d.wp.receiveEmbedMessage=function(e){var t=e.data;if((t||t.secret||t.message||t.value)&&!/[^a-zA-Z0-9]/.test(t.secret)){for(var s,r,n,a=l.querySelectorAll('iframe[data-secret="'+t.secret+'"]'),o=l.querySelectorAll('blockquote[data-secret="'+t.secret+'"]'),c=new RegExp("^https?:$","i"),i=0;i<o.length;i++)o[i].style.display="none";for(i=0;i<a.length;i++)s=a[i],e.source===s.contentWindow&&(s.removeAttribute("style"),"height"===t.message?(1e3<(r=parseInt(t.value,10))?r=1e3:~~r<200&&(r=200),s.height=r):"link"===t.message&&(r=new URL(s.getAttribute("src")),n=new URL(t.value),c.test(n.protocol))&&n.host===r.host&&l.activeElement===s&&(d.top.location.href=t.value))}},d.addEventListener("message",d.wp.receiveEmbedMessage,!1),l.addEventListener("DOMContentLoaded",function(){for(var e,t,s=l.querySelectorAll("iframe.wp-embedded-content"),r=0;r<s.length;r++)(t=(e=s[r]).getAttribute("data-secret"))||(t=Math.random().toString(36).substring(2,12),e.src+="#?secret="+t,e.setAttribute("data-secret",t)),e.contentWindow.postMessage({message:"ready",secret:t},"*")},!1)))}(window,document);
//# sourceURL=https://www.gereso.com/actualites/wp-includes/js/wp-embed.min.js
/* ]]> */
</script>

Dans cette affaire, une employée de commune en Belgique s’est vu interdire le port du foulard islamique sur son lieu de travail alors qu’elle exerçait des fonctions de chef de bureau, principalement sans contact avec les usagers. Dans la foulée, la commune a modifié son règlement de travail pour imposer à ses agents de respecter [&hellip;]
