{"version":"1.0","provider_name":"Le Blog GERESO","provider_url":"https:\/\/www.gereso.com\/actualites","author_name":"\u00c9quipe GERESO","author_url":"https:\/\/www.gereso.com\/actualites\/author\/gereso\/","title":"Exclusion de certains personnels de la fonction publique territoriale au CTI - Le Blog GERESO","type":"rich","width":600,"height":338,"html":"<blockquote class=\"wp-embedded-content\" data-secret=\"bYqoYCbgXz\"><a href=\"https:\/\/www.gereso.com\/actualites\/2024\/06\/03\/exclusion-certains-personnels-fpt-cti\/\">Exclusion de certains personnels de la fonction publique territoriale au CTI<\/a><\/blockquote><iframe sandbox=\"allow-scripts\" security=\"restricted\" src=\"https:\/\/www.gereso.com\/actualites\/2024\/06\/03\/exclusion-certains-personnels-fpt-cti\/embed\/#?secret=bYqoYCbgXz\" width=\"600\" height=\"338\" title=\"\u00ab\u00a0Exclusion de certains personnels de la fonction publique territoriale au CTI\u00a0\u00bb &#8212; Le Blog GERESO\" data-secret=\"bYqoYCbgXz\" frameborder=\"0\" marginwidth=\"0\" marginheight=\"0\" scrolling=\"no\" class=\"wp-embedded-content\"><\/iframe><script type=\"text\/javascript\">\n\/* <![CDATA[ *\/\n\/*! This file is auto-generated *\/\n!function(d,l){\"use strict\";l.querySelector&&d.addEventListener&&\"undefined\"!=typeof URL&&(d.wp=d.wp||{},d.wp.receiveEmbedMessage||(d.wp.receiveEmbedMessage=function(e){var t=e.data;if((t||t.secret||t.message||t.value)&&!\/[^a-zA-Z0-9]\/.test(t.secret)){for(var s,r,n,a=l.querySelectorAll('iframe[data-secret=\"'+t.secret+'\"]'),o=l.querySelectorAll('blockquote[data-secret=\"'+t.secret+'\"]'),c=new RegExp(\"^https?:$\",\"i\"),i=0;i<o.length;i++)o[i].style.display=\"none\";for(i=0;i<a.length;i++)s=a[i],e.source===s.contentWindow&&(s.removeAttribute(\"style\"),\"height\"===t.message?(1e3<(r=parseInt(t.value,10))?r=1e3:~~r<200&&(r=200),s.height=r):\"link\"===t.message&&(r=new URL(s.getAttribute(\"src\")),n=new URL(t.value),c.test(n.protocol))&&n.host===r.host&&l.activeElement===s&&(d.top.location.href=t.value))}},d.addEventListener(\"message\",d.wp.receiveEmbedMessage,!1),l.addEventListener(\"DOMContentLoaded\",function(){for(var e,t,s=l.querySelectorAll(\"iframe.wp-embedded-content\"),r=0;r<s.length;r++)(t=(e=s[r]).getAttribute(\"data-secret\"))||(t=Math.random().toString(36).substring(2,12),e.src+=\"#?secret=\"+t,e.setAttribute(\"data-secret\",t)),e.contentWindow.postMessage({message:\"ready\",secret:t},\"*\")},!1)))}(window,document);\n\/\/# sourceURL=https:\/\/www.gereso.com\/actualites\/wp-includes\/js\/wp-embed.min.js\n\/* ]]> *\/\n<\/script>\n","thumbnail_url":"https:\/\/www.gereso.com\/actualites\/wp-content\/uploads\/2024\/06\/exclusion-certains-personnels-fpt-cti.jpg","thumbnail_width":600,"thumbnail_height":400,"description":"Probl\u00e8me soulev\u00e9 Or les personnels administratifs de la fonction publique territoriale qui travaillent dans les services sociaux et m\u00e9dico-sociaux (CCAS, CIAS, r\u00e9sidences autonomie\u2026) en sont exclus, alors que ceux des autres fonctions publiques intervenant dans ces m\u00eames domaines (EHPAD hospitalier, SSIAD hospitalier\u2026) en b\u00e9n\u00e9ficient. Aussi, une d\u00e9put\u00e9e interroge le Gouvernement afin de savoir s\u2019il envisage [&hellip;]"}

Équipe GERESO

Problème soulevé Or les personnels administratifs de la fonction publique territoriale qui travaillent dans les services sociaux et médico-sociaux (CCAS, CIAS, résidences autonomie…) en sont exclus, alors que ceux des autres fonctions publiques intervenant dans ces mêmes domaines (EHPAD hospitalier, SSIAD hospitalier…) en bénéficient. Aussi, une députée interroge le Gouvernement afin de savoir s’il envisage [&hellip;]
