{"version":"1.0","provider_name":"Le Blog GERESO","provider_url":"https:\/\/www.gereso.com\/actualites","author_name":"\u00c9quipe GERESO","author_url":"https:\/\/www.gereso.com\/actualites\/author\/gereso\/","title":"Les moyens mis en \u0153uvre pour redynamiser l\u2019offre de soins\u00a0: un constat en demi-teinte - Le Blog GERESO","type":"rich","width":600,"height":338,"html":"<blockquote class=\"wp-embedded-content\" data-secret=\"rulSLS06EY\"><a href=\"https:\/\/www.gereso.com\/actualites\/2024\/07\/29\/redynamiser-offre-soins-constat-demi-teinte\/\">Les moyens mis en \u0153uvre pour redynamiser l\u2019offre de soins\u00a0: un constat en demi-teinte<\/a><\/blockquote><iframe sandbox=\"allow-scripts\" security=\"restricted\" src=\"https:\/\/www.gereso.com\/actualites\/2024\/07\/29\/redynamiser-offre-soins-constat-demi-teinte\/embed\/#?secret=rulSLS06EY\" width=\"600\" height=\"338\" title=\"\u00ab\u00a0Les moyens mis en \u0153uvre pour redynamiser l\u2019offre de soins\u00a0: un constat en demi-teinte\u00a0\u00bb &#8212; Le Blog GERESO\" data-secret=\"rulSLS06EY\" frameborder=\"0\" marginwidth=\"0\" marginheight=\"0\" scrolling=\"no\" class=\"wp-embedded-content\"><\/iframe><script type=\"text\/javascript\">\n\/* <![CDATA[ *\/\n\/*! This file is auto-generated *\/\n!function(d,l){\"use strict\";l.querySelector&&d.addEventListener&&\"undefined\"!=typeof URL&&(d.wp=d.wp||{},d.wp.receiveEmbedMessage||(d.wp.receiveEmbedMessage=function(e){var t=e.data;if((t||t.secret||t.message||t.value)&&!\/[^a-zA-Z0-9]\/.test(t.secret)){for(var s,r,n,a=l.querySelectorAll('iframe[data-secret=\"'+t.secret+'\"]'),o=l.querySelectorAll('blockquote[data-secret=\"'+t.secret+'\"]'),c=new RegExp(\"^https?:$\",\"i\"),i=0;i<o.length;i++)o[i].style.display=\"none\";for(i=0;i<a.length;i++)s=a[i],e.source===s.contentWindow&&(s.removeAttribute(\"style\"),\"height\"===t.message?(1e3<(r=parseInt(t.value,10))?r=1e3:~~r<200&&(r=200),s.height=r):\"link\"===t.message&&(r=new URL(s.getAttribute(\"src\")),n=new URL(t.value),c.test(n.protocol))&&n.host===r.host&&l.activeElement===s&&(d.top.location.href=t.value))}},d.addEventListener(\"message\",d.wp.receiveEmbedMessage,!1),l.addEventListener(\"DOMContentLoaded\",function(){for(var e,t,s=l.querySelectorAll(\"iframe.wp-embedded-content\"),r=0;r<s.length;r++)(t=(e=s[r]).getAttribute(\"data-secret\"))||(t=Math.random().toString(36).substring(2,12),e.src+=\"#?secret=\"+t,e.setAttribute(\"data-secret\",t)),e.contentWindow.postMessage({message:\"ready\",secret:t},\"*\")},!1)))}(window,document);\n\/\/# sourceURL=https:\/\/www.gereso.com\/actualites\/wp-includes\/js\/wp-embed.min.js\n\/* ]]> *\/\n<\/script>\n","thumbnail_url":"https:\/\/www.gereso.com\/actualites\/wp-content\/uploads\/2024\/07\/redynamiser-offre-soins-constat-demi-teinte.jpg","thumbnail_width":600,"thumbnail_height":400,"description":"La situation du syst\u00e8me de sant\u00e9 fran\u00e7ais n\u2019est un secret pour personne et le gouvernement tente depuis plusieurs ann\u00e9es d\u2019en am\u00e9liorer l\u2019\u00e9conomie g\u00e9n\u00e9rale. \u00c0 travers de nombreuses r\u00e9formes modifiant les statuts, clarifiant le temps de travail, ou encore renfor\u00e7ant les syst\u00e8mes de r\u00e9mun\u00e9ration et de primes, le r\u00e9glementateur a tent\u00e9 de cr\u00e9er un \u00ab&nbsp;nudge&nbsp;\u00bb au [&hellip;]"}

Équipe GERESO

Les moyens mis en œuvre pour redynamiser l’offre de soins : un constat en demi-teinte - Le Blog GERESO

<blockquote class="wp-embedded-content" data-secret="rulSLS06EY"><a href="https://www.gereso.com/actualites/2024/07/29/redynamiser-offre-soins-constat-demi-teinte/">Les moyens mis en œuvre pour redynamiser l’offre de soins : un constat en demi-teinte</a></blockquote><iframe sandbox="allow-scripts" security="restricted" src="https://www.gereso.com/actualites/2024/07/29/redynamiser-offre-soins-constat-demi-teinte/embed/#?secret=rulSLS06EY" width="600" height="338" title="« Les moyens mis en œuvre pour redynamiser l’offre de soins : un constat en demi-teinte » &#8212; Le Blog GERESO" data-secret="rulSLS06EY" frameborder="0" marginwidth="0" marginheight="0" scrolling="no" class="wp-embedded-content"></iframe><script type="text/javascript">
/* <![CDATA[ */
/*! This file is auto-generated */
!function(d,l){"use strict";l.querySelector&&d.addEventListener&&"undefined"!=typeof URL&&(d.wp=d.wp||{},d.wp.receiveEmbedMessage||(d.wp.receiveEmbedMessage=function(e){var t=e.data;if((t||t.secret||t.message||t.value)&&!/[^a-zA-Z0-9]/.test(t.secret)){for(var s,r,n,a=l.querySelectorAll('iframe[data-secret="'+t.secret+'"]'),o=l.querySelectorAll('blockquote[data-secret="'+t.secret+'"]'),c=new RegExp("^https?:$","i"),i=0;i<o.length;i++)o[i].style.display="none";for(i=0;i<a.length;i++)s=a[i],e.source===s.contentWindow&&(s.removeAttribute("style"),"height"===t.message?(1e3<(r=parseInt(t.value,10))?r=1e3:~~r<200&&(r=200),s.height=r):"link"===t.message&&(r=new URL(s.getAttribute("src")),n=new URL(t.value),c.test(n.protocol))&&n.host===r.host&&l.activeElement===s&&(d.top.location.href=t.value))}},d.addEventListener("message",d.wp.receiveEmbedMessage,!1),l.addEventListener("DOMContentLoaded",function(){for(var e,t,s=l.querySelectorAll("iframe.wp-embedded-content"),r=0;r<s.length;r++)(t=(e=s[r]).getAttribute("data-secret"))||(t=Math.random().toString(36).substring(2,12),e.src+="#?secret="+t,e.setAttribute("data-secret",t)),e.contentWindow.postMessage({message:"ready",secret:t},"*")},!1)))}(window,document);
//# sourceURL=https://www.gereso.com/actualites/wp-includes/js/wp-embed.min.js
/* ]]> */
</script>

La situation du système de santé français n’est un secret pour personne et le gouvernement tente depuis plusieurs années d’en améliorer l’économie générale. À travers de nombreuses réformes modifiant les statuts, clarifiant le temps de travail, ou encore renforçant les systèmes de rémunération et de primes, le réglementateur a tenté de créer un «&nbsp;nudge&nbsp;» au [&hellip;]
