{"version":"1.0","provider_name":"Le Blog GERESO","provider_url":"https:\/\/www.gereso.com\/actualites","author_name":"\u00c9quipe GERESO","author_url":"https:\/\/www.gereso.com\/actualites\/author\/gereso\/","title":"Lu pour vous : \u00ab G\u00e9rer les talents avec la psychologie positive \u00bb - Le Blog GERESO","type":"rich","width":600,"height":338,"html":"<blockquote class=\"wp-embedded-content\" data-secret=\"ZCZhy0odnI\"><a href=\"https:\/\/www.gereso.com\/actualites\/2024\/12\/17\/lu-pour-vous-gerer-talents-psychologie-positive\/\">Lu pour vous : \u00ab G\u00e9rer les talents avec la psychologie positive \u00bb<\/a><\/blockquote><iframe sandbox=\"allow-scripts\" security=\"restricted\" src=\"https:\/\/www.gereso.com\/actualites\/2024\/12\/17\/lu-pour-vous-gerer-talents-psychologie-positive\/embed\/#?secret=ZCZhy0odnI\" width=\"600\" height=\"338\" title=\"\u00ab\u00a0Lu pour vous : \u00ab G\u00e9rer les talents avec la psychologie positive \u00bb\u00a0\u00bb &#8212; Le Blog GERESO\" data-secret=\"ZCZhy0odnI\" frameborder=\"0\" marginwidth=\"0\" marginheight=\"0\" scrolling=\"no\" class=\"wp-embedded-content\"><\/iframe><script type=\"text\/javascript\">\n\/* <![CDATA[ *\/\n\/*! This file is auto-generated *\/\n!function(d,l){\"use strict\";l.querySelector&&d.addEventListener&&\"undefined\"!=typeof URL&&(d.wp=d.wp||{},d.wp.receiveEmbedMessage||(d.wp.receiveEmbedMessage=function(e){var t=e.data;if((t||t.secret||t.message||t.value)&&!\/[^a-zA-Z0-9]\/.test(t.secret)){for(var s,r,n,a=l.querySelectorAll('iframe[data-secret=\"'+t.secret+'\"]'),o=l.querySelectorAll('blockquote[data-secret=\"'+t.secret+'\"]'),c=new RegExp(\"^https?:$\",\"i\"),i=0;i<o.length;i++)o[i].style.display=\"none\";for(i=0;i<a.length;i++)s=a[i],e.source===s.contentWindow&&(s.removeAttribute(\"style\"),\"height\"===t.message?(1e3<(r=parseInt(t.value,10))?r=1e3:~~r<200&&(r=200),s.height=r):\"link\"===t.message&&(r=new URL(s.getAttribute(\"src\")),n=new URL(t.value),c.test(n.protocol))&&n.host===r.host&&l.activeElement===s&&(d.top.location.href=t.value))}},d.addEventListener(\"message\",d.wp.receiveEmbedMessage,!1),l.addEventListener(\"DOMContentLoaded\",function(){for(var e,t,s=l.querySelectorAll(\"iframe.wp-embedded-content\"),r=0;r<s.length;r++)(t=(e=s[r]).getAttribute(\"data-secret\"))||(t=Math.random().toString(36).substring(2,12),e.src+=\"#?secret=\"+t,e.setAttribute(\"data-secret\",t)),e.contentWindow.postMessage({message:\"ready\",secret:t},\"*\")},!1)))}(window,document);\n\/\/# sourceURL=https:\/\/www.gereso.com\/actualites\/wp-includes\/js\/wp-embed.min.js\n\/* ]]> *\/\n<\/script>\n","thumbnail_url":"https:\/\/www.gereso.com\/actualites\/wp-content\/uploads\/2024\/12\/gerer-talents-psychologie-positive.jpg","thumbnail_width":600,"thumbnail_height":400,"description":"Cet ouvrage offre une approche claire et structur\u00e9e pour attirer, recruter, manager et fid\u00e9liser les talents en mettant en avant les forces individuelles, tout en favorisant un environnement de travail \u00e9panouissant. L\u2019objectif : cr\u00e9er des organisations o\u00f9 chaque collaborateur trouve sa place, se sent valoris\u00e9 et contribue pleinement \u00e0 la performance collective. En s\u2019appuyant sur [&hellip;]"}

Équipe GERESO

Lu pour vous : « Gérer les talents avec la psychologie positive » - Le Blog GERESO

<blockquote class="wp-embedded-content" data-secret="ZCZhy0odnI"><a href="https://www.gereso.com/actualites/2024/12/17/lu-pour-vous-gerer-talents-psychologie-positive/">Lu pour vous : « Gérer les talents avec la psychologie positive »</a></blockquote><iframe sandbox="allow-scripts" security="restricted" src="https://www.gereso.com/actualites/2024/12/17/lu-pour-vous-gerer-talents-psychologie-positive/embed/#?secret=ZCZhy0odnI" width="600" height="338" title="« Lu pour vous : « Gérer les talents avec la psychologie positive » » &#8212; Le Blog GERESO" data-secret="ZCZhy0odnI" frameborder="0" marginwidth="0" marginheight="0" scrolling="no" class="wp-embedded-content"></iframe><script type="text/javascript">
/* <![CDATA[ */
/*! This file is auto-generated */
!function(d,l){"use strict";l.querySelector&&d.addEventListener&&"undefined"!=typeof URL&&(d.wp=d.wp||{},d.wp.receiveEmbedMessage||(d.wp.receiveEmbedMessage=function(e){var t=e.data;if((t||t.secret||t.message||t.value)&&!/[^a-zA-Z0-9]/.test(t.secret)){for(var s,r,n,a=l.querySelectorAll('iframe[data-secret="'+t.secret+'"]'),o=l.querySelectorAll('blockquote[data-secret="'+t.secret+'"]'),c=new RegExp("^https?:$","i"),i=0;i<o.length;i++)o[i].style.display="none";for(i=0;i<a.length;i++)s=a[i],e.source===s.contentWindow&&(s.removeAttribute("style"),"height"===t.message?(1e3<(r=parseInt(t.value,10))?r=1e3:~~r<200&&(r=200),s.height=r):"link"===t.message&&(r=new URL(s.getAttribute("src")),n=new URL(t.value),c.test(n.protocol))&&n.host===r.host&&l.activeElement===s&&(d.top.location.href=t.value))}},d.addEventListener("message",d.wp.receiveEmbedMessage,!1),l.addEventListener("DOMContentLoaded",function(){for(var e,t,s=l.querySelectorAll("iframe.wp-embedded-content"),r=0;r<s.length;r++)(t=(e=s[r]).getAttribute("data-secret"))||(t=Math.random().toString(36).substring(2,12),e.src+="#?secret="+t,e.setAttribute("data-secret",t)),e.contentWindow.postMessage({message:"ready",secret:t},"*")},!1)))}(window,document);
//# sourceURL=https://www.gereso.com/actualites/wp-includes/js/wp-embed.min.js
/* ]]> */
</script>

Cet ouvrage offre une approche claire et structurée pour attirer, recruter, manager et fidéliser les talents en mettant en avant les forces individuelles, tout en favorisant un environnement de travail épanouissant. L’objectif : créer des organisations où chaque collaborateur trouve sa place, se sent valorisé et contribue pleinement à la performance collective. En s’appuyant sur [&hellip;]
