{"version":"1.0","provider_name":"Le Blog GERESO","provider_url":"https:\/\/www.gereso.com\/actualites","author_name":"\u00c9quipe GERESO","author_url":"https:\/\/www.gereso.com\/actualites\/author\/gereso\/","title":"Fonction publique : modification du r\u00e9gime du temps partiel - Le Blog GERESO","type":"rich","width":600,"height":338,"html":"<blockquote class=\"wp-embedded-content\" data-secret=\"Q3p1tfVAaB\"><a href=\"https:\/\/www.gereso.com\/actualites\/2025\/02\/10\/fonction-publique-modification-regime-temps-partiel\/\">Fonction publique : modification du r\u00e9gime du temps partiel<\/a><\/blockquote><iframe sandbox=\"allow-scripts\" security=\"restricted\" src=\"https:\/\/www.gereso.com\/actualites\/2025\/02\/10\/fonction-publique-modification-regime-temps-partiel\/embed\/#?secret=Q3p1tfVAaB\" width=\"600\" height=\"338\" title=\"\u00ab\u00a0Fonction publique : modification du r\u00e9gime du temps partiel\u00a0\u00bb &#8212; Le Blog GERESO\" data-secret=\"Q3p1tfVAaB\" frameborder=\"0\" marginwidth=\"0\" marginheight=\"0\" scrolling=\"no\" class=\"wp-embedded-content\"><\/iframe><script type=\"text\/javascript\">\n\/* <![CDATA[ *\/\n\/*! This file is auto-generated *\/\n!function(d,l){\"use strict\";l.querySelector&&d.addEventListener&&\"undefined\"!=typeof URL&&(d.wp=d.wp||{},d.wp.receiveEmbedMessage||(d.wp.receiveEmbedMessage=function(e){var t=e.data;if((t||t.secret||t.message||t.value)&&!\/[^a-zA-Z0-9]\/.test(t.secret)){for(var s,r,n,a=l.querySelectorAll('iframe[data-secret=\"'+t.secret+'\"]'),o=l.querySelectorAll('blockquote[data-secret=\"'+t.secret+'\"]'),c=new RegExp(\"^https?:$\",\"i\"),i=0;i<o.length;i++)o[i].style.display=\"none\";for(i=0;i<a.length;i++)s=a[i],e.source===s.contentWindow&&(s.removeAttribute(\"style\"),\"height\"===t.message?(1e3<(r=parseInt(t.value,10))?r=1e3:~~r<200&&(r=200),s.height=r):\"link\"===t.message&&(r=new URL(s.getAttribute(\"src\")),n=new URL(t.value),c.test(n.protocol))&&n.host===r.host&&l.activeElement===s&&(d.top.location.href=t.value))}},d.addEventListener(\"message\",d.wp.receiveEmbedMessage,!1),l.addEventListener(\"DOMContentLoaded\",function(){for(var e,t,s=l.querySelectorAll(\"iframe.wp-embedded-content\"),r=0;r<s.length;r++)(t=(e=s[r]).getAttribute(\"data-secret\"))||(t=Math.random().toString(36).substring(2,12),e.src+=\"#?secret=\"+t,e.setAttribute(\"data-secret\",t)),e.contentWindow.postMessage({message:\"ready\",secret:t},\"*\")},!1)))}(window,document);\n\/\/# sourceURL=https:\/\/www.gereso.com\/actualites\/wp-includes\/js\/wp-embed.min.js\n\/* ]]> *\/\n<\/script>\n","thumbnail_url":"https:\/\/www.gereso.com\/actualites\/wp-content\/uploads\/2025\/02\/modification-temps-partiel-fonction-publique.jpg","thumbnail_width":600,"thumbnail_height":400,"description":"Premi\u00e8rement, le d\u00e9cret supprime la condition d\u2019un an d\u2019anciennet\u00e9 pour que les agents contractuels de droit public \u00e0 temps complet puissent b\u00e9n\u00e9ficier d\u2019un temps partiel sur autorisation. Deuxi\u00e8mement les nouvelles dispositions ouvrent le temps partiel sur autorisation aux fonctionnaires et aux agents contractuels \u00e0 temps non complet. La dur\u00e9e est \u00e9gale \u00e0 50 %, 60 [&hellip;]"}

Équipe GERESO

Fonction publique : modification du régime du temps partiel - Le Blog GERESO

<blockquote class="wp-embedded-content" data-secret="Q3p1tfVAaB"><a href="https://www.gereso.com/actualites/2025/02/10/fonction-publique-modification-regime-temps-partiel/">Fonction publique : modification du régime du temps partiel</a></blockquote><iframe sandbox="allow-scripts" security="restricted" src="https://www.gereso.com/actualites/2025/02/10/fonction-publique-modification-regime-temps-partiel/embed/#?secret=Q3p1tfVAaB" width="600" height="338" title="« Fonction publique : modification du régime du temps partiel » &#8212; Le Blog GERESO" data-secret="Q3p1tfVAaB" frameborder="0" marginwidth="0" marginheight="0" scrolling="no" class="wp-embedded-content"></iframe><script type="text/javascript">
/* <![CDATA[ */
/*! This file is auto-generated */
!function(d,l){"use strict";l.querySelector&&d.addEventListener&&"undefined"!=typeof URL&&(d.wp=d.wp||{},d.wp.receiveEmbedMessage||(d.wp.receiveEmbedMessage=function(e){var t=e.data;if((t||t.secret||t.message||t.value)&&!/[^a-zA-Z0-9]/.test(t.secret)){for(var s,r,n,a=l.querySelectorAll('iframe[data-secret="'+t.secret+'"]'),o=l.querySelectorAll('blockquote[data-secret="'+t.secret+'"]'),c=new RegExp("^https?:$","i"),i=0;i<o.length;i++)o[i].style.display="none";for(i=0;i<a.length;i++)s=a[i],e.source===s.contentWindow&&(s.removeAttribute("style"),"height"===t.message?(1e3<(r=parseInt(t.value,10))?r=1e3:~~r<200&&(r=200),s.height=r):"link"===t.message&&(r=new URL(s.getAttribute("src")),n=new URL(t.value),c.test(n.protocol))&&n.host===r.host&&l.activeElement===s&&(d.top.location.href=t.value))}},d.addEventListener("message",d.wp.receiveEmbedMessage,!1),l.addEventListener("DOMContentLoaded",function(){for(var e,t,s=l.querySelectorAll("iframe.wp-embedded-content"),r=0;r<s.length;r++)(t=(e=s[r]).getAttribute("data-secret"))||(t=Math.random().toString(36).substring(2,12),e.src+="#?secret="+t,e.setAttribute("data-secret",t)),e.contentWindow.postMessage({message:"ready",secret:t},"*")},!1)))}(window,document);
//# sourceURL=https://www.gereso.com/actualites/wp-includes/js/wp-embed.min.js
/* ]]> */
</script>

Premièrement, le décret supprime la condition d’un an d’ancienneté pour que les agents contractuels de droit public à temps complet puissent bénéficier d’un temps partiel sur autorisation. Deuxièmement les nouvelles dispositions ouvrent le temps partiel sur autorisation aux fonctionnaires et aux agents contractuels à temps non complet. La durée est égale à 50 %, 60 [&hellip;]
