{"version":"1.0","provider_name":"Le Blog GERESO","provider_url":"https:\/\/www.gereso.com\/actualites","author_name":"\u00c9quipe GERESO","author_url":"https:\/\/www.gereso.com\/actualites\/author\/gereso\/","title":"Et si la priorit\u00e9 formation 2026\u2026 c\u2019\u00e9tait le RH lui-m\u00eame ?\u00a0 - Le Blog GERESO","type":"rich","width":600,"height":338,"html":"<blockquote class=\"wp-embedded-content\" data-secret=\"TdGqsBzPPv\"><a href=\"https:\/\/www.gereso.com\/actualites\/2026\/01\/27\/priorite-formation-2026-rh\/\">Et si la priorit\u00e9 formation 2026\u2026 c\u2019\u00e9tait le RH lui-m\u00eame ?\u00a0<\/a><\/blockquote><iframe sandbox=\"allow-scripts\" security=\"restricted\" src=\"https:\/\/www.gereso.com\/actualites\/2026\/01\/27\/priorite-formation-2026-rh\/embed\/#?secret=TdGqsBzPPv\" width=\"600\" height=\"338\" title=\"\u00ab\u00a0Et si la priorit\u00e9 formation 2026\u2026 c\u2019\u00e9tait le RH lui-m\u00eame ?\u00a0\u00a0\u00bb &#8212; Le Blog GERESO\" data-secret=\"TdGqsBzPPv\" frameborder=\"0\" marginwidth=\"0\" marginheight=\"0\" scrolling=\"no\" class=\"wp-embedded-content\"><\/iframe><script type=\"text\/javascript\">\n\/* <![CDATA[ *\/\n\/*! This file is auto-generated *\/\n!function(d,l){\"use strict\";l.querySelector&&d.addEventListener&&\"undefined\"!=typeof URL&&(d.wp=d.wp||{},d.wp.receiveEmbedMessage||(d.wp.receiveEmbedMessage=function(e){var t=e.data;if((t||t.secret||t.message||t.value)&&!\/[^a-zA-Z0-9]\/.test(t.secret)){for(var s,r,n,a=l.querySelectorAll('iframe[data-secret=\"'+t.secret+'\"]'),o=l.querySelectorAll('blockquote[data-secret=\"'+t.secret+'\"]'),c=new RegExp(\"^https?:$\",\"i\"),i=0;i<o.length;i++)o[i].style.display=\"none\";for(i=0;i<a.length;i++)s=a[i],e.source===s.contentWindow&&(s.removeAttribute(\"style\"),\"height\"===t.message?(1e3<(r=parseInt(t.value,10))?r=1e3:~~r<200&&(r=200),s.height=r):\"link\"===t.message&&(r=new URL(s.getAttribute(\"src\")),n=new URL(t.value),c.test(n.protocol))&&n.host===r.host&&l.activeElement===s&&(d.top.location.href=t.value))}},d.addEventListener(\"message\",d.wp.receiveEmbedMessage,!1),l.addEventListener(\"DOMContentLoaded\",function(){for(var e,t,s=l.querySelectorAll(\"iframe.wp-embedded-content\"),r=0;r<s.length;r++)(t=(e=s[r]).getAttribute(\"data-secret\"))||(t=Math.random().toString(36).substring(2,12),e.src+=\"#?secret=\"+t,e.setAttribute(\"data-secret\",t)),e.contentWindow.postMessage({message:\"ready\",secret:t},\"*\")},!1)))}(window,document);\n\/\/# sourceURL=https:\/\/www.gereso.com\/actualites\/wp-includes\/js\/wp-embed.min.js\n\/* ]]> *\/\n<\/script>\n","thumbnail_url":"https:\/\/www.gereso.com\/actualites\/wp-content\/uploads\/2026\/01\/priorite-formation-2026-rh.jpg","thumbnail_width":600,"thumbnail_height":400,"description":"Une profession sous tension qui n&rsquo;a plus le temps de se former 93% des professionnels RH ont ressenti du stress au travail en 2025. Parmi eux, plus de la moiti\u00e9 qualifient ce stress de \u00ab tr\u00e8s \u00e9lev\u00e9 \u00bb. Le mot qui revient le plus pour d\u00e9crire l&rsquo;ann\u00e9e \u00e9coul\u00e9e ? \u00ab Exigeante \u00bb, cit\u00e9 par 67% [&hellip;]"}

Équipe GERESO

Et si la priorité formation 2026… c’était le RH lui-même ?  - Le Blog GERESO

<blockquote class="wp-embedded-content" data-secret="TdGqsBzPPv"><a href="https://www.gereso.com/actualites/2026/01/27/priorite-formation-2026-rh/">Et si la priorité formation 2026… c’était le RH lui-même ? </a></blockquote><iframe sandbox="allow-scripts" security="restricted" src="https://www.gereso.com/actualites/2026/01/27/priorite-formation-2026-rh/embed/#?secret=TdGqsBzPPv" width="600" height="338" title="« Et si la priorité formation 2026… c’était le RH lui-même ?  » &#8212; Le Blog GERESO" data-secret="TdGqsBzPPv" frameborder="0" marginwidth="0" marginheight="0" scrolling="no" class="wp-embedded-content"></iframe><script type="text/javascript">
/* <![CDATA[ */
/*! This file is auto-generated */
!function(d,l){"use strict";l.querySelector&&d.addEventListener&&"undefined"!=typeof URL&&(d.wp=d.wp||{},d.wp.receiveEmbedMessage||(d.wp.receiveEmbedMessage=function(e){var t=e.data;if((t||t.secret||t.message||t.value)&&!/[^a-zA-Z0-9]/.test(t.secret)){for(var s,r,n,a=l.querySelectorAll('iframe[data-secret="'+t.secret+'"]'),o=l.querySelectorAll('blockquote[data-secret="'+t.secret+'"]'),c=new RegExp("^https?:$","i"),i=0;i<o.length;i++)o[i].style.display="none";for(i=0;i<a.length;i++)s=a[i],e.source===s.contentWindow&&(s.removeAttribute("style"),"height"===t.message?(1e3<(r=parseInt(t.value,10))?r=1e3:~~r<200&&(r=200),s.height=r):"link"===t.message&&(r=new URL(s.getAttribute("src")),n=new URL(t.value),c.test(n.protocol))&&n.host===r.host&&l.activeElement===s&&(d.top.location.href=t.value))}},d.addEventListener("message",d.wp.receiveEmbedMessage,!1),l.addEventListener("DOMContentLoaded",function(){for(var e,t,s=l.querySelectorAll("iframe.wp-embedded-content"),r=0;r<s.length;r++)(t=(e=s[r]).getAttribute("data-secret"))||(t=Math.random().toString(36).substring(2,12),e.src+="#?secret="+t,e.setAttribute("data-secret",t)),e.contentWindow.postMessage({message:"ready",secret:t},"*")},!1)))}(window,document);
//# sourceURL=https://www.gereso.com/actualites/wp-includes/js/wp-embed.min.js
/* ]]> */
</script>

Une profession sous tension qui n&rsquo;a plus le temps de se former 93% des professionnels RH ont ressenti du stress au travail en 2025. Parmi eux, plus de la moitié qualifient ce stress de « très élevé ». Le mot qui revient le plus pour décrire l&rsquo;année écoulée ? « Exigeante », cité par 67% [&hellip;]
