{"id":4645,"date":"2016-01-13T19:43:45","date_gmt":"2016-01-13T18:43:45","guid":{"rendered":"https:\/\/www.gereso.com\/actualites\/?page_id=4645"},"modified":"2023-01-05T12:53:24","modified_gmt":"2023-01-05T10:53:24","slug":"charte","status":"publish","type":"page","link":"https:\/\/www.gereso.com\/actualites\/charte\/","title":{"rendered":"Charte"},"content":{"rendered":"<h2>I &#8211; PRESENTATION<\/h2>\n<p>GERESO, expert en formation, conseil et \u00e9dition dans le domaine des ressources humaines, se dote aujourd&rsquo;hui d&rsquo;un nouvel outil pour faire partager aux professionnels des secteurs priv\u00e9 et public l&rsquo;expertise de ses consultants et auteurs : le blog \u00ab\u00a0gereso.com\/actualites\/\u00a0\u00bb.<\/p>\n<p>\u00c0 travers ce blog, les experts GERESO se proposent d&rsquo;apporter leur regard avis\u00e9 sur les grandes tendances RH, les actualit\u00e9s et les enjeux de la fonction RH dans les secteur priv\u00e9 et public.<\/p>\n<p>Que va t&rsquo;on trouver sur ce blog ?<\/p>\n<ul>\n<li>des analyses de fond, des billets d&rsquo;experts<\/li>\n<li>des articles, des techniques, des outils de \u00ab\u00a0savoir-faire\u00a0\u00bb ou \u00ab\u00a0savoir-\u00eatre\u00a0\u00bb pour de progresser dans son travail ou sa vie personnelle<\/li>\n<li>des contenus autour des domaines d&rsquo;expertise des consultants et auteurs GERESO : \u00a0ressources humaines, management, d\u00e9veloppement personnel et efficacit\u00e9 professionnelle, et \u00e9galement\u00a0 sur des sujets plus larges, int\u00e9ressant les professionnels de l&rsquo;entreprise et des \u00e9tablissements publics.<\/li>\n<li>des t\u00e9moignages et exp\u00e9riences de consultants et auteurs sp\u00e9cialis\u00e9s<\/li>\n<\/ul>\n<p><strong>Ce blog n\u2019a qu\u2019un seul objectif\u00a0<\/strong>: proposer aux professionnels des services RH, des services transverses en entreprise et aux particuliers int\u00e9ress\u00e9s par les th\u00e9matiques RH des secteurs priv\u00e9 et public, une analyse \u00e9tay\u00e9e par le traitement de th\u00e9matiques professionnelles \u00e0 enjeu en y apportant un r\u00e9el point de vue de professionnel et argument\u00e9.<\/p>\n<p>Nous esp\u00e9rons vraiment vous y aider. Car \u00eatre BIEN CONSEILLER et BIEN FORMER, c\u2019est le souhait de toute l\u2019\u00e9quipe GERESO.<\/p>\n<h2>II &#8211; PARTICIPATION<\/h2>\n<p>Tout internaute a la possibilit\u00e9 d\u2019\u00e9diter et de publier, sous sa pleine et enti\u00e8re responsabilit\u00e9, des notes personnelles, des commentaires sur l\u2019ensemble des \u00ab\u00a0billets\u00a0\u00bb \u00e9crits par l\u2019\u00e9quipe des consultants et auteurs <strong>GERESO<\/strong>.<\/p>\n<p>La cr\u00e9ation d\u2019un commentaire est libre, dans la mesure o\u00f9 ce commentaire est pertinent par rapport \u00e0 la note \u00e0 laquelle il se rapporte. Il faut savoir que les commentaires sont mod\u00e9r\u00e9s par l\u2019administrateur du blog gereso.com\/actualites\/<\/p>\n<p>Les contenus des liens et commentaires textuels ne devront pas \u00eatre contraires aux bonnes m\u0153urs, \u00e0 l\u2019ordre public, ni aux lois et r\u00e9glementations en vigueur. Ils devront par ailleurs \u00eatre libres de tout droit et seront sous l\u2019enti\u00e8re responsabilit\u00e9 de leur auteur.<\/p>\n<h2>III &#8211; R\u00c8GLES DE CONDUITE<\/h2>\n<p><strong>Les comportements suivants sont proscrits sur le blog gereso.com\/actualites\/ <\/strong>:<\/p>\n<ul>\n<li>Les activit\u00e9s ill\u00e9gales sous toutes leurs formes, notamment la copie ou la distribution non autoris\u00e9e de logiciels, de photos et d\u2019images, le harc\u00e8lement, la fraude, les trafics prohib\u00e9s, la diffamation, la discrimination raciale, l\u2019incitation \u00e0 la violence ou \u00e0 la haine.<\/li>\n<li>La publication de contenus contrevenant aux droits d\u2019autrui ou \u00e0 caract\u00e8re diffamatoire, les propos injurieux, obsc\u00e8nes ou offensants.<\/li>\n<li>La violence ou l\u2019incitation \u00e0 la violence politique, raciste ou x\u00e9nophobe, la pornographie, la p\u00e9dophilie, le r\u00e9visionnisme et le n\u00e9gationnisme.<\/li>\n<li>La divulgation d\u2019informations permettant l\u2019identification nominative et pr\u00e9cise de membres \u201cbloggeurs\u201d, tels que le nom de famille, l\u2019adresse postale, l\u2019adresse \u00e9lectronique, le num\u00e9ro de t\u00e9l\u00e9phone.<\/li>\n<li>Le d\u00e9tournement du service du Blog <strong>gereso.com\/actualites\/<\/strong> pour faire de la propagande ou du pros\u00e9lytisme, \u00e0 des fins professionnelles ou commerciales (prospection, racolage ou prostitution), et la contrefa\u00e7on de marques d\u00e9pos\u00e9es.<\/li>\n<\/ul>\n<h2>IV &#8211; MODERATION<\/h2>\n<p>GERESO se r\u00e9serve le droit de suspendre l\u2019acc\u00e8s et la diffusion de tout ou partie d\u2019un commentaire et\/ou billet qui violerait les lois et r\u00e8glements en vigueur ou les bonnes m\u0153urs ou encore faisant l\u2019objet de r\u00e9clamation par des tiers.<\/p>\n<h2>V &#8211; CONFIDENTIALITE ET PROTECTION DES DONNEES A CARACTERE PERSONNEL<\/h2>\n<p>GERESO tient \u00e0 rappeler son engagement \u00e0 respecter scrupuleusement la confiance que vous lui accordez et \u00e0 appliquer les obligations de la loi 78-17 du 6 janvier 1978 relative \u00e0 l\u2019informatique, aux fichiers et aux libert\u00e9s modifi\u00e9es par la loi du 6 ao\u00fbt 2004.<\/p>\n<div id=\"cookies\">\n<h2>VI &#8211; POLITIQUE D&rsquo;UTILISATION DE COOKIES<\/h2>\n<h3><strong>Qu\u2019est-ce qu\u2019un cookie ?<\/strong><\/h3>\n<p>Un cookie est un petit fichier texte contenant des informations, qui est enregistr\u00e9 sur le disque dur de votre terminal \u00e0 l\u2019occasion de la consultation d\u2019un site Internet gr\u00e2ce \u00e0 votre logiciel de navigation. Le fichier cookie permet \u00e0 son \u00e9metteur d\u2019identifier le terminal dans lequel il est enregistr\u00e9 pendant la dur\u00e9e de validit\u00e9 ou d\u2019enregistrement du cookie concern\u00e9.<\/p>\n<h3><strong>Pourquoi GERESO utilise des cookies\u00a0?<\/strong><\/h3>\n<p>Nous utilisons 3 cat\u00e9gories de cookies dont les finalit\u00e9s sont d\u00e9crites ci-apr\u00e8s.<\/p>\n<h4><strong>Les cookies n\u00e9cessaires<\/strong><\/h4>\n<p>Cette cat\u00e9gorie de cookies est indispensable au bon fonctionnement de notre site et permet d\u2019optimiser les fonctions de base de notre site.<\/p>\n<p><em>Cookies de fonctionnalit\u00e9 utilis\u00e9s par GERESO\u00a0:<\/em><\/p>\n<ul>\n<li>Cookies de monitoring du site internet gr\u00e2ce aux sessions visiteurs (dur\u00e9e de vie\u00a0: temps de la session)<\/li>\n<li>Cookies li\u00e9s \u00e0 l\u2019affichage du bandeau sur la r\u00e9glementation des cookies (dur\u00e9e de vie\u00a0: 12 mois)<\/li>\n<li>Cookies li\u00e9s aux pr\u00e9f\u00e9rences d\u2019affichage du chat en ligne GERESO (dur\u00e9e de vie\u00a0: 12 mois)<\/li>\n<\/ul>\n<h4><strong> Les cookies statistiques<\/strong><\/h4>\n<p>Ces cookies permettent de recueillir des informations sur la fa\u00e7on dont les visiteurs utilisent notre site. La collecte de ces informations est enti\u00e8rement anonyme et aide \u00e0 l\u2019interpr\u00e9tation et l\u2019optimisation des interactions visiteurs \u2013 site.<\/p>\n<p><em>Cookies statistiques utilis\u00e9s par GERESO\u00a0:<\/em><\/p>\n<ul>\n<li>Cookies d\u2019analyse statistiques et de mesure d\u2019audience (pages consult\u00e9es, temps de session, termes recherch\u00e9s, etc\u2026) (dur\u00e9e de vie\u00a0: 24 mois)<\/li>\n<\/ul>\n<h4><strong> Les cookies de partage<\/strong><\/h4>\n<p>Notre site contient des liens de partage vers les r\u00e9seaux sociaux Facebook et Twitter, qui vous permettent de partager des contenus de notre site avec d\u2019autres personnes. Lorsque vous utilisez ces boutons de partage, des cookies tiers sont install\u00e9s. Si vous \u00eates connect\u00e9s au r\u00e9seau social lors de votre navigation sur notre site, les boutons de partage permettent de relier les contenus consult\u00e9s \u00e0 votre compte utilisateur.<\/p>\n<h3><strong>Comment g\u00e9rer les cookies ?<\/strong><\/h3>\n<p>Plusieurs possibilit\u00e9s vous sont offertes pour g\u00e9rer les cookies. Tout param\u00e9trage que vous pouvez entreprendre \u00e0 tout moment sera susceptible de modifier votre navigation sur Internet et vos conditions d\u2019acc\u00e8s \u00e0 certains services n\u00e9cessitant l\u2019utilisation de Cookies.<\/p>\n<h4><strong>Param\u00e9trage de votre navigateur <\/strong>(liste non exhaustive)<\/h4>\n<p>Pour Chrome :\u00a0<a href=\"https:\/\/support.google.com\/chrome\/answer\/95647?hl=fr&amp;hlrm=en\">https:\/\/support.google.com\/chrome\/answer\/95647?hl=fr&amp;hlrm=en<\/a><br \/>\nPour Internet Explorer :\u00a0<a href=\"http:\/\/windows.microsoft.com\/fr-FR\/windows-vista\/Block-or-allow-Cookies\">http:\/\/windows.microsoft.com\/fr-FR\/windows-vista\/Block-or-allow-Cookies<\/a><br \/>\nPour FireFox :\u00a0<a href=\"http:\/\/support.mozilla.org\/fr\/kb\/cookies-informations-sites-enregistrent?redirectlocale=fr&amp;redirectslug=G%C3%A9rer+les+cookies\">http:\/\/support.mozilla.org\/fr\/kb\/cookies-informations-sites-enregistrent?redirectlocale=fr&amp;redirectslug=G%C3%A9rer+les+cookies<\/a><\/p>\n<h3><strong>Plus d\u2019information sur les cookies<\/strong><\/h3>\n<p>Pour plus d\u2019information sur les cookies, vous pouvez vous rendre sur le site de la CNIL, \u00e0 cette adresse :\u00a0http:\/\/www.cnil.fr\/vos-droits\/vos-traces\/les-cookies\/<\/p>\n<\/div>\n<p>Bonne consultation\u00a0!<\/p>\n","protected":false},"excerpt":{"rendered":"<p>I &#8211; PRESENTATION GERESO, expert en formation, conseil et \u00e9dition dans le domaine des ressources humaines, se dote aujourd&rsquo;hui d&rsquo;un nouvel outil pour faire partager aux professionnels des secteurs priv\u00e9 et public l&rsquo;expertise de ses consultants et auteurs : le blog \u00ab\u00a0gereso.com\/actualites\/\u00a0\u00bb. \u00c0 travers ce blog, les experts GERESO se proposent d&rsquo;apporter leur regard avis\u00e9 [&hellip;]<\/p>\n","protected":false},"author":1,"featured_media":0,"parent":0,"menu_order":0,"comment_status":"closed","ping_status":"closed","template":"","meta":{"_acf_changed":false,"_mi_skip_tracking":false,"footnotes":""},"class_list":["post-4645","page","type-page","status-publish","hentry"],"acf":[],"yoast_head":"<!-- This site is optimized with the Yoast SEO plugin v23.4 - https:\/\/yoast.com\/wordpress\/plugins\/seo\/ -->\n<title>Charte - Le Blog GERESO<\/title>\n<meta name=\"robots\" content=\"index, follow, max-snippet:-1, max-image-preview:large, max-video-preview:-1\" \/>\n<link rel=\"canonical\" href=\"https:\/\/www.gereso.com\/actualites\/charte\/\" \/>\n<meta property=\"og:locale\" content=\"fr_FR\" \/>\n<meta property=\"og:type\" content=\"article\" \/>\n<meta property=\"og:title\" content=\"Charte - Le Blog GERESO\" \/>\n<meta property=\"og:description\" content=\"I &#8211; PRESENTATION GERESO, expert en formation, conseil et \u00e9dition dans le domaine des ressources humaines, se dote aujourd&rsquo;hui d&rsquo;un nouvel outil pour faire partager aux professionnels des secteurs priv\u00e9 et public l&rsquo;expertise de ses consultants et auteurs : le blog \u00ab\u00a0gereso.com\/actualites\/\u00a0\u00bb. \u00c0 travers ce blog, les experts GERESO se proposent d&rsquo;apporter leur regard avis\u00e9 [&hellip;]\" \/>\n<meta property=\"og:url\" content=\"https:\/\/www.gereso.com\/actualites\/charte\/\" \/>\n<meta property=\"og:site_name\" content=\"Le Blog GERESO\" \/>\n<meta property=\"article:modified_time\" content=\"2023-01-05T10:53:24+00:00\" \/>\n<meta name=\"twitter:card\" content=\"summary_large_image\" \/>\n<script type=\"application\/ld+json\" class=\"yoast-schema-graph\">{\"@context\":\"https:\/\/schema.org\",\"@graph\":[{\"@type\":\"WebPage\",\"@id\":\"https:\/\/www.gereso.com\/actualites\/charte\/\",\"url\":\"https:\/\/www.gereso.com\/actualites\/charte\/\",\"name\":\"Charte - Le Blog GERESO\",\"isPartOf\":{\"@id\":\"https:\/\/www.gereso.com\/actualites\/#website\"},\"datePublished\":\"2016-01-13T18:43:45+00:00\",\"dateModified\":\"2023-01-05T10:53:24+00:00\",\"breadcrumb\":{\"@id\":\"https:\/\/www.gereso.com\/actualites\/charte\/#breadcrumb\"},\"inLanguage\":\"fr-FR\",\"potentialAction\":[{\"@type\":\"ReadAction\",\"target\":[\"https:\/\/www.gereso.com\/actualites\/charte\/\"]}]},{\"@type\":\"BreadcrumbList\",\"@id\":\"https:\/\/www.gereso.com\/actualites\/charte\/#breadcrumb\",\"itemListElement\":[{\"@type\":\"ListItem\",\"position\":1,\"name\":\"Home\",\"item\":\"https:\/\/www.gereso.com\/actualites\/\"},{\"@type\":\"ListItem\",\"position\":2,\"name\":\"Charte\"}]},{\"@type\":\"WebSite\",\"@id\":\"https:\/\/www.gereso.com\/actualites\/#website\",\"url\":\"https:\/\/www.gereso.com\/actualites\/\",\"name\":\"Le Blog GERESO\",\"description\":\"Toute l&#039;actu RH, Finance, Fonction Publique, Management...\",\"potentialAction\":[{\"@type\":\"SearchAction\",\"target\":{\"@type\":\"EntryPoint\",\"urlTemplate\":\"https:\/\/www.gereso.com\/actualites\/?s={search_term_string}\"},\"query-input\":{\"@type\":\"PropertyValueSpecification\",\"valueRequired\":true,\"valueName\":\"search_term_string\"}}],\"inLanguage\":\"fr-FR\"}]}<\/script>\n<!-- \/ Yoast SEO plugin. -->","yoast_head_json":{"title":"Charte - Le Blog GERESO","robots":{"index":"index","follow":"follow","max-snippet":"max-snippet:-1","max-image-preview":"max-image-preview:large","max-video-preview":"max-video-preview:-1"},"canonical":"https:\/\/www.gereso.com\/actualites\/charte\/","og_locale":"fr_FR","og_type":"article","og_title":"Charte - Le Blog GERESO","og_description":"I &#8211; PRESENTATION GERESO, expert en formation, conseil et \u00e9dition dans le domaine des ressources humaines, se dote aujourd&rsquo;hui d&rsquo;un nouvel outil pour faire partager aux professionnels des secteurs priv\u00e9 et public l&rsquo;expertise de ses consultants et auteurs : le blog \u00ab\u00a0gereso.com\/actualites\/\u00a0\u00bb. \u00c0 travers ce blog, les experts GERESO se proposent d&rsquo;apporter leur regard avis\u00e9 [&hellip;]","og_url":"https:\/\/www.gereso.com\/actualites\/charte\/","og_site_name":"Le Blog GERESO","article_modified_time":"2023-01-05T10:53:24+00:00","twitter_card":"summary_large_image","schema":{"@context":"https:\/\/schema.org","@graph":[{"@type":"WebPage","@id":"https:\/\/www.gereso.com\/actualites\/charte\/","url":"https:\/\/www.gereso.com\/actualites\/charte\/","name":"Charte - Le Blog GERESO","isPartOf":{"@id":"https:\/\/www.gereso.com\/actualites\/#website"},"datePublished":"2016-01-13T18:43:45+00:00","dateModified":"2023-01-05T10:53:24+00:00","breadcrumb":{"@id":"https:\/\/www.gereso.com\/actualites\/charte\/#breadcrumb"},"inLanguage":"fr-FR","potentialAction":[{"@type":"ReadAction","target":["https:\/\/www.gereso.com\/actualites\/charte\/"]}]},{"@type":"BreadcrumbList","@id":"https:\/\/www.gereso.com\/actualites\/charte\/#breadcrumb","itemListElement":[{"@type":"ListItem","position":1,"name":"Home","item":"https:\/\/www.gereso.com\/actualites\/"},{"@type":"ListItem","position":2,"name":"Charte"}]},{"@type":"WebSite","@id":"https:\/\/www.gereso.com\/actualites\/#website","url":"https:\/\/www.gereso.com\/actualites\/","name":"Le Blog GERESO","description":"Toute l&#039;actu RH, Finance, Fonction Publique, Management...","potentialAction":[{"@type":"SearchAction","target":{"@type":"EntryPoint","urlTemplate":"https:\/\/www.gereso.com\/actualites\/?s={search_term_string}"},"query-input":{"@type":"PropertyValueSpecification","valueRequired":true,"valueName":"search_term_string"}}],"inLanguage":"fr-FR"}]}},"_links":{"self":[{"href":"https:\/\/www.gereso.com\/actualites\/wp-json\/wp\/v2\/pages\/4645","targetHints":{"allow":["GET"]}}],"collection":[{"href":"https:\/\/www.gereso.com\/actualites\/wp-json\/wp\/v2\/pages"}],"about":[{"href":"https:\/\/www.gereso.com\/actualites\/wp-json\/wp\/v2\/types\/page"}],"author":[{"embeddable":true,"href":"https:\/\/www.gereso.com\/actualites\/wp-json\/wp\/v2\/users\/1"}],"replies":[{"embeddable":true,"href":"https:\/\/www.gereso.com\/actualites\/wp-json\/wp\/v2\/comments?post=4645"}],"version-history":[{"count":7,"href":"https:\/\/www.gereso.com\/actualites\/wp-json\/wp\/v2\/pages\/4645\/revisions"}],"predecessor-version":[{"id":44732,"href":"https:\/\/www.gereso.com\/actualites\/wp-json\/wp\/v2\/pages\/4645\/revisions\/44732"}],"wp:attachment":[{"href":"https:\/\/www.gereso.com\/actualites\/wp-json\/wp\/v2\/media?parent=4645"}],"curies":[{"name":"wp","href":"https:\/\/api.w.org\/{rel}","templated":true}]}}